000
CXUS54 KSJT 042258
CF6ABI
PRELIMINARY LOCAL CLIMATOLOGICAL DATA (WS FORM: F-6)
STATION: ABILENE
MONTH: OCTOBER
YEAR: 2020
LATITUDE: 32 25 N
LONGITUDE: 99 41 W
TEMPERATURE IN F: :PCPN: SNOW: WIND :SUNSHINE: SKY :PK WND
================================================================================
1 2 3 4 5 6A 6B 7 8 9 10 11 12 13 14 15 16 17 18
12Z AVG MX 2MIN
DY MAX MIN AVG DEP HDD CDD WTR SNW DPTH SPD SPD DIR MIN PSBL S-S WX SPD DR
================================================================================
1 81 49 65 -5 0 0 0.00 0.0 0 8.2 18 80 M M 0 24 60
2 82 48 65 -5 0 0 0.00 0.0 0 9.4 20 140 M M 0 27 160
3 87 58 73 3 0 8 0.00 0.0 0 10.0 21 200 M M 0 28 200
4 80 54 67 -2 0 2 0.00 0.0 0 7.7 14 60 M M 0 26 60
5 88 57 73 4 0 8 0.00 0.0 0 11.8 18 190 M M 0 27 150
6 90 61 76 7 0 11 0.00 0.0 0 6.4 14 170 M M 0 18 170
7 91 63 77 9 0 12 0.00 0.0 0 7.2 14 130 M M 0 19 170
8 88 62 75 7 0 10 0.00 0.0 0 8.6 17 140 M M 0 8 21 140
9 86 63 75 7 0 10 0.00 0.0 0 8.1 15 160 M M 2 1 20 160
10 95 63 79 11 0 14 0.00 0.0 0 9.3 17 210 M M 0 23 200
11 100 66 83 16 0 18 0.00 0.0 0 8.9 17 200 M M 0 24 210
12 80 52 66 -1 0 1 0.00 0.0 0 10.2 33 360 M M 2 8 43 360
13 87 50 69 2 0 4 0.00 0.0 0 9.2 17 170 M M 0 24 190
14 96 68 82 16 0 17 0.00 0.0 0 15.0 24 220 M M 0 33 210
15 78 59 69 3 0 4 0.00 0.0 0 14.7 28 10 M M 2 42 30
16 72 44 58 -8 7 0 0.00 0.0 0 8.1 16 90 M M 0 22 60
17 86 53 70 4 0 5 0.00 0.0 0 16.0 29 200 M M 0 40 190
18 86 48 67 2 0 2 0.00 0.0 0 14.5 25 350 M M 0 33 170
19 64 47 56 -9 9 0 0.00 0.0 0 6.0 12 350 M M 6 1 15 340
20 89 53 71 6 0 6 0.00 0.0 0 10.4 25 190 M M 5 1 33 180
21 87 64 76 12 0 11 0.00 0.0 0 15.0 23 160 M M 0 32 150
22 88 67 78 14 0 13 0.00 0.0 0 15.1 28 190 M M 1 41 200
23 72 46 59 -5 6 0 0.00 0.0 0 16.2 29 350 M M 8 8 39 350
24 67 38 53 -10 12 0 0.00 0.0 0 6.8 17 140 M M 3 24 140
25 80 48 64 1 1 0 0.04 0.0 0 11.9 25 350 M M 3 18 31 350
26 48 29 39 -24 26 0 0.18 T 0 17.9 26 360 M M 10 1 34 350
27 32 29 31 -31 34 0 0.56 0.8 1 14.8 22 10 M M 10 1 30 350
28 47 32 40 -22 25 0 0.02 T 0 12.6 22 280 M M 8 1 29 280
29 62 40 51 -11 14 0 0.00 0.0 0 15.0 29 340 M M 6 40 310
30 69 33 51 -10 14 0 0.00 0.0 0 6.0 12 160 M M 0 17 150
31 78 41 60 -1 5 0 T 0.0 0 8.6 23 210 M M 0 31 200
================================================================================
SM 2436 1585 153 156 0.80 0.8 339.6 M 66
================================================================================
AV 78.6 51.1 11.0 FASTST M M 2 MAX(MPH)
MISC ----> 33 360 43 360
================================================================================
NOTES:
# LAST OF SEVERAL OCCURRENCES
COLUMN 17 PEAK WIND IN M.P.H.
PRELIMINARY LOCAL CLIMATOLOGICAL DATA (WS FORM: F-6) , PAGE 2
STATION: ABILENE
MONTH: OCTOBER
YEAR: 2020
LATITUDE: 32 25 N
LONGITUDE: 99 41 W
[TEMPERATURE DATA] [PRECIPITATION DATA] SYMBOLS USED IN COLUMN 16
AVERAGE MONTHLY: 64.9 TOTAL FOR MONTH: 0.80 1 = FOG OR MIST
DPTR FM NORMAL: -0.9 DPTR FM NORMAL: -2.18 2 = FOG REDUCING VISIBILITY
HIGHEST: 100 ON 11 GRTST 24HR 0.56 ON 27-27 TO 1/4 MILE OR LESS
LOWEST: 29 ON 27,26 3 = THUNDER
SNOW, ICE PELLETS, HAIL 4 = ICE PELLETS
TOTAL MONTH: 0.8 INCH 5 = HAIL
GRTST 24HR 0.8 ON 27-27 6 = FREEZING RAIN OR DRIZZLE
GRTST DEPTH: 1 ON 27 7 = DUSTSTORM OR SANDSTORM:
VSBY 1/2 MILE OR LESS
8 = SMOKE OR HAZE
[NO. OF DAYS WITH] [WEATHER - DAYS WITH] 9 = BLOWING SNOW
X = TORNADO
MAX 32 OR BELOW: 1 0.01 INCH OR MORE: 4
MAX 90 OR ABOVE: 5 0.10 INCH OR MORE: 2
MIN 32 OR BELOW: 3 0.50 INCH OR MORE: 1
MIN 0 OR BELOW: 0 1.00 INCH OR MORE: 0
[HDD (BASE 65) ]
TOTAL THIS MO. 153 CLEAR (SCALE 0-3) 23
DPTR FM NORMAL 60 PTCLDY (SCALE 4-7) 6
TOTAL FM JUL 1 185 CLOUDY (SCALE 8-10) 2
DPTR FM NORMAL 81
[CDD (BASE 65) ]
TOTAL THIS MO. 156
DPTR FM NORMAL 38 [PRESSURE DATA]
TOTAL FM JAN 1 2734 HIGHEST SLP 30.39 ON 16
DPTR FM NORMAL 345 LOWEST SLP 29.64 ON 15
[REMARKS]
#FINAL-10-20#