000
CXUS55 KABQ 011110
CF6ABQ
PRELIMINARY LOCAL CLIMATOLOGICAL DATA (WS FORM: F-6)
STATION: ALBUQUERQUE NM
MONTH: DECEMBER
YEAR: 2021
LATITUDE: 35 2 N
LONGITUDE: 106 37 W
TEMPERATURE IN F: :PCPN: SNOW: WIND :SUNSHINE: SKY :PK WND
================================================================================
1 2 3 4 5 6A 6B 7 8 9 10 11 12 13 14 15 16 17 18
12Z AVG MX 2MIN
DY MAX MIN AVG DEP HDD CDD WTR SNW DPTH SPD SPD DIR MIN PSBL S-S WX SPD DR
================================================================================
1 63 33 48 8 17 0 0.00 0.0 0 3.1 8 330 M M 3 12 320
2 64 31 48 8 17 0 0.00 0.0 0 3.2 9 120 M M 4 10 240
3 65 34 50 11 15 0 0.00 0.0 0 2.5 9 60 M M 1 9 60
4 61 37 49 10 16 0 0.00 0.0 0 5.2 13 10 M M 1 18 10
5 63 31 47 8 18 0 0.00 0.0 0 4.0 14 290 M M 0 16 330
6 53 32 43 5 22 0 0.00 0.0 0 6.4 17 180 M M 4 22 170
7 53 37 45 7 20 0 0.00 0.0 0 7.7 20 340 M M 8 28 350
8 49 29 39 1 26 0 0.00 0.0 0 4.5 14 230 M M 7 17 220
9 60 33 47 9 18 0 0.00 0.0 0 8.1 18 240 M M 4 26 240
10 49 28 39 2 26 0 T 0.0 0 18.7 38 290 M M 6 49 290
11 42 16 29 -8 36 0 0.00 0.0 0 2.8 10 330 M M 1 13 340
12 48 17 33 -4 32 0 0.00 0.0 0 5.0 12 20 M M 1 14 360
13 54 20 37 0 28 0 0.00 0.0 0 3.4 14 350 M M 5 20 360
14 55 32 44 7 21 0 0.03 0.0 0 4.6 14 280 M M 8 19 340
15 53 34 44 7 21 0 T 0.0 0 15.3 39 280 M M 3 56 280
16 49 23 36 0 29 0 0.00 0.0 0 5.0 15 360 M M 1 18 340
17 50 25 38 2 27 0 0.00 0.0 0 8.6 22 340 M M 2 28 330
18 44 23 34 -2 31 0 0.00 0.0 0 5.9 16 360 M M 1 20 360
19 44 18 31 -5 34 0 0.00 0.0 0 3.3 9 20 M M 0 14 310
20 53 22 38 2 27 0 0.00 0.0 0 2.3 9 10 M M 0 12 30
21 53 27 40 4 25 0 0.00 0.0 0 3.2 9 360 M M 7 14 340
22 58 25 42 6 23 0 0.00 0.0 0 3.2 10 360 M M 5 13 360
23 60 34 47 11 18 0 0.00 0.0 0 4.8 16 180 M M 7 23 170
24 51 40 46 10 19 0 T 0.0 0 10.1 25 230 M M 9 39 260
25 55 36 46 10 19 0 T 0.0 0 4.4 12 210 M M 8 16 220
26 61 32 47 11 18 0 0.00 0.0 0 12.7 37 280 M M 7 48 260
27 49 29 39 3 26 0 0.00 0.0 0 7.5 21 210 M M 8 30 210
28 48 36 42 6 23 0 0.00 0.0 0 11.5 22 250 M M 9 31 260
29 47 30 39 3 26 0 0.01 0.1 0 10.0 24 300 M M 6 1 32 270
30 47 32 40 4 25 0 0.00 0.0 0 6.9 18 240 M M 9 22 240
31 48 31 40 4 25 0 0.16 0.0 0 13.4 33 180 M M 8 1 45 170
================================================================================
SM 1649 907 728 0 0.20 0.1 207.3 M 143
================================================================================
AV 53.2 29.3 6.7 FASTST M M 5 MAX(MPH)
MISC ----> 39 280 56 280
================================================================================
NOTES:
# LAST OF SEVERAL OCCURRENCES
COLUMN 17 PEAK WIND IN M.P.H.
PRELIMINARY LOCAL CLIMATOLOGICAL DATA (WS FORM: F-6) , PAGE 2
STATION: ALBUQUERQUE NM
MONTH: DECEMBER
YEAR: 2021
LATITUDE: 35 2 N
LONGITUDE: 106 37 W
[TEMPERATURE DATA] [PRECIPITATION DATA] SYMBOLS USED IN COLUMN 16
AVERAGE MONTHLY: 41.2 TOTAL FOR MONTH: 0.20 1 = FOG OR MIST
DPTR FM NORMAL: 4.3 DPTR FM NORMAL: -0.33 2 = FOG REDUCING VISIBILITY
HIGHEST: 65 ON 3 GRTST 24HR 0.16 ON 31-31 TO 1/4 MILE OR LESS
LOWEST: 16 ON 11 3 = THUNDER
SNOW, ICE PELLETS, HAIL 4 = ICE PELLETS
TOTAL MONTH: 0.1 INCH 5 = HAIL
GRTST 24HR 0.1 ON 29-29 6 = FREEZING RAIN OR DRIZZLE
GRTST DEPTH: 0 7 = DUSTSTORM OR SANDSTORM:
VSBY 1/2 MILE OR LESS
8 = SMOKE OR HAZE
[NO. OF DAYS WITH] [WEATHER - DAYS WITH] 9 = BLOWING SNOW
X = TORNADO
MAX 32 OR BELOW: 0 0.01 INCH OR MORE: 3
MAX 90 OR ABOVE: 0 0.10 INCH OR MORE: 1
MIN 32 OR BELOW: 21 0.50 INCH OR MORE: 0
MIN 0 OR BELOW: 0 1.00 INCH OR MORE: 0
[HDD (BASE 65) ]
TOTAL THIS MO. 728 CLEAR (SCALE 0-3) 11
DPTR FM NORMAL -142 PTCLDY (SCALE 4-7) 15
TOTAL FM JUL 1 1385 CLOUDY (SCALE 8-10) 5
DPTR FM NORMAL -303
[CDD (BASE 65) ]
TOTAL THIS MO. 0
DPTR FM NORMAL 0 [PRESSURE DATA]
TOTAL FM JAN 1 1626 HIGHEST SLP 30.40 ON 19
DPTR FM NORMAL 190 LOWEST SLP 29.44 ON 31
[REMARKS]
#FINAL-12-21#