000
CXUS56 KEKA 011610
CF6ACV
PRELIMINARY LOCAL CLIMATOLOGICAL DATA (WS FORM: F-6)
STATION: ARCATA CA
MONTH: JULY
YEAR: 2020
LATITUDE: 40 58 N
LONGITUDE: 124 6 W
TEMPERATURE IN F: :PCPN: SNOW: WIND :SUNSHINE: SKY :PK WND
================================================================================
1 2 3 4 5 6A 6B 7 8 9 10 11 12 13 14 15 16 17 18
12Z AVG MX 2MIN
DY MAX MIN AVG DEP HDD CDD WTR SNW DPTH SPD SPD DIR MIN PSBL S-S WX SPD DR
================================================================================
1 70 50 60 5 5 0 0.00 0.0 0 8.5 25 330 M M 4 8 32 340
2 64 48 56 1 9 0 0.00 0.0 0 6.1 17 330 M M 3 18 24 320
3 64 53 59 4 6 0 0.00 0.0 0 7.1 17 330 M M 5 8 31 290
4 68 47 58 3 7 0 0.00 0.0 0 9.0 21 340 M M 0 32 10
5 M M M M M M M M M M M M M M M M M
6 64 54 59 4 6 0 T 0.0 0 7.1 17 250 M M 10 23 230
7 70 48 59 3 6 0 0.00 0.0 0 9.3 23 330 M M 0 30 290
8 65 52 59 3 6 0 0.00 0.0 0 7.1 20 320 M M 6 8 32 250
9 64 55 60 4 5 0 0.00 0.0 0 6.3 20 330 M M 5 8 27 250
10 69 54 62 6 3 0 0.00 0.0 0 6.9 23 330 M M 5 8 33 290
11 70 52 61 5 4 0 0.00 0.0 0 7.7 21 330 M M 4 18 M 320
12 70 50 60 4 5 0 0.00 0.0 0 7.3 22 330 M M 1 31 350
13 66 53 60 4 5 0 0.00 0.0 0 5.9 18 330 M M 6 8 24 320
14 65 51 58 2 7 0 0.00 0.0 0 4.6 12 310 M M 4 8 25 230
15 69 53 61 5 4 0 0.00 0.0 0 6.1 14 180 M M 1 8 17 210
16 64 51 58 2 7 0 0.00 0.0 0 4.4 13 330 M M 6 28 16 320
17 64 54 59 3 6 0 0.00 0.0 0 5.8 13 320 M M 5 18 15 310
18 67 50 59 3 6 0 0.00 0.0 0 4.7 14 230 M M 1 18 16 230
19 63 53 58 2 7 0 0.00 0.0 0 4.4 12 240 M M 5 28 18 270
20 63 55 59 3 6 0 T 0.0 0 4.4 9 250 M M 10 28 12 240
21 64 55 60 4 5 0 0.00 0.0 0 5.1 12 170 M M 8 28 15 170
22 65 58 62 6 3 0 0.00 0.0 0 4.6 10 340 M M 9 8 14 150
23 64 58 61 5 4 0 0.00 0.0 0 6.3 15 320 M M 8 8 20 250
24 66 55 61 5 4 0 0.00 0.0 0 6.1 12 320 M M 6 8 23 230
25 69 52 61 5 4 0 0.00 0.0 0 5.0 10 310 M M 2 8 15 310
26 62 55 59 2 6 0 0.00 0.0 0 3.0 8 250 M M 9 8 19 170
27 60 51 56 -1 9 0 0.00 0.0 0 2.3 8 300 M M 7 28 25 170
28 61 52 57 0 8 0 0.00 0.0 0 3.4 10 260 M M 8 2 14 240
29 59 51 55 -2 10 0 0.00 0.0 M 3.3 9 280 M M 9 2 11 280
30 61 51 56 -1 9 0 0.00 M M 4.6 10 280 M M 9 2 13 270
31 62 52 57 0 8 0 0.00 0.0 M 4.1 15 310 M M 8 2 18 310
================================================================================
SM 1952 1573 180 0 T 0.0 170.5 M 164
================================================================================
AV 65.1 52.4 5.7 FASTST M M 5 MAX(MPH)
MISC ----> 25 330 33 290
================================================================================
NOTES:
# LAST OF SEVERAL OCCURRENCES
COLUMN 17 PEAK WIND IN M.P.H.
PRELIMINARY LOCAL CLIMATOLOGICAL DATA (WS FORM: F-6) , PAGE 2
STATION: ARCATA CA
MONTH: JULY
YEAR: 2020
LATITUDE: 40 58 N
LONGITUDE: 124 6 W
[TEMPERATURE DATA] [PRECIPITATION DATA] SYMBOLS USED IN COLUMN 16
AVERAGE MONTHLY: 58.8 TOTAL FOR MONTH: T 1 = FOG OR MIST
DPTR FM NORMAL: 2.8 DPTR FM NORMAL: -0.29 2 = FOG REDUCING VISIBILITY
HIGHEST: 70 ON 12,11 GRTST 24HR T ON 6- 6 TO 1/4 MILE OR LESS
LOWEST: 47 ON 4 3 = THUNDER
SNOW, ICE PELLETS, HAIL 4 = ICE PELLETS
TOTAL MONTH: 0.0 INCH 5 = HAIL
GRTST 24HR 0.0 6 = FREEZING RAIN OR DRIZZLE
GRTST DEPTH: 0 7 = DUSTSTORM OR SANDSTORM:
VSBY 1/2 MILE OR LESS
8 = SMOKE OR HAZE
[NO. OF DAYS WITH] [WEATHER - DAYS WITH] 9 = BLOWING SNOW
X = TORNADO
MAX 32 OR BELOW: 0 0.01 INCH OR MORE: 0
MAX 90 OR ABOVE: 0 0.10 INCH OR MORE: 0
MIN 32 OR BELOW: 0 0.50 INCH OR MORE: 0
MIN 0 OR BELOW: 0 1.00 INCH OR MORE: 0
[HDD (BASE 65) ]
TOTAL THIS MO. 180 CLEAR (SCALE 0-3) 7
DPTR FM NORMAL -99 PTCLDY (SCALE 4-7) 14
TOTAL FM JUL 1 180 CLOUDY (SCALE 8-10) 9
DPTR FM NORMAL -99
[CDD (BASE 65) ]
TOTAL THIS MO. 0
DPTR FM NORMAL 0 [PRESSURE DATA]
TOTAL FM JAN 1 0 HIGHEST SLP 30.22 ON 4
DPTR FM NORMAL 0 LOWEST SLP 29.83 ON 22
[REMARKS]
#FINAL-07-20#