000
CXUS51 KPHI 010915
CF6ACY
PRELIMINARY LOCAL CLIMATOLOGICAL DATA (WS FORM: F-6)
STATION: ATLANTIC CITY NJ
MONTH: NOVEMBER
YEAR: 2022
LATITUDE: 39 27 N
LONGITUDE: 74 34 W
TEMPERATURE IN F: :PCPN: SNOW: WIND :SUNSHINE: SKY :PK WND
================================================================================
1 2 3 4 5 6A 6B 7 8 9 10 11 12 13 14 15 16 17 18
12Z AVG MX 2MIN
DY MAX MIN AVG DEP HDD CDD WTR SNW DPTH SPD SPD DIR MIN PSBL S-S WX SPD DR
================================================================================
1 73 54 64 13 1 0 0.24 0.0 0 7.0 15 320 M M 6 1 22 300
2 70 45 58 7 7 0 0.00 0.0 0 6.3 17 60 M M 0 21 60
3 67 39 53 2 12 0 0.00 0.0 0 3.9 15 90 M M 1 12 23 110
4 74 44 59 9 6 0 0.00 0.0 0 4.3 13 160 M M 4 12 17 170
5 76 62 69 19 0 4 0.00 0.0 0 8.9 18 200 M M 0 26 220
6 76 65 71 21 0 6 0.00 0.0 0 10.0 16 210 M M 1 25 200
7 81 52 67 18 0 2 0.00 0.0 0 9.2 18 310 M M 2 23 300
8 60 42 51 2 14 0 0.00 0.0 0 11.7 22 360 M M 0 33 350
9 57 34 46 -3 19 0 0.00 0.0 0 5.5 16 100 M M 4 22 70
10 68 38 53 5 12 0 0.00 0.0 0 2.6 12 130 M M 2 1 16 170
11 69 52 61 13 4 0 0.60 0.0 0 9.1 21 160 M M 9 13 33 150
12 72 57 65 17 0 0 0.05 0.0 0 9.9 25 260 M M 4 1 43 180
13 62 37 50 2 15 0 0.00 0.0 0 15.2 24 310 M M 5 36 310
14 48 27 38 -9 27 0 0.00 0.0 0 7.4 25 320 M M 0 31 320
15 57 28 43 -4 22 0 1.31 0.0 0 7.0 21 50 M M 5 1 28 60
16 53 40 47 0 18 0 0.27 0.0 0 13.5 25 300 M M 5 1 35 310
17 47 34 41 -5 24 0 0.00 0.0 0 11.1 24 290 M M 4 34 260
18 46 29 38 -8 27 0 0.00 0.0 0 9.0 18 300 M M 2 30 290
19 44 26 35 -11 30 0 0.00 0.0 0 5.1 21 290 M M 0 25 280
20 40 23 32 -13 33 0 0.00 0.0 0 14.1 31 290 M M 1 42 280
21 43 18 31 -14 34 0 0.00 0.0 0 5.3 15 200 M M 0 22 190
22 55 28 42 -3 23 0 0.00 0.0 0 4.8 13 190 M M 0 17 190
23 59 29 44 -1 21 0 0.00 0.0 0 4.2 16 320 M M 0 23 330
24 57 28 43 -1 22 0 0.00 0.0 0 2.9 13 100 M M 0 1 16 140
25 55 34 45 1 20 0 0.18 0.0 0 9.2 28 320 M M 5 1 40 330
26 56 33 45 1 20 0 0.00 0.0 0 8.3 17 280 M M 1 24 310
27 64 44 54 11 11 0 0.48 0.0 0 10.8 26 170 M M 5 1 42 170
28 58 36 47 4 18 0 0.00 0.0 0 9.7 29 340 M M 4 38 330
29 49 26 38 -5 27 0 0.00 0.0 0 2.2 9 320 M M 0 13 340
30 60 31 46 3 19 0 0.54 0.0 0 13.6 28 290 M M 6 1 41 160
================================================================================
SM 1796 1135 486 12 3.67 0.0 241.8 M 76
================================================================================
AV 59.9 37.8 8.1 FASTST M M 3 MAX(MPH)
MISC ----> 31 290 43 180
================================================================================
NOTES:
# LAST OF SEVERAL OCCURRENCES
COLUMN 17 PEAK WIND IN M.P.H.
PRELIMINARY LOCAL CLIMATOLOGICAL DATA (WS FORM: F-6) , PAGE 2
STATION: ATLANTIC CITY NJ
MONTH: NOVEMBER
YEAR: 2022
LATITUDE: 39 27 N
LONGITUDE: 74 34 W
[TEMPERATURE DATA] [PRECIPITATION DATA] SYMBOLS USED IN COLUMN 16
AVERAGE MONTHLY: 48.9 TOTAL FOR MONTH: 3.67 1 = FOG OR MIST
DPTR FM NORMAL: 2.0 DPTR FM NORMAL: 0.30 2 = FOG REDUCING VISIBILITY
HIGHEST: 81 ON 7 GRTST 24HR 1.58 ON 15-16 TO 1/4 MILE OR LESS
LOWEST: 18 ON 21 3 = THUNDER
SNOW, ICE PELLETS, HAIL 4 = ICE PELLETS
TOTAL MONTH: 0.0 INCH 5 = HAIL
GRTST 24HR 0.0 6 = FREEZING RAIN OR DRIZZLE
GRTST DEPTH: 0 7 = DUSTSTORM OR SANDSTORM:
VSBY 1/2 MILE OR LESS
8 = SMOKE OR HAZE
[NO. OF DAYS WITH] [WEATHER - DAYS WITH] 9 = BLOWING SNOW
X = TORNADO
MAX 32 OR BELOW: 0 0.01 INCH OR MORE: 8
MAX 90 OR ABOVE: 0 0.10 INCH OR MORE: 7
MIN 32 OR BELOW: 11 0.50 INCH OR MORE: 3
MIN 0 OR BELOW: 0 1.00 INCH OR MORE: 1
[HDD (BASE 65) ]
TOTAL THIS MO. 486 CLEAR (SCALE 0-3) 17
DPTR FM NORMAL -60 PTCLDY (SCALE 4-7) 12
TOTAL FM JUL 1 798 CLOUDY (SCALE 8-10) 1
DPTR FM NORMAL -62
[CDD (BASE 65) ]
TOTAL THIS MO. 12
DPTR FM NORMAL 11 [PRESSURE DATA]
TOTAL FM JAN 1 1275 HIGHEST SLP 30.63 ON 9
DPTR FM NORMAL 139 LOWEST SLP 29.42 ON 27
[REMARKS]
#FINAL-11-22#