000
CXUS55 KCAE 011500
CF6AGS
PRELIMINARY LOCAL CLIMATOLOGICAL DATA (WS FORM: F-6)
STATION: AUGUSTA BUSH FIELD GA
MONTH: NOVEMBER
YEAR: 2020
LATITUDE: 33 22 N
LONGITUDE: 81 58 W
TEMPERATURE IN F: :PCPN: SNOW: WIND :SUNSHINE: SKY :PK WND
================================================================================
1 2 3 4 5 6A 6B 7 8 9 10 11 12 13 14 15 16 17 18
12Z AVG MX 2MIN
DY MAX MIN AVG DEP HDD CDD WTR SNW DPTH SPD SPD DIR MIN PSBL S-S WX SPD DR
================================================================================
1 74 56 65 6 0 0 0.07 0.0 0 8.7 21 310 M M 6 1 25 320
2 63 35 49 -10 16 0 0.00 0.0 0 3.8 17 320 M M 0 26 340
3 70 32 51 -8 14 0 0.00 0.0 0 0.6 8 340 M M 0 1 18 360
4 74 36 55 -4 10 0 0.00 0.0 0 1.6 12 130 M M 0 1 15 150
5 81 41 61 3 4 0 0.00 0.0 0 2.7 12 60 M M 1 16 80
6 81 58 70 12 0 5 0.00 0.0 0 7.4 16 70 M M 6 19 60
7 84 61 73 15 0 8 0.00 0.0 0 6.3 16 90 M M 5 21 100
8 81 60 71 13 0 6 T 0.0 0 7.9 18 90 M M 6 24 80
9 84 66 75 18 0 10 T 0.0 0 8.6 16 120 M M 5 23 110
10 84 69 77 20 0 12 0.38 0.0 0 6.9 16 80 M M 9 1 21 80
11 87 73 80 23 0 15 0.29 0.0 0 5.2 10 160 M M 8 1 14 140
12 84 69 77 21 0 12 0.23 0.0 0 5.4 16 340 M M 8 13 19 340
13 82 53 68 12 0 3 0.01 0.0 0 3.7 15 320 M M 5 1 18 20
14 78 49 64 8 1 0 0.00 0.0 0 3.2 10 140 M M 3 1 17 90
15 82 54 68 13 0 3 0.00 0.0 0 5.8 21 300 M M 5 12 28 230
16 70 41 56 1 9 0 0.00 0.0 0 3.2 13 320 M M 0 17 330
17 71 35 53 -2 12 0 0.00 0.0 0 6.0 20 320 M M 0 25 310
18 63 33 48 -7 17 0 0.00 0.0 0 4.0 15 30 M M 0 23 350
19 66 31 49 -5 16 0 0.00 0.0 0 2.4 10 30 M M 0 22 50
20 76 40 58 4 7 0 0.00 0.0 0 2.0 6 340 M M 5 1 10 20
21 76 43 60 6 5 0 0.00 0.0 0 0.9 8 50 M M 0 1 18 100
22 75 42 59 6 6 0 T M 0 1.3 8 110 M M 6 12 14 10
23 71 39 55 2 10 0 0.00 0.0 0 4.1 18 350 M M 2 12 22 10
24 64 33 49 -4 16 0 0.00 0.0 0 2.6 10 70 M M 1 14 70
25 79 52 66 14 0 1 0.02 0.0 0 4.7 17 310 M M 8 22 170
26 75 56 66 14 0 1 0.02 0.0 0 5.2 9 230 M M 6 123 13 250
27 78 52 65 13 0 0 0.00 0.0 0 4.1 15 300 M M 0 12 19 300
28 60 52 56 4 9 0 0.30 0.0 0 3.1 14 320 M M 8 12 17 330
29 62 53 58 7 7 0 0.31 0.0 0 3.3 10 150 M M 10 12 13 150
30 68 40 54 3 11 0 0.21 0.0 0 14.9 28 270 M M 8 1 37 270
================================================================================
SM 2243 1454 170 76 1.84 0.0 139.6 M 121
================================================================================
AV 74.8 48.5 4.7 FASTST M M 4 MAX(MPH)
MISC ----> 28 270 37 270
================================================================================
NOTES:
# LAST OF SEVERAL OCCURRENCES
COLUMN 17 PEAK WIND IN M.P.H.
PRELIMINARY LOCAL CLIMATOLOGICAL DATA (WS FORM: F-6) , PAGE 2
STATION: AUGUSTA BUSH FIELD GA
MONTH: NOVEMBER
YEAR: 2020
LATITUDE: 33 22 N
LONGITUDE: 81 58 W
[TEMPERATURE DATA] [PRECIPITATION DATA] SYMBOLS USED IN COLUMN 16
AVERAGE MONTHLY: 61.6 TOTAL FOR MONTH: 1.84 1 = FOG OR MIST
DPTR FM NORMAL: 6.4 DPTR FM NORMAL: -0.98 2 = FOG REDUCING VISIBILITY
HIGHEST: 87 ON 11 GRTST 24HR 0.65 ON 10-11 TO 1/4 MILE OR LESS
LOWEST: 31 ON 19 3 = THUNDER
SNOW, ICE PELLETS, HAIL 4 = ICE PELLETS
TOTAL MONTH: 0.0 INCH 5 = HAIL
GRTST 24HR 0.0 6 = FREEZING RAIN OR DRIZZLE
GRTST DEPTH: 0 7 = DUSTSTORM OR SANDSTORM:
VSBY 1/2 MILE OR LESS
8 = SMOKE OR HAZE
[NO. OF DAYS WITH] [WEATHER - DAYS WITH] 9 = BLOWING SNOW
X = TORNADO
MAX 32 OR BELOW: 0 0.01 INCH OR MORE: 10
MAX 90 OR ABOVE: 0 0.10 INCH OR MORE: 6
MIN 32 OR BELOW: 2 0.50 INCH OR MORE: 0
MIN 0 OR BELOW: 0 1.00 INCH OR MORE: 0
[HDD (BASE 65) ]
TOTAL THIS MO. 170 CLEAR (SCALE 0-3) 13
DPTR FM NORMAL -138 PTCLDY (SCALE 4-7) 13
TOTAL FM JUL 1 191 CLOUDY (SCALE 8-10) 4
DPTR FM NORMAL -232
[CDD (BASE 65) ]
TOTAL THIS MO. 76
DPTR FM NORMAL 60 [PRESSURE DATA]
TOTAL FM JAN 1 2604 HIGHEST SLP 30.64 ON 19
DPTR FM NORMAL 518 LOWEST SLP 29.55 ON 30
[REMARKS]
#FINAL-11-20#