000
CXUS53 KGRB 050121
CF6AIG
PRELIMINARY LOCAL CLIMATOLOGICAL DATA (WS FORM: F-6)
STATION: ANTIGO AWOS
MONTH: OCTOBER
YEAR: 2020
LATITUDE: 45 9 N
LONGITUDE: 89 8 W
TEMPERATURE IN F: :PCPN: SNOW: WIND :SUNSHINE: SKY :PK WND
================================================================================
1 2 3 4 5 6A 6B 7 8 9 10 11 12 13 14 15 16 17 18
12Z AVG MX 2MIN
DY MAX MIN AVG DEP HDD CDD WTR SNW DPTH SPD SPD DIR MIN PSBL S-S WX SPD DR
================================================================================
1 51 30 41 -9 24 0 0.00 0.0 0 9.2 17 350 M M 7 23 340
2 43 32 38 -11 27 0 0.00 0.0 0 1.3 5 350 M M 10 M M
3 44 35 40 -9 25 0 0.00 0.0 0 3.3 7 130 M M 10 M M
4 50 28 39 -9 26 0 0.00 0.0 0 3.8 10 350 M M 6 M M
5 60 32 46 -2 19 0 0.00 0.0 0 12.9 24 190 M M 0 31 190
6 67 38 53 5 12 0 0.09 M 0 8.6 16 260 M M 3 27 260
7 61 40 51 4 14 0 0.00 0.0 0 8.4 18 290 M M 3 22 290
8 60 35 48 1 17 0 0.00 0.0 0 3.7 8 350 M M 0 8 M M
9 73 42 58 12 7 0 0.00 0.0 0 11.8 20 240 M M 2 25 210
10 60 40 50 4 15 0 0.00 0.0 0 7.5 13 110 M M 0 1 17 360
11 57 37 47 1 18 0 0.00 0.0 0 12.5 20 130 M M 9 24 130
12 59 48 54 9 11 0 0.53 M 0 19.0 25 150 M M 9 1 32 150
13 60 38 49 4 16 0 0.00 0.0 M 14.3 24 250 M M 3 32 250
14 52 37 45 0 20 0 0.00 0.0 0 9.4 23 150 M M 6 28 150
15 47 27 37 -7 28 0 0.00 0.0 0 12.4 22 300 M M 7 30 300
16 44 26 35 -9 30 0 0.04 M 0 7.4 14 220 M M 7 31 280
17 46 25 36 -8 29 0 0.04 M 0 7.2 17 130 M M 9 24 130
18 41 27 34 -9 31 0 0.00 0.0 0 8.2 16 300 M M 5 21 270
19 33 19 26 -17 39 0 M M M 2.9 7 250 M M 3 M M
20 37 19 28 -15 37 0 0.27 M M 5.3 13 120 M M 5 1 16 130
21 35 32 34 -8 31 0 M M M 7.5 17 250 M M 9 1 23 250
22 33 28 31 -11 34 0 0.57 0.0 0 11.4 20 60 M M 9 1 24 50
23 36 31 34 -8 31 0 0.02 M M 11.9 17 50 M M 10 1 24 330
24 32 25 29 -12 36 0 M M M 6.5 12 340 M M 6 17 340
25 33 25 29 -12 36 0 M M M 3.7 7 330 M M 9 1 M M
26 32 20 26 -14 39 0 M M M 7.3 15 340 M M 4 21 340
27 32 16 24 -16 41 0 M M M 8.0 16 230 M M 2 23 230
28 43 29 36 -4 29 0 0.00 0.0 0 10.5 18 230 M M 8 27 230
29 35 28 32 -7 33 0 M M M 8.7 14 350 M M 10 17 20
30 37 24 31 -8 34 0 M M M 3.8 8 170 M M 4 M M
31 50 22 36 -2 29 0 M M M 13.4 21 300 M M 4 35 300
================================================================================
SM 1443 935 818 0 1.56 0.0 261.7 M 179
================================================================================
AV 46.5 30.2 8.4 FASTST M M 6 MAX(MPH)
MISC ----> 25 150 35 300
================================================================================
NOTES:
# LAST OF SEVERAL OCCURRENCES
COLUMN 17 PEAK WIND IN M.P.H.
PRELIMINARY LOCAL CLIMATOLOGICAL DATA (WS FORM: F-6) , PAGE 2
STATION: ANTIGO AWOS
MONTH: OCTOBER
YEAR: 2020
LATITUDE: 45 9 N
LONGITUDE: 89 8 W
[TEMPERATURE DATA] [PRECIPITATION DATA] SYMBOLS USED IN COLUMN 16
AVERAGE MONTHLY: 38.4 TOTAL FOR MONTH: 1.56 1 = FOG OR MIST
DPTR FM NORMAL: -5.5 DPTR FM NORMAL: -1.54 2 = FOG REDUCING VISIBILITY
HIGHEST: 73 ON 9 GRTST 24HR 0.57 ON 22-22 TO 1/4 MILE OR LESS
LOWEST: 16 ON 27 3 = THUNDER
SNOW, ICE PELLETS, HAIL 4 = ICE PELLETS
TOTAL MONTH: 0.0 INCH 5 = HAIL
GRTST 24HR 0.0 6 = FREEZING RAIN OR DRIZZLE
GRTST DEPTH: 0 7 = DUSTSTORM OR SANDSTORM:
VSBY 1/2 MILE OR LESS
8 = SMOKE OR HAZE
[NO. OF DAYS WITH] [WEATHER - DAYS WITH] 9 = BLOWING SNOW
X = TORNADO
MAX 32 OR BELOW: 3 0.01 INCH OR MORE: 7
MAX 90 OR ABOVE: 0 0.10 INCH OR MORE: 3
MIN 32 OR BELOW: 21 0.50 INCH OR MORE: 2
MIN 0 OR BELOW: 0 1.00 INCH OR MORE: 0
[HDD (BASE 65) ]
TOTAL THIS MO. 818 CLEAR (SCALE 0-3) 9
DPTR FM NORMAL 164 PTCLDY (SCALE 4-7) 12
TOTAL FM JUL 1 1184 CLOUDY (SCALE 8-10) 10
DPTR FM NORMAL 120
[CDD (BASE 65) ]
TOTAL THIS MO. 0
DPTR FM NORMAL -2 [PRESSURE DATA]
TOTAL FM JAN 1 304 HIGHEST SLP M ON M
DPTR FM NORMAL 44 LOWEST SLP M ON M
[REMARKS]
#FINAL-10-20#