000
CXUS54 KCRP 011310
CF6ALI
PRELIMINARY LOCAL CLIMATOLOGICAL DATA (WS FORM: F-6)
STATION: ALICE
MONTH: FEBRUARY
YEAR: 2024
LATITUDE: 27 44 N
LONGITUDE: 98 1 W
TEMPERATURE IN F: :PCPN: SNOW: WIND :SUNSHINE: SKY :PK WND
================================================================================
1 2 3 4 5 6A 6B 7 8 9 10 11 12 13 14 15 16 17 18
12Z AVG MX 2MIN
DY MAX MIN AVG DEP HDD CDD WTR SNW DPTH SPD SPD DIR MIN PSBL S-S WX SPD DR
================================================================================
1 81 53 67 8 0 2 0.00 0.0 0 8.8 21 130 M M 1 27 120
2 81 57 69 10 0 4 0.08 0.0 0 12.7 24 130 M M 7 12 33 120
3 79 53 66 7 0 1 0.44 0.0 0 7.5 21 360 M M 3 13 28 360
4 80 50 65 6 0 0 0.00 0.0 0 16.9 39 290 M M 0 56 300
5 71 49 60 0 5 0 0.00 0.0 0 12.6 25 330 M M 1 34 350
6 74 45 60 0 5 0 0.00 0.0 0 6.2 13 80 M M 0 1 17 80
7 79 41 60 0 5 0 0.00 0.0 0 11.3 26 130 M M 4 12 36 140
8 79 61 70 10 0 5 0.00 0.0 0 5.4 16 150 M M 8 1 21 150
9 83 62 73 13 0 8 0.00 0.0 0 10.4 21 180 M M 8 1 29 180
10 77 64 71 11 0 6 0.00 0.0 0 7.8 17 180 M M 7 12 23 160
11 82 57 70 9 0 5 0.00 0.0 0 12.0 26 330 M M 4 18 36 320
12 68 43 56 -5 9 0 0.00 0.0 0 10.7 24 330 M M 1 32 350
13 72 39 56 -5 9 0 0.00 0.0 0 6.0 16 130 M M 0 25 170
14 69 48 59 -2 6 0 0.02 0.0 0 6.5 17 140 M M 6 18 23 140
15 76 61 69 8 0 4 0.09 0.0 0 4.5 13 150 M M 9 1 16 140
16 67 61 64 2 1 0 0.28 0.0 0 4.2 13 30 M M 9 1 16 30
17 62 40 51 -11 14 0 0.01 0.0 0 13.9 25 360 M M 5 1 32 360
18 61 37 49 -13 16 0 0.00 0.0 0 7.5 14 360 M M 2 19 360
19 73 36 55 -7 10 0 0.00 0.0 0 7.4 18 200 M M 0 24 180
20 86 46 66 4 0 1 0.00 0.0 0 7.5 20 130 M M 2 12 26 120
21 86 52 69 6 0 4 0.00 0.0 0 12.1 25 150 M M 5 12 33 140
22 87 60 74 11 0 9 0.00 0.0 0 9.1 25 170 M M 5 1 35 170
23 83 56 70 7 0 5 0.00 0.0 0 6.7 15 20 M M 0 1 23 70
24 84 48 66 3 0 1 0.00 0.0 0 8.4 21 130 M M 0 26 140
25 88 50 69 6 0 4 0.00 0.0 0 8.6 22 190 M M 1 1 29 190
26 93 61 77 13 0 12 0.00 0.0 0 10.3 20 170 M M 3 1 24 160
27 89 69 79 15 0 14 0.00 0.0 0 10.3 21 190 M M 5 1 28 200
28 77 55 66 2 0 1 0.00 0.0 0 12.5 28 30 M M 7 128 38 30
29 57 50 54 -10 11 0 0.00 0.0 0 11.5 21 20 M M 10 8 27 20
================================================================================
SM 2244 1504 91 86 0.92 0.0 269.3 M 113
================================================================================
AV 77.4 51.9 9.3 FASTST M M 4 MAX(MPH)
MISC ----> 39 290 56 300
================================================================================
NOTES:
# LAST OF SEVERAL OCCURRENCES
COLUMN 17 PEAK WIND IN M.P.H.
PRELIMINARY LOCAL CLIMATOLOGICAL DATA (WS FORM: F-6) , PAGE 2
STATION: ALICE
MONTH: FEBRUARY
YEAR: 2024
LATITUDE: 27 44 N
LONGITUDE: 98 1 W
[TEMPERATURE DATA] [PRECIPITATION DATA] SYMBOLS USED IN COLUMN 16
AVERAGE MONTHLY: 64.6 TOTAL FOR MONTH: 0.92 1 = FOG OR MIST
DPTR FM NORMAL: 3.3 DPTR FM NORMAL: -0.41 2 = FOG REDUCING VISIBILITY
HIGHEST: 93 ON 26 GRTST 24HR 0.52 ON 2- 3 TO 1/4 MILE OR LESS
LOWEST: 36 ON 19 3 = THUNDER
SNOW, ICE PELLETS, HAIL 4 = ICE PELLETS
TOTAL MONTH: 0.0 INCH 5 = HAIL
GRTST 24HR 0.0 6 = FREEZING RAIN OR DRIZZLE
GRTST DEPTH: 0 7 = DUSTSTORM OR SANDSTORM:
VSBY 1/2 MILE OR LESS
8 = SMOKE OR HAZE
[NO. OF DAYS WITH] [WEATHER - DAYS WITH] 9 = BLOWING SNOW
X = TORNADO
MAX 32 OR BELOW: 0 0.01 INCH OR MORE: 6
MAX 90 OR ABOVE: 1 0.10 INCH OR MORE: 2
MIN 32 OR BELOW: 0 0.50 INCH OR MORE: 0
MIN 0 OR BELOW: 0 1.00 INCH OR MORE: 0
[HDD (BASE 65) ]
TOTAL THIS MO. 91 CLEAR (SCALE 0-3) 13
DPTR FM NORMAL -76 PTCLDY (SCALE 4-7) 12
TOTAL FM JUL 1 630 CLOUDY (SCALE 8-10) 4
DPTR FM NORMAL -174
[CDD (BASE 65) ]
TOTAL THIS MO. 86
DPTR FM NORMAL 21 [PRESSURE DATA]
TOTAL FM JAN 1 102 HIGHEST SLP 30.36 ON 18
DPTR FM NORMAL 4 LOWEST SLP 29.56 ON 3
[REMARKS]
#FINAL-02-24#