000
CXUS54 KCRP 012043
CF6ALI
PRELIMINARY LOCAL CLIMATOLOGICAL DATA (WS FORM: F-6)
STATION: ALICE
MONTH: MAY
YEAR: 2021
LATITUDE: 27 44 N
LONGITUDE: 98 1 W
TEMPERATURE IN F: :PCPN: SNOW: WIND :SUNSHINE: SKY :PK WND
================================================================================
1 2 3 4 5 6A 6B 7 8 9 10 11 12 13 14 15 16 17 18
12Z AVG MX 2MIN
DY MAX MIN AVG DEP HDD CDD WTR SNW DPTH SPD SPD DIR MIN PSBL S-S WX SPD DR
================================================================================
1 82 66 74 -2 0 9 0.57 0.0 0 8.5 18 280 M M 7 123 23 280
2 99 64 82 6 0 17 0.00 0.0 0 11.4 22 130 M M 3 12 26 210
3 94 72 83 6 0 18 0.00 0.0 0 12.9 23 130 M M 3 18 29 130
4 90 74 82 5 0 17 0.00 0.0 0 11.5 22 360 M M 9 1 27 10
5 89 64 77 0 0 12 0.00 0.0 0 8.6 16 30 M M 1 21 80
6 89 61 75 -2 0 10 0.00 0.0 0 7.7 16 70 M M 1 1 22 70
7 88 57 73 -5 0 8 0.00 0.0 0 8.7 21 120 M M 1 1 26 120
8 94 74 84 6 0 19 0.00 0.0 0 16.6 29 140 M M 4 39 130
9 101 76 89 11 0 24 0.00 0.0 0 15.4 28 120 M M 1 35 180
10 93 74 84 6 0 19 0.00 0.0 0 11.6 22 130 M M 7 1 26 130
11 96 71 84 6 0 19 2.32 0.0 0 14.4 37 30 M M 5 138 46 30
12 82 66 74 -5 0 9 0.00 0.0 0 13.1 23 30 M M 9 28 30
13 83 65 74 -5 0 9 0.00 0.0 0 9.6 17 30 M M 6 23 30
14 88 65 77 -2 0 12 0.00 0.0 0 8.1 20 120 M M 4 1 26 120
15 83 69 76 -3 0 11 0.01 0.0 0 12.3 25 140 M M 7 3 33 110
16 88 71 80 1 0 15 0.18 0.0 0 12.9 23 130 M M 7 13 30 110
17 94 75 85 5 0 20 T 0.0 0 13.5 24 110 M M 8 1 32 120
18 89 67 78 -2 0 13 0.96 0.0 0 15.2 40 280 M M 6 123 53 280
19 79 63 71 -9 0 6 3.39 0.0 0 10.1 36 60 M M 6 123 47 50
20 85 58 72 -8 0 7 0.00 0.0 0 5.1 15 130 M M 1 1 18 130
21 89 68 79 -1 0 14 0.00 0.0 0 5.9 15 90 M M 4 12 20 80
22 88 72 80 -1 0 15 0.00 0.0 0 9.4 20 120 M M 5 25 120
23 89 72 81 0 0 16 T 0.0 0 6.5 17 100 M M 3 3 21 100
24 88 70 79 -2 0 14 0.01 0.0 0 9.9 23 140 M M 7 123 29 140
25 92 74 83 2 0 18 0.00 0.0 0 11.9 23 130 M M 7 1 30 120
26 92 74 83 1 0 18 0.00 0.0 0 10.5 22 140 M M 6 1 27 120
27 93 74 84 2 0 19 0.00 0.0 0 12.6 23 140 M M 6 1 29 130
28 91 75 83 1 0 18 0.00 0.0 0 11.7 24 130 M M 8 31 120
29 83 67 75 -7 0 10 1.74 0.0 0 8.1 29 330 M M 4 13 37 330
30 87 72 80 -2 0 15 0.32 0.0 0 8.9 21 120 M M 5 123 26 130
31 89 72 81 -1 0 16 0.00 0.0 0 9.8 22 120 M M 3 1 27 120
================================================================================
SM 2767 2142 0 447 9.50 0.0 332.4 M 154
================================================================================
AV 89.3 69.1 10.7 FASTST M M 5 MAX(MPH)
MISC ----> 40 280 53 280
================================================================================
NOTES:
# LAST OF SEVERAL OCCURRENCES
COLUMN 17 PEAK WIND IN M.P.H.
PRELIMINARY LOCAL CLIMATOLOGICAL DATA (WS FORM: F-6) , PAGE 2
STATION: ALICE
MONTH: MAY
YEAR: 2021
LATITUDE: 27 44 N
LONGITUDE: 98 1 W
[TEMPERATURE DATA] [PRECIPITATION DATA] SYMBOLS USED IN COLUMN 16
AVERAGE MONTHLY: 79.2 TOTAL FOR MONTH: 9.50 1 = FOG OR MIST
DPTR FM NORMAL: -0.2 DPTR FM NORMAL: 5.37 2 = FOG REDUCING VISIBILITY
HIGHEST: 101 ON 9 GRTST 24HR 3.39 ON 19-19 TO 1/4 MILE OR LESS
LOWEST: 57 ON 7 3 = THUNDER
SNOW, ICE PELLETS, HAIL 4 = ICE PELLETS
TOTAL MONTH: 0.0 INCH 5 = HAIL
GRTST 24HR 0.0 6 = FREEZING RAIN OR DRIZZLE
GRTST DEPTH: 0 7 = DUSTSTORM OR SANDSTORM:
VSBY 1/2 MILE OR LESS
8 = SMOKE OR HAZE
[NO. OF DAYS WITH] [WEATHER - DAYS WITH] 9 = BLOWING SNOW
X = TORNADO
MAX 32 OR BELOW: 0 0.01 INCH OR MORE: 9
MAX 90 OR ABOVE: 12 0.10 INCH OR MORE: 7
MIN 32 OR BELOW: 0 0.50 INCH OR MORE: 5
MIN 0 OR BELOW: 0 1.00 INCH OR MORE: 3
[HDD (BASE 65) ]
TOTAL THIS MO. 0 CLEAR (SCALE 0-3) 6
DPTR FM NORMAL 0 PTCLDY (SCALE 4-7) 22
TOTAL FM JUL 1 818 CLOUDY (SCALE 8-10) 3
DPTR FM NORMAL -66
[CDD (BASE 65) ]
TOTAL THIS MO. 447
DPTR FM NORMAL 0 [PRESSURE DATA]
TOTAL FM JAN 1 1029 HIGHEST SLP 30.24 ON 13
DPTR FM NORMAL 68 LOWEST SLP 29.46 ON 3
[REMARKS]
#FINAL-05-21#