000
CXUS56 KPDT 011810
CF6ALW
PRELIMINARY LOCAL CLIMATOLOGICAL DATA (WS FORM: F-6)
STATION: WALLA WALLA WA
MONTH: SEPTEMBER
YEAR: 2023
LATITUDE: 46 5 N
LONGITUDE: 118 17 W
TEMPERATURE IN F: :PCPN: SNOW: WIND :SUNSHINE: SKY :PK WND
================================================================================
1 2 3 4 5 6A 6B 7 8 9 10 11 12 13 14 15 16 17 18
12Z AVG MX 2MIN
DY MAX MIN AVG DEP HDD CDD WTR SNW DPTH SPD SPD DIR MIN PSBL S-S WX SPD DR
================================================================================
1 78 57 68 -3 0 3 0.02 M M 6.7 14 20 M M 4 1 17 20
2 86 59 73 3 0 8 T M M 5.5 13 190 M M 2 8 17 210
3 83 65 74 4 0 9 T M M 9.8 23 200 M M 3 31 200
4 73 58 66 -4 0 1 0.00 M M 12.1 20 250 M M 6 30 260
5 77 49 63 -7 2 0 0.00 M M 4.8 10 300 M M 0 14 290
6 81 54 68 -1 0 3 0.00 M M 7.2 14 200 M M 0 19 270
7 81 54 68 -1 0 3 0.09 M M 6.4 15 70 M M 2 3 18 90
8 82 57 70 1 0 5 0.00 M M 6.2 13 190 M M 1 16 190
9 91 56 74 6 0 9 0.00 M M 6.7 18 10 M M 0 23 10
10 87 60 74 6 0 9 0.00 M M 4.3 12 90 M M 0 15 280
11 85 61 73 5 0 8 0.00 M M 7.6 17 200 M M 0 21 200
12 79 63 71 3 0 6 0.00 M M 10.4 18 210 M M 0 24 260
13 79 59 69 2 0 4 0.00 M M 7.3 17 200 M M 0 23 220
14 87 53 70 3 0 5 0.00 M M 5.8 17 10 M M 0 22 10
15 87 55 71 4 0 6 0.00 M M 4.9 12 80 M M 0 8 13 80
16 89 56 73 7 0 8 0.00 M M 3.6 15 190 M M 0 19 180
17 87 63 75 9 0 10 0.00 M M 11.5 21 200 M M 0 27 210
18 78 55 67 1 0 2 0.00 M M 12.3 26 240 M M 0 38 230
19 71 50 61 -4 4 0 0.00 M M 8.7 16 210 M M 0 8 26 240
20 58 50 54 -11 11 0 0.12 M M 9.2 21 200 M M 7 27 200
21 54 47 51 -13 14 0 0.13 M M 3.4 9 90 M M 8 1 11 190
22 66 43 55 -9 10 0 0.00 M M 4.1 9 90 M M 1 8 13 260
23 72 47 60 -4 5 0 T M M 5.1 13 250 M M 2 8 15 260
24 69 54 62 -1 3 0 0.06 M M 5.3 15 230 M M 8 1 18 240
25 73 57 65 2 0 0 0.01 M M 5.9 17 260 M M 2 8 24 250
26 70 50 60 -2 5 0 0.14 M M 6.5 16 120 M M 5 18 21 120
27 67 49 58 -4 7 0 0.06 M M 11.3 25 240 M M 6 8 34 230
28 66 50 58 -4 7 0 0.00 M M 8.5 18 230 M M 5 8 23 230
29 55 46 51 -10 14 0 0.03 M M 3.4 8 190 M M 9 1 10 340
30 59 45 52 -9 13 0 0.00 M M 8.2 16 180 M M 6 21 200
================================================================================
SM 2270 1622 95 99 0.66 M 212.7 M 77
================================================================================
AV 75.7 54.1 7.1 FASTST M M 3 MAX(MPH)
MISC ----> 26 240 38 230
================================================================================
NOTES:
# LAST OF SEVERAL OCCURRENCES
COLUMN 17 PEAK WIND IN M.P.H.
PRELIMINARY LOCAL CLIMATOLOGICAL DATA (WS FORM: F-6) , PAGE 2
STATION: WALLA WALLA WA
MONTH: SEPTEMBER
YEAR: 2023
LATITUDE: 46 5 N
LONGITUDE: 118 17 W
[TEMPERATURE DATA] [PRECIPITATION DATA] SYMBOLS USED IN COLUMN 16
AVERAGE MONTHLY: 64.9 TOTAL FOR MONTH: 0.66 1 = FOG OR MIST
DPTR FM NORMAL: -1.3 DPTR FM NORMAL: 0.02 2 = FOG REDUCING VISIBILITY
HIGHEST: 91 ON 9 GRTST 24HR 0.22 ON 20-21 TO 1/4 MILE OR LESS
LOWEST: 43 ON 22 3 = THUNDER
SNOW, ICE PELLETS, HAIL 4 = ICE PELLETS
TOTAL MONTH: M 5 = HAIL
GRTST 24HR M ON M 6 = FREEZING RAIN OR DRIZZLE
GRTST DEPTH: M ON M 7 = DUSTSTORM OR SANDSTORM:
VSBY 1/2 MILE OR LESS
8 = SMOKE OR HAZE
[NO. OF DAYS WITH] [WEATHER - DAYS WITH] 9 = BLOWING SNOW
X = TORNADO
MAX 32 OR BELOW: 0 0.01 INCH OR MORE: 9
MAX 90 OR ABOVE: 1 0.10 INCH OR MORE: 3
MIN 32 OR BELOW: 0 0.50 INCH OR MORE: 0
MIN 0 OR BELOW: 0 1.00 INCH OR MORE: 0
[HDD (BASE 65) ]
TOTAL THIS MO. 95 CLEAR (SCALE 0-3) 19
DPTR FM NORMAL 27 PTCLDY (SCALE 4-7) 10
TOTAL FM JUL 1 96 CLOUDY (SCALE 8-10) 1
DPTR FM NORMAL 18
[CDD (BASE 65) ]
TOTAL THIS MO. 99
DPTR FM NORMAL -5 [PRESSURE DATA]
TOTAL FM JAN 1 1068 HIGHEST SLP 30.14 ON 14
DPTR FM NORMAL 137 LOWEST SLP 29.77 ON 25
[REMARKS]
#FINAL-09-23#