000
CXUS52 KJAX 051207
CF6AMG
PRELIMINARY LOCAL CLIMATOLOGICAL DATA (WS FORM: F-6)
STATION: ALMA
MONTH: DECEMBER
YEAR: 2021
LATITUDE: 31 32 N
LONGITUDE: 82 30 W
TEMPERATURE IN F: :PCPN: SNOW: WIND :SUNSHINE: SKY :PK WND
================================================================================
1 2 3 4 5 6A 6B 7 8 9 10 11 12 13 14 15 16 17 18
12Z AVG MX 2MIN
DY MAX MIN AVG DEP HDD CDD WTR SNW DPTH SPD SPD DIR MIN PSBL S-S WX SPD DR
================================================================================
1 72 34 53 -3 12 0 0.00 0.0 0 1.3 8 180 M M 0 1 12 190
2 73 38 56 1 9 0 0.00 0.0 0 2.6 13 310 M M 0 1 18 290
3 77 45 61 6 4 0 0.00 0.0 0 1.2 9 260 M M 0 12 12 260
4 73 46 60 5 5 0 0.00 0.0 0 1.0 8 290 M M 3 12 14 290
5 73 47 60 5 5 0 0.00 0.0 0 1.0 9 170 M M 5 12 14 150
6 74 47 61 6 4 0 0.00 0.0 0 2.6 12 250 M M 3 12 18 230
7 70 55 63 8 2 0 0.03 0.0 0 1.8 8 320 M M 8 1 11 310
8 72 47 60 6 5 0 0.04 0.0 0 8.0 22 310 M M 8 1 34 310
9 58 39 49 -5 16 0 0.00 0.0 0 1.7 8 100 M M 8 12 13 120
10 78 56 67 13 0 2 0.01 0.0 0 3.4 12 160 M M 6 1 16 170
11 82 63 73 19 0 8 0.12 0.0 0 7.6 18 320 M M 6 12 26 210
12 64 42 53 -1 12 0 0.01 0.0 0 3.7 20 320 M M 3 1 28 320
13 69 40 55 1 10 0 0.00 0.0 0 1.4 8 350 M M 2 1 12 20
14 69 40 55 2 10 0 0.00 0.0 0 1.7 12 330 M M 2 1 15 320
15 72 52 62 9 3 0 T 0.0 0 3.8 9 100 M M 5 19 60
16 77 55 66 13 0 1 0.12 0.0 0 1.6 9 300 M M 9 12 13 290
17 78 62 70 17 0 5 0.05 0.0 0 2.4 10 200 M M 8 12 14 200
18 80 59 70 17 0 5 0.00 0.0 0 5.1 14 200 M M 2 12 21 180
19 71 56 64 11 1 0 1.15 0.0 0 5.8 14 320 M M 6 12 19 320
20 56 44 50 -3 15 0 0.00 0.0 0 5.6 10 30 M M 7 1 23 50
21 46 40 43 -9 22 0 0.55 0.0 0 6.6 14 310 M M 10 1 20 330
22 61 37 49 -3 16 0 T 0.0 0 6.5 15 320 M M 2 1 23 310
23 62 34 48 -4 17 0 0.00 0.0 0 2.5 9 70 M M 0 15 70
24 70 34 52 0 13 0 0.00 0.0 0 2.2 12 190 M M 0 1 15 200
25 71 41 56 4 9 0 0.00 0.0 0 4.8 16 250 M M 1 12 25 250
26 75 54 65 13 0 0 0.00 0.0 0 3.5 10 240 M M 5 12 16 250
27 76 52 64 12 1 0 0.00 0.0 0 4.3 14 270 M M 7 12 20 240
28 79 57 68 16 0 3 0.01 0.0 0 5.4 16 220 M M 6 12 23 210
29 79 56 68 16 0 3 0.00 0.0 0 6.6 17 200 M M 3 1 25 200
30 79 67 73 22 0 8 0.02 0.0 0 6.7 15 210 M M 8 13 22 200
31 81 68 75 24 0 10 0.00 0.0 0 7.2 15 230 M M 7 1 22 230
================================================================================
SM 2217 1507 191 45 2.11 0.0 119.6 M 140
================================================================================
AV 71.5 48.6 3.9 FASTST M M 5 MAX(MPH)
MISC ----> 22 310 34 310
================================================================================
NOTES:
# LAST OF SEVERAL OCCURRENCES
COLUMN 17 PEAK WIND IN M.P.H.
PRELIMINARY LOCAL CLIMATOLOGICAL DATA (WS FORM: F-6) , PAGE 2
STATION: ALMA
MONTH: DECEMBER
YEAR: 2021
LATITUDE: 31 32 N
LONGITUDE: 82 30 W
[TEMPERATURE DATA] [PRECIPITATION DATA] SYMBOLS USED IN COLUMN 16
AVERAGE MONTHLY: 60.1 TOTAL FOR MONTH: 2.11 1 = FOG OR MIST
DPTR FM NORMAL: 6.9 DPTR FM NORMAL: -0.92 2 = FOG REDUCING VISIBILITY
HIGHEST: 82 ON 11 GRTST 24HR 1.15 ON 19-19 TO 1/4 MILE OR LESS
LOWEST: 34 ON 24,23 3 = THUNDER
SNOW, ICE PELLETS, HAIL 4 = ICE PELLETS
TOTAL MONTH: 0.0 INCH 5 = HAIL
GRTST 24HR 0.0 6 = FREEZING RAIN OR DRIZZLE
GRTST DEPTH: 0 7 = DUSTSTORM OR SANDSTORM:
VSBY 1/2 MILE OR LESS
8 = SMOKE OR HAZE
[NO. OF DAYS WITH] [WEATHER - DAYS WITH] 9 = BLOWING SNOW
X = TORNADO
MAX 32 OR BELOW: 0 0.01 INCH OR MORE: 11
MAX 90 OR ABOVE: 0 0.10 INCH OR MORE: 4
MIN 32 OR BELOW: 0 0.50 INCH OR MORE: 2
MIN 0 OR BELOW: 0 1.00 INCH OR MORE: 1
[HDD (BASE 65) ]
TOTAL THIS MO. 191 CLEAR (SCALE 0-3) 12
DPTR FM NORMAL -186 PTCLDY (SCALE 4-7) 17
TOTAL FM JUL 1 545 CLOUDY (SCALE 8-10) 2
DPTR FM NORMAL -94
[CDD (BASE 65) ]
TOTAL THIS MO. 45
DPTR FM NORMAL 33 [PRESSURE DATA]
TOTAL FM JAN 1 2367 HIGHEST SLP 30.44 ON 14
DPTR FM NORMAL -176 LOWEST SLP 29.79 ON 21
[REMARKS]
#FINAL-12-21#