000
CXUS52 KJAX 011413
CLMAMG
CLIMATE REPORT
NATIONAL WEATHER SERVICE JACKSONVILLE FL
913 AM EST FRI DEC 01 2023
...................................
...THE ALMA CLIMATE SUMMARY FOR THE MONTH OF NOVEMBER 2023...
CLIMATE NORMAL PERIOD: 1991 TO 2020
CLIMATE RECORD PERIOD: 1938 TO 2023
WEATHER OBSERVED NORMAL DEPART LAST YEAR`S
VALUE DATE(S) VALUE FROM VALUE DATE(S)
NORMAL
................................................................
TEMPERATURE (F)
RECORD
HIGH 89 11/02/2015
LOW 15 11/25/1950
HIGHEST 85 11/10 84 1 86 11/05
LOWEST 28 11/29 31 -3 30 11/18
AVG. MAXIMUM 70.8 71.5 -0.7 73.1
AVG. MINIMUM 48.1 46.5 1.6 52.4
MEAN 59.4 59.0 0.4 62.8
DAYS MAX >= 90 0 0.0 0.0 0
DAYS MIN <= 32 2 1.8 0.2 1
PRECIPITATION (INCHES)
RECORD
MAXIMUM 7.96 1947
MINIMUM 0.15 1956
TOTALS 1.05 2.21 -1.16 3.42
DAILY AVG. 0.04 0.07 -0.03 0.11
DAYS >= .01 7 6.3 0.7 8
DAYS >= .10 3 3.8 -0.8 6
DAYS >= .50 0 1.6 -1.6 3
DAYS >= 1.00 0 0.5 -0.5 1
GREATEST
24 HR. TOTAL 0.46 11/26 TO 11/26
SNOWFALL (INCHES)
RECORDS
TOTAL T 1950
TOTALS 0.0 0.0 0.0 0.0
DEGREE DAYS
HEATING TOTAL 186 214 -28 136
SINCE 7/1 212 261 -49 MM
COOLING TOTAL 25 34 -9 76
SINCE 1/1 2798 2531 267 MM
................................................................
WIND (MPH)
AVERAGE WIND SPEED 3.8
HIGHEST WIND SPEED/DIRECTION 20/160 DATE 11/21
20/300 11/22
HIGHEST GUST SPEED/DIRECTION 30/180 DATE 11/21
SKY COVER
AVERAGE SKY COVER 0.38
AVERAGE RH (PERCENT) 71
WEATHER CONDITIONS. NUMBER OF DAYS WITH
THUNDERSTORM 0 MIXED PRECIP 0
HEAVY RAIN 2 RAIN 6
LIGHT RAIN 8 FREEZING RAIN 0
LT FREEZING RAIN 0 HAIL 0
HEAVY SNOW 0 SNOW 0
LIGHT SNOW 0 SLEET 0
FOG 18 FOG W/VIS <= 1/4 MILE 2
HAZE 1
- INDICATES NEGATIVE NUMBERS.
R INDICATES RECORD WAS SET OR TIED.
MM INDICATES DATA IS MISSING.
T INDICATES TRACE AMOUNT.
$$