000
CXUS54 KBMX 011010
CF6ANB
PRELIMINARY LOCAL CLIMATOLOGICAL DATA (WS FORM: F-6)
STATION: ANNISTON
MONTH: APRIL
YEAR: 2021
LATITUDE: 33 35 N
LONGITUDE: 85 51 W
TEMPERATURE IN F: :PCPN: SNOW: WIND :SUNSHINE: SKY :PK WND
================================================================================
1 2 3 4 5 6A 6B 7 8 9 10 11 12 13 14 15 16 17 18
12Z AVG MX 2MIN
DY MAX MIN AVG DEP HDD CDD WTR SNW DPTH SPD SPD DIR MIN PSBL S-S WX SPD DR
================================================================================
1 53 38 46 -12 19 0 0.00 0.0 0 10.0 21 360 M M 0 30 360
2 57 34 46 -12 19 0 0.00 0.0 0 5.7 17 10 M M 0 21 10
3 67 30 49 -10 16 0 0.00 0.0 0 3.4 9 260 M M 0 14 270
4 72 36 54 -5 11 0 0.00 0.0 0 2.8 10 250 M M 0 15 290
5 78 40 59 0 6 0 0.00 0.0 M 2.0 12 240 M M 0 16 230
6 81 44 63 4 2 0 0.00 0.0 M 2.9 12 250 M M 0 16 300
7 82 51 67 7 0 2 0.00 0.0 M 3.9 13 230 M M 1 19 250
8 82 58 70 10 0 5 T 0.0 0 8.5 22 240 M M 4 32 240
9 79 55 67 7 0 2 0.06 0.0 0 4.9 22 180 M M 2 3 29 170
10 75 59 67 7 0 2 0.60 0.0 0 6.0 18 250 M M 6 13 23 250
11 74 49 62 1 3 0 0.00 0.0 0 4.3 16 240 M M 2 1 19 240
12 84 44 64 3 1 0 0.00 0.0 0 3.8 16 260 M M 0 22 250
13 86 51 69 8 0 4 0.00 0.0 0 2.1 12 280 M M 0 18 15 280
14 77 51 64 3 1 0 0.03 0.0 0 4.7 15 240 M M 5 18 20 280
15 73 52 63 1 2 0 0.01 0.0 0 6.9 14 350 M M 4 1 21 10
16 68 48 58 -4 7 0 T 0.0 0 2.1 8 30 M M 1 11 40
17 73 54 64 2 1 0 0.00 0.0 0 4.3 14 270 M M 6 18 270
18 71 50 61 -1 4 0 0.00 0.0 0 4.4 12 270 M M 5 16 260
19 72 45 59 -4 6 0 0.00 0.0 M 4.4 12 330 M M 0 16 320
20 76 46 61 -2 4 0 0.00 0.0 M 3.8 15 220 M M 0 18 310
21 57 37 47 -16 18 0 0.00 0.0 0 6.6 18 360 M M 2 24 340
22 64 33 49 -14 16 0 0.00 0.0 0 3.0 12 290 M M 0 16 340
23 72 43 58 -6 7 0 0.00 0.0 M M 17 110 M M M M M
24 81 54 68 4 0 3 1.31 0.0 M 9.0 31 270 M M M 45 260
25 71 49 60 -4 5 0 0.00 0.0 0 6.1 15 10 M M M 20 10
26 81 46 64 0 1 0 0.00 0.0 0 3.4 10 120 M M 0 1 14 60
27 83 54 69 4 0 4 0.00 0.0 0 4.9 15 170 M M 1 20 220
28 84 63 74 9 0 9 0.00 0.0 0 3.4 15 200 M M 1 21 210
29 78 61 70 5 0 5 0.54 0.0 0 6.3 16 250 M M 4 138 21 250
30 77 55 66 0 0 1 0.00 0.0 0 4.1 14 340 M M 2 19 360
================================================================================
SM 2228 1430 149 37 2.55 0.0 137.7 M 46
================================================================================
AV 74.3 47.7 4.7 FASTST M M 2 MAX(MPH)
MISC ----> 31 270 45 260
================================================================================
NOTES:
# LAST OF SEVERAL OCCURRENCES
COLUMN 17 PEAK WIND IN M.P.H.
PRELIMINARY LOCAL CLIMATOLOGICAL DATA (WS FORM: F-6) , PAGE 2
STATION: ANNISTON
MONTH: APRIL
YEAR: 2021
LATITUDE: 33 35 N
LONGITUDE: 85 51 W
[TEMPERATURE DATA] [PRECIPITATION DATA] SYMBOLS USED IN COLUMN 16
AVERAGE MONTHLY: 61.0 TOTAL FOR MONTH: 2.55 1 = FOG OR MIST
DPTR FM NORMAL: -0.7 DPTR FM NORMAL: -1.56 2 = FOG REDUCING VISIBILITY
HIGHEST: 86 ON 13 GRTST 24HR 1.31 ON 24-24 TO 1/4 MILE OR LESS
LOWEST: 30 ON 3 3 = THUNDER
SNOW, ICE PELLETS, HAIL 4 = ICE PELLETS
TOTAL MONTH: 0.0 INCH 5 = HAIL
GRTST 24HR 0.0 6 = FREEZING RAIN OR DRIZZLE
GRTST DEPTH: 0 7 = DUSTSTORM OR SANDSTORM:
VSBY 1/2 MILE OR LESS
8 = SMOKE OR HAZE
[NO. OF DAYS WITH] [WEATHER - DAYS WITH] 9 = BLOWING SNOW
X = TORNADO
MAX 32 OR BELOW: 0 0.01 INCH OR MORE: 6
MAX 90 OR ABOVE: 0 0.10 INCH OR MORE: 3
MIN 32 OR BELOW: 1 0.50 INCH OR MORE: 3
MIN 0 OR BELOW: 0 1.00 INCH OR MORE: 1
[HDD (BASE 65) ]
TOTAL THIS MO. 149 CLEAR (SCALE 0-3) 20
DPTR FM NORMAL 3 PTCLDY (SCALE 4-7) 7
TOTAL FM JUL 1 2334 CLOUDY (SCALE 8-10) 3
DPTR FM NORMAL -420
[CDD (BASE 65) ]
TOTAL THIS MO. 37
DPTR FM NORMAL -12 [PRESSURE DATA]
TOTAL FM JAN 1 72 HIGHEST SLP 30.51 ON 2
DPTR FM NORMAL 10 LOWEST SLP 29.57 ON 24
[REMARKS]
#FINAL-04-21#