000
CXUS52 KGSP 010917
CF6AND
PRELIMINARY LOCAL CLIMATOLOGICAL DATA (WS FORM: F-6)
STATION: ANDERSON SC
MONTH: FEBRUARY
YEAR: 2023
LATITUDE: 34 30 N
LONGITUDE: 82 43 W
TEMPERATURE IN F: :PCPN: SNOW: WIND :SUNSHINE: SKY :PK WND
================================================================================
1 2 3 4 5 6A 6B 7 8 9 10 11 12 13 14 15 16 17 18
12Z AVG MX 2MIN
DY MAX MIN AVG DEP HDD CDD WTR SNW DPTH SPD SPD DIR MIN PSBL S-S WX SPD DR
================================================================================
1 68 48 58 14 7 0 0.02 M M 9.8 16 70 M M 9 1 21 270
2 48 44 46 2 19 0 0.80 M M 3.9 12 40 M M 10 1 13 40
3 57 32 45 1 20 0 T M M 6.3 17 290 M M 3 22 290
4 47 29 38 -6 27 0 0.00 M M 2.8 13 90 M M 0 16 80
5 59 30 45 1 20 0 0.00 M M 3.1 12 220 M M 2 16 210
6 64 33 49 4 16 0 0.00 M M 3.5 13 230 M M 0 17 240
7 66 33 50 5 15 0 0.00 M M 2.4 13 200 M M 0 17 250
8 72 39 56 11 9 0 0.00 M M 1.9 9 210 M M 6 12 220
9 68 48 58 13 7 0 0.33 M M 6.6 21 260 M M 7 1 29 230
10 64 49 57 12 8 0 0.15 M M 5.0 9 210 M M 6 12 12 40
11 56 41 49 3 16 0 0.82 M M 12.0 25 40 M M 5 13 37 30
12 49 39 44 -2 21 0 0.37 M M 11.6 30 60 M M 7 1 40 60
13 69 31 50 4 15 0 0.00 M M 7.1 17 240 M M 0 22 230
14 70 34 52 6 13 0 0.00 M M 4.0 14 180 M M 0 18 170
15 56 44 50 4 15 0 0.01 M M 2.7 10 200 M M 8 1 13 200
16 71 47 59 12 6 0 0.00 M M 4.9 18 210 M M 7 1 23 240
17 66 37 52 5 13 0 0.50 M M 14.9 29 250 M M 5 1 35 270
18 56 26 41 -6 24 0 0.00 M M 1.0 8 240 M M 0 11 220
19 62 35 49 2 16 0 0.00 M M 5.1 17 230 M M 2 21 260
20 72 45 59 11 6 0 0.00 M M 9.2 22 250 M M 0 27 250
21 76 56 66 18 0 1 0.03 M M 9.9 21 240 M M 4 1 28 260
22 79 56 68 20 0 3 0.00 M M 9.6 23 230 M M 5 1 30 200
23 79 65 72 24 0 7 0.01 M M 10.8 24 260 M M 6 30 260
24 78 54 66 18 0 1 0.26 M M 6.1 14 90 M M 6 1 19 10
25 55 51 53 4 12 0 T M M 5.2 13 70 M M 10 17 90
26 74 51 63 14 2 0 0.00 M M 6.4 20 240 M M 6 12 26 230
27 71 54 63 14 2 0 T M M 11.0 29 210 M M 5 36 210
28 79 53 66 17 0 1 0.00 M M 8.8 18 220 M M 0 25 250
================================================================================
SM 1831 1204 309 13 3.30 M 185.6 M 119
================================================================================
AV 65.4 43.0 6.6 FASTST M M 4 MAX(MPH)
MISC ----> 30 60 40 60
================================================================================
NOTES:
# LAST OF SEVERAL OCCURRENCES
COLUMN 17 PEAK WIND IN M.P.H.
PRELIMINARY LOCAL CLIMATOLOGICAL DATA (WS FORM: F-6) , PAGE 2
STATION: ANDERSON SC
MONTH: FEBRUARY
YEAR: 2023
LATITUDE: 34 30 N
LONGITUDE: 82 43 W
[TEMPERATURE DATA] [PRECIPITATION DATA] SYMBOLS USED IN COLUMN 16
AVERAGE MONTHLY: 54.2 TOTAL FOR MONTH: 3.30 1 = FOG OR MIST
DPTR FM NORMAL: 7.8 DPTR FM NORMAL: -0.58 2 = FOG REDUCING VISIBILITY
HIGHEST: 79 ON 28,23 GRTST 24HR 1.19 ON 11-12 TO 1/4 MILE OR LESS
LOWEST: 26 ON 18 3 = THUNDER
SNOW, ICE PELLETS, HAIL 4 = ICE PELLETS
TOTAL MONTH: M 5 = HAIL
GRTST 24HR M ON M 6 = FREEZING RAIN OR DRIZZLE
GRTST DEPTH: M ON M 7 = DUSTSTORM OR SANDSTORM:
VSBY 1/2 MILE OR LESS
8 = SMOKE OR HAZE
[NO. OF DAYS WITH] [WEATHER - DAYS WITH] 9 = BLOWING SNOW
X = TORNADO
MAX 32 OR BELOW: 0 0.01 INCH OR MORE: 11
MAX 90 OR ABOVE: 0 0.10 INCH OR MORE: 7
MIN 32 OR BELOW: 5 0.50 INCH OR MORE: 3
MIN 0 OR BELOW: 0 1.00 INCH OR MORE: 0
[HDD (BASE 65) ]
TOTAL THIS MO. 309 CLEAR (SCALE 0-3) 11
DPTR FM NORMAL -211 PTCLDY (SCALE 4-7) 14
TOTAL FM JUL 1 1908 CLOUDY (SCALE 8-10) 3
DPTR FM NORMAL -448
[CDD (BASE 65) ]
TOTAL THIS MO. 13
DPTR FM NORMAL 12 [PRESSURE DATA]
TOTAL FM JAN 1 13 HIGHEST SLP 30.63 ON 4
DPTR FM NORMAL 13 LOWEST SLP 29.59 ON 27
[REMARKS]
#FINAL-02-23#