000
CXUS53 KAPX 131221
CLMANJ
CLIMATE REPORT
NATIONAL WEATHER SERVICE
821 AM EDT WED SEP 13 2023
...................................
...THE SAULT STE MARIE MI CLIMATE SUMMARY FOR THE MONTH OF JUNE 2023...
CLIMATE NORMAL PERIOD: 1991 TO 2020
CLIMATE RECORD PERIOD: 1888 TO 2023
WEATHER OBSERVED NORMAL DEPART LAST YEAR`S
VALUE DATE(S) VALUE FROM VALUE
NORMAL
..............................................................
TEMPERATURE (F)
RECORD
HIGH 93 06/26/1983
06/30/1927
06/27/1901
LOW 26 06/03/1982
HIGHEST 89 06/02 MM MM
LOWEST 43 06/08 MM MM
AVG. MAXIMUM 74.8 72.5 2.3
AVG. MINIMUM 53.2 49.7 3.5
MEAN 64.0 61.1 2.9
DAYS MAX <= 32 0 0.0 0.0
DAYS MIN <= 0 0 0.0 0.0
DAYS MIN <= -20 MM
PRECIPITATION (INCHES)
TOTALS 3.61 2.85 0.76
DAYS >= .01 8 11.1 -3.1
DAYS >= .10 6 6.0 0.0
DAYS >= .50 3 1.9 1.1
DAYS >= 1.00 1 0.4 0.6
GREATEST
24 HR. TOTAL 1.31 06/12 TO 06/13
SNOWFALL (INCHES)
RECORDS
TOTAL MM MM
TOTALS 0.0 0.0 0.0 0.0
DAYS >= TRACE 0 0.0 0
GREATEST
SNOW DEPTH MM 0
DEGREE DAYS
HEATING TOTAL 104 150 -46
SINCE 7/1 7452 8458 -1006
COOLING TOTAL 82 33 49
SINCE 1/1 15 40 -25
..............................................................
WIND (MPH)
AVERAGE WIND SPEED 4.9
HIGHEST WIND SPEED/DIRECTION 20/300 DATE 06/07
HIGHEST GUST SPEED/DIRECTION 30/300 DATE 06/07
SKY COVER
AVERAGE SKY COVER MM
AVERAGE RH (PERCENT) MM
- INDICATES NEGATIVE NUMBERS.
R INDICATES RECORD WAS SET OR TIED.
MM INDICATES DATA IS MISSING.
T INDICATES TRACE AMOUNT.
$$