000
CXUS54 KEWX 011110
CF6AQO
PRELIMINARY LOCAL CLIMATOLOGICAL DATA (WS FORM: F-6)
STATION: LLANO MUNICIPAL AIRPORT
MONTH: DECEMBER
YEAR: 2021
LATITUDE: 30 47 N
LONGITUDE: 98 40 W
TEMPERATURE IN F: :PCPN: SNOW: WIND :SUNSHINE: SKY :PK WND
================================================================================
1 2 3 4 5 6A 6B 7 8 9 10 11 12 13 14 15 16 17 18
12Z AVG MX 2MIN
DY MAX MIN AVG DEP HDD CDD WTR SNW DPTH SPD SPD DIR MIN PSBL S-S WX SPD DR
================================================================================
1 75 41 58 M 7 0 0.00 M M 1.7 7 240 M M 3 14 250
2 81 41 61 M 4 0 0.00 M M 2.2 6 190 M M 3 12 M M
3 79 54 67 M 0 2 0.00 M M 3.8 13 110 M M 4 1 17 110
4 79 52 66 M 0 1 0.00 M M 2.5 8 110 M M 7 12 M M
5 75 63 69 M 0 4 0.00 M M 5.3 15 210 M M 9 22 210
6 63 34 49 M 16 0 0.00 M M 7.9 20 340 M M 6 12 33 340
7 73 32 53 M 12 0 0.00 M M 2.8 9 160 M M 4 M M
8 79 37 58 M 7 0 0.00 M M 2.8 8 110 M M 3 8 M M
9 82 52 67 M 0 2 0.00 M M 2.8 9 220 M M 3 128 12 220
10 90 55 73 M 0 8 0.00 M M 6.3 17 190 M M 4 18 28 200
11 68 27 48 M 17 0 0.00 M M 9.9 23 350 M M 6 35 350
12 64 19 42 M 23 0 0.00 M M 3.1 8 110 M M 4 14 110
13 77 32 55 M 10 0 0.00 M M 5.2 23 200 M M 7 30 200
14 79 57 68 M 0 3 0.00 M M 5.5 14 200 M M 10 1 22 200
15 81 68 75 M 0 10 0.00 M M 11.1 22 200 M M 10 31 200
16 75 64 70 M 0 5 0.00 M M 5.5 10 200 M M 9 16 210
17 77 66 72 M 0 7 0.00 M M 7.0 15 180 M M 8 21 180
18 66 41 54 M 11 0 0.16 M M 10.4 20 10 M M 6 13 29 10
19 52 37 45 M 20 0 0.00 M M 5.5 10 350 M M 9 16 10
20 63 30 47 M 18 0 0.00 M M 3.5 8 100 M M 4 13 99
21 72 30 51 M 14 0 0.00 M M 2.3 9 240 M M 3 12 260
22 77 32 55 M 10 0 0.00 M M 1.7 7 130 M M 2 8 M M
23 81 36 59 M 6 0 0.00 M M 3.7 17 190 M M 2 12 21 190
24 84 48 66 M 0 1 0.00 M M 5.5 12 190 M M 3 12 20 190
25 82 50 66 M 0 1 0.00 M M 1.9 7 130 M M 3 12 M M
26 81 50 66 M 0 1 0.00 M M 3.6 14 170 M M 5 12 18 170
27 73 52 63 M 2 0 0.00 M M 2.2 9 170 M M 8 12 15 170
28 81 57 69 M 0 4 0.00 M M 4.0 12 180 M M 4 128 20 180
29 79 48 64 M 1 0 0.00 M M 3.5 14 310 M M 6 12 17 320
30 82 43 63 M 2 0 0.00 M M 3.1 10 200 M M 5 15 200
31 82 48 65 M 0 0 0.00 M M 4.1 13 150 M M 5 12 18 150
================================================================================
SM 2352 1396 180 49 0.16 M 140.4 M 165
================================================================================
AV 75.9 45.0 4.5 FASTST M M 5 MAX(MPH)
MISC ----> # 23 350 35 350
================================================================================
NOTES:
# LAST OF SEVERAL OCCURRENCES
COLUMN 17 PEAK WIND IN M.P.H.
PRELIMINARY LOCAL CLIMATOLOGICAL DATA (WS FORM: F-6) , PAGE 2
STATION: LLANO MUNICIPAL AIRPORT
MONTH: DECEMBER
YEAR: 2021
LATITUDE: 30 47 N
LONGITUDE: 98 40 W
[TEMPERATURE DATA] [PRECIPITATION DATA] SYMBOLS USED IN COLUMN 16
AVERAGE MONTHLY: 60.5 TOTAL FOR MONTH: 0.16 1 = FOG OR MIST
DPTR FM NORMAL: 0.0 DPTR FM NORMAL: M 2 = FOG REDUCING VISIBILITY
HIGHEST: 90 ON 10 GRTST 24HR 0.16 ON 18-18 TO 1/4 MILE OR LESS
LOWEST: 19 ON 12 3 = THUNDER
SNOW, ICE PELLETS, HAIL 4 = ICE PELLETS
TOTAL MONTH: M 5 = HAIL
GRTST 24HR M ON M 6 = FREEZING RAIN OR DRIZZLE
GRTST DEPTH: M ON M 7 = DUSTSTORM OR SANDSTORM:
VSBY 1/2 MILE OR LESS
8 = SMOKE OR HAZE
[NO. OF DAYS WITH] [WEATHER - DAYS WITH] 9 = BLOWING SNOW
X = TORNADO
MAX 32 OR BELOW: 0 0.01 INCH OR MORE: 1
MAX 90 OR ABOVE: 1 0.10 INCH OR MORE: 1
MIN 32 OR BELOW: 7 0.50 INCH OR MORE: 0
MIN 0 OR BELOW: 0 1.00 INCH OR MORE: 0
[HDD (BASE 65) ]
TOTAL THIS MO. 180 CLEAR (SCALE 0-3) 8
DPTR FM NORMAL M PTCLDY (SCALE 4-7) 17
TOTAL FM JUL 1 450 CLOUDY (SCALE 8-10) 6
DPTR FM NORMAL M
[CDD (BASE 65) ]
TOTAL THIS MO. 49
DPTR FM NORMAL M [PRESSURE DATA]
TOTAL FM JAN 1 2636 HIGHEST SLP M ON M
DPTR FM NORMAL M LOWEST SLP M ON M
[REMARKS]
#FINAL-12-21#