000
CXUS56 KPQR 162302
CF6AST
PRELIMINARY LOCAL CLIMATOLOGICAL DATA (WS FORM: F-6)
STATION: ASTORIA OR
MONTH: JUNE
YEAR: 2023
LATITUDE: 46 9 N
LONGITUDE: 123 53 W
TEMPERATURE IN F: :PCPN: SNOW: WIND :SUNSHINE: SKY :PK WND
================================================================================
1 2 3 4 5 6A 6B 7 8 9 10 11 12 13 14 15 16 17 18
12Z AVG MX 2MIN
DY MAX MIN AVG DEP HDD CDD WTR SNW DPTH SPD SPD DIR MIN PSBL S-S WX SPD DR
================================================================================
1 62 46 54 -2 11 0 0.00 M M 10.4 21 320 M M 2 25 320
2 62 45 54 -2 11 0 0.00 M M 6.0 14 310 M M 3 17 310
3 66 44 55 -1 10 0 0.00 M M 9.8 22 310 M M 2 26 310
4 63 51 57 1 8 0 0.00 M M 17.3 31 320 M M 1 41 320
5 67 40 54 -2 11 0 0.00 M M 10.9 28 320 M M 0 35 330
6 77 41 59 3 6 0 0.00 M M 7.5 21 300 M M 0 27 320
7 62 48 55 -1 10 0 0.00 M M 9.2 17 240 M M 4 1 24 230
8 62 54 58 2 7 0 0.00 M M 7.8 14 250 M M 7 19 250
9 57 53 55 -1 10 0 0.04 M M 4.9 9 260 M M 9 1 13 210
10 65 52 59 2 6 0 0.01 M M 6.9 17 310 M M 7 1 22 320
11 68 54 61 4 4 0 T M M 11.0 23 310 M M 3 28 320
12 68 54 61 4 4 0 0.00 M M 6.6 14 280 M M 4 18 17 270
13 61 54 58 1 7 0 0.01 M M 9.4 17 300 M M 10 18 20 310
14 60 51 56 -1 9 0 T M M 10.4 18 300 M M 10 8 25 300
15 64 51 58 1 7 0 0.00 M M 9.2 17 310 M M 5 22 280
16 65 49 57 0 8 0 T M M 6.5 16 330 M M 8 1 20 330
17 59 50 55 -2 10 0 T M M 8.8 17 320 M M 10 20 320
18 58 47 53 -5 12 0 0.45 M M 6.5 16 270 M M 7 1 22 270
19 61 46 54 -4 11 0 0.17 M M 8.9 18 260 M M 7 1 28 250
20 63 50 57 -1 8 0 0.01 M M 7.6 18 240 M M 6 1 29 240
21 67 46 57 -1 8 0 0.00 M M 7.7 18 310 M M 1 12 22 320
22 73 47 60 2 5 0 0.00 M M 8.6 23 320 M M 1 1 29 310
23 58 52 55 -3 10 0 0.00 M M 5.7 12 260 M M 10 1 14 280
24 66 54 60 2 5 0 0.00 M M 8.9 20 310 M M 5 24 310
25 65 53 59 1 6 0 T M M 10.4 17 300 M M 9 1 22 290
26 63 54 59 0 6 0 0.03 M M 6.6 13 280 M M 10 1 16 320
27 64 54 59 0 6 0 0.00 M M 5.3 13 290 M M 10 18 15 230
28 66 53 60 1 5 0 0.01 M M 5.7 15 290 M M 9 1 18 280
29 72 55 64 5 1 0 0.00 M M 8.0 20 320 M M 6 1 26 320
30 66 54 60 1 5 0 T M M 13.4 22 300 M M 6 1 26 310
================================================================================
SM 1930 1502 227 0 0.73 M 255.9 M 172
================================================================================
AV 64.3 50.1 8.5 FASTST M M 6 MAX(MPH)
MISC ----> 31 320 41 320
================================================================================
NOTES:
# LAST OF SEVERAL OCCURRENCES
COLUMN 17 PEAK WIND IN M.P.H.
PRELIMINARY LOCAL CLIMATOLOGICAL DATA (WS FORM: F-6) , PAGE 2
STATION: ASTORIA OR
MONTH: JUNE
YEAR: 2023
LATITUDE: 46 9 N
LONGITUDE: 123 53 W
[TEMPERATURE DATA] [PRECIPITATION DATA] SYMBOLS USED IN COLUMN 16
AVERAGE MONTHLY: 57.2 TOTAL FOR MONTH: 0.73 1 = FOG OR MIST
DPTR FM NORMAL: -0.1 DPTR FM NORMAL: -1.57 2 = FOG REDUCING VISIBILITY
HIGHEST: 77 ON 6 GRTST 24HR 0.45 ON 17-18 TO 1/4 MILE OR LESS
LOWEST: 40 ON 5 3 = THUNDER
SNOW, ICE PELLETS, HAIL 4 = ICE PELLETS
TOTAL MONTH: M 5 = HAIL
GRTST 24HR M ON M 6 = FREEZING RAIN OR DRIZZLE
GRTST DEPTH: M ON M 7 = DUSTSTORM OR SANDSTORM:
VSBY 1/2 MILE OR LESS
8 = SMOKE OR HAZE
[NO. OF DAYS WITH] [WEATHER - DAYS WITH] 9 = BLOWING SNOW
X = TORNADO
MAX 32 OR BELOW: 0 0.01 INCH OR MORE: 8
MAX 90 OR ABOVE: 0 0.10 INCH OR MORE: 2
MIN 32 OR BELOW: 0 0.50 INCH OR MORE: 0
MIN 0 OR BELOW: 0 1.00 INCH OR MORE: 0
[HDD (BASE 65) ]
TOTAL THIS MO. 227 CLEAR (SCALE 0-3) 7
DPTR FM NORMAL -6 PTCLDY (SCALE 4-7) 13
TOTAL FM JUL 1 4778 CLOUDY (SCALE 8-10) 10
DPTR FM NORMAL -180
[CDD (BASE 65) ]
TOTAL THIS MO. 0
DPTR FM NORMAL -2 [PRESSURE DATA]
TOTAL FM JAN 1 14 HIGHEST SLP 30.27 ON 4
DPTR FM NORMAL 10 LOWEST SLP 29.75 ON 6
[REMARKS]
#FINAL-06-23#