000
CXUS52 KFFC 011010
CF6ATL
PRELIMINARY LOCAL CLIMATOLOGICAL DATA (WS FORM: F-6)
STATION: ATLANTA
MONTH: MAY
YEAR: 2022
LATITUDE: 33 39 N
LONGITUDE: 84 26 W
TEMPERATURE IN F: :PCPN: SNOW: WIND :SUNSHINE: SKY :PK WND
================================================================================
1 2 3 4 5 6A 6B 7 8 9 10 11 12 13 14 15 16 17 18
12Z AVG MX 2MIN
DY MAX MIN AVG DEP HDD CDD WTR SNW DPTH SPD SPD DIR MIN PSBL S-S WX SPD DR
================================================================================
1 81 65 73 6 0 8 0.00 0.0 M 8.2 17 190 M M 6 18 27 200
2 86 65 76 8 0 11 0.00 0.0 M 6.1 16 270 M M 6 3 25 280
3 86 66 76 8 0 11 0.00 0.0 M 7.2 18 220 M M 6 30 220
4 87 64 76 8 0 11 0.41 0.0 M 6.5 29 250 M M 7 138 48 240
5 87 67 77 9 0 12 0.00 0.0 M 6.0 14 220 M M 7 20 230
6 80 67 74 5 0 9 0.15 0.0 M 12.5 31 240 M M 7 13 46 220
7 69 60 65 -4 0 0 0.00 0.0 0 14.2 25 290 M M 8 34 290
8 69 54 62 -7 3 0 T 0.0 0 7.2 14 330 M M 6 1 19 30
9 73 53 63 -6 2 0 0.00 0.0 M 7.9 21 80 M M 2 8 28 70
10 82 57 70 0 0 5 0.00 0.0 M 6.5 17 90 M M 2 22 90
11 84 60 72 2 0 7 0.00 0.0 M 6.1 16 330 M M 2 8 23 340
12 85 64 75 5 0 10 0.00 0.0 M 10.3 18 70 M M 2 8 26 50
13 79 65 72 2 0 7 T 0.0 M 10.3 18 70 M M 7 38 23 90
14 82 63 73 2 0 8 0.00 0.0 0 4.1 13 100 M M 7 18 16 40
15 86 66 76 5 0 11 T 0.0 M 6.0 23 30 M M 6 38 30 30
16 87 66 77 6 0 12 0.00 0.0 M 9.2 20 310 M M 5 26 290
17 85 60 73 1 0 8 0.00 0.0 M 6.6 14 290 M M 2 8 18 350
18 88 63 76 4 0 11 0.00 0.0 M 5.4 15 200 M M 5 8 22 200
19 90 70 80 8 0 15 0.00 0.0 M 8.2 16 240 M M 5 8 24 240
20 88 69 79 7 0 14 0.00 0.0 M 8.8 18 210 M M 6 30 200
21 89 71 80 8 0 15 0.00 0.0 M 7.7 16 170 M M 6 23 160
22 88 70 79 6 0 14 0.02 0.0 0 7.6 24 210 M M 8 8 36 220
23 78 68 73 0 0 8 1.47 0.0 M 9.5 29 250 M M 9 13 45 200
24 84 68 76 3 0 11 T 0.0 M 5.9 25 150 M M 8 40 160
25 80 68 74 0 0 9 0.20 0.0 M 10.8 18 90 M M 9 1 25 100
26 76 69 73 -1 0 8 0.18 0.0 M 9.5 21 230 M M 9 138 33 220
27 82 66 74 0 0 9 T 0.0 M 10.8 20 260 M M 6 27 230
28 81 60 71 -3 0 6 0.00 0.0 M 6.8 13 280 M M 2 19 320
29 86 68 77 3 0 12 0.00 0.0 M 6.6 14 150 M M 3 20 120
30 89 68 79 4 0 14 T 0.0 0 M M M M M 5 M M
31 87 67 77 2 0 12 0.00 0.0 M 5.2 10 100 M M 5 16 20
================================================================================
SM 2574 2007 5 288 2.43 0.0 237.7 M 174
================================================================================
AV 83.0 64.7 7.9 FASTST M M 6 MAX(MPH)
MISC ----> 31 240 48 240
================================================================================
NOTES:
# LAST OF SEVERAL OCCURRENCES
COLUMN 17 PEAK WIND IN M.P.H.
PRELIMINARY LOCAL CLIMATOLOGICAL DATA (WS FORM: F-6) , PAGE 2
STATION: ATLANTA
MONTH: MAY
YEAR: 2022
LATITUDE: 33 39 N
LONGITUDE: 84 26 W
[TEMPERATURE DATA] [PRECIPITATION DATA] SYMBOLS USED IN COLUMN 16
AVERAGE MONTHLY: 73.9 TOTAL FOR MONTH: 2.43 1 = FOG OR MIST
DPTR FM NORMAL: 2.7 DPTR FM NORMAL: -1.13 2 = FOG REDUCING VISIBILITY
HIGHEST: 90 ON 19 GRTST 24HR 1.49 ON 22-23 TO 1/4 MILE OR LESS
LOWEST: 53 ON 9 3 = THUNDER
SNOW, ICE PELLETS, HAIL 4 = ICE PELLETS
TOTAL MONTH: 0.0 INCH 5 = HAIL
GRTST 24HR 0.0 6 = FREEZING RAIN OR DRIZZLE
GRTST DEPTH: 0 7 = DUSTSTORM OR SANDSTORM:
VSBY 1/2 MILE OR LESS
8 = SMOKE OR HAZE
[NO. OF DAYS WITH] [WEATHER - DAYS WITH] 9 = BLOWING SNOW
X = TORNADO
MAX 32 OR BELOW: 0 0.01 INCH OR MORE: 6
MAX 90 OR ABOVE: 1 0.10 INCH OR MORE: 5
MIN 32 OR BELOW: 0 0.50 INCH OR MORE: 1
MIN 0 OR BELOW: 0 1.00 INCH OR MORE: 1
[HDD (BASE 65) ]
TOTAL THIS MO. 5 CLEAR (SCALE 0-3) 6
DPTR FM NORMAL -17 PTCLDY (SCALE 4-7) 21
TOTAL FM JUL 1 2042 CLOUDY (SCALE 8-10) 4
DPTR FM NORMAL -484
[CDD (BASE 65) ]
TOTAL THIS MO. 288
DPTR FM NORMAL 74 [PRESSURE DATA]
TOTAL FM JAN 1 370 HIGHEST SLP 30.30 ON 10
DPTR FM NORMAL 72 LOWEST SLP 29.64 ON 6
[REMARKS]
#FINAL-05-22#