000
CXUS52 KFFC 011533
CF6ATL
PRELIMINARY LOCAL CLIMATOLOGICAL DATA (WS FORM: F-6)
STATION: ATLANTA
MONTH: NOVEMBER
YEAR: 2021
LATITUDE: 33 39 N
LONGITUDE: 84 26 W
TEMPERATURE IN F: :PCPN: SNOW: WIND :SUNSHINE: SKY :PK WND
================================================================================
1 2 3 4 5 6A 6B 7 8 9 10 11 12 13 14 15 16 17 18
12Z AVG MX 2MIN
DY MAX MIN AVG DEP HDD CDD WTR SNW DPTH SPD SPD DIR MIN PSBL S-S WX SPD DR
================================================================================
1 71 46 59 0 6 0 0.00 0.0 M 5.5 12 80 M M 1 16 330
2 70 48 59 1 6 0 0.00 0.0 M 8.1 16 340 M M 2 21 320
3 60 43 52 -6 13 0 T M M 9.9 21 80 M M 7 26 40
4 50 46 48 -10 17 0 0.09 0.0 0 10.5 16 70 M M 10 1 25 40
5 55 43 49 -8 16 0 0.00 0.0 M 11.1 20 70 M M 9 25 80
6 59 44 52 -5 13 0 0.00 0.0 M 11.0 21 40 M M 8 29 40
7 67 39 53 -4 12 0 0.00 0.0 0 7.4 15 320 M M 1 20 310
8 74 42 58 2 7 0 0.00 0.0 0 4.6 8 340 M M 0 13 340
9 78 45 62 6 3 0 0.00 0.0 0 2.2 7 250 M M 3 10 220
10 76 50 63 7 2 0 0.00 0.0 M 3.7 9 200 M M 5 13 210
11 74 54 64 9 1 0 0.70 0.0 M 8.1 20 290 M M 8 1 27 300
12 68 48 58 3 7 0 0.00 0.0 0 6.1 16 300 M M 2 20 290
13 56 38 47 -8 18 0 0.00 0.0 M 9.9 18 330 M M 1 31 320
14 60 35 48 -6 17 0 0.00 0.0 M 9.0 18 310 M M 1 28 340
15 62 41 52 -2 13 0 0.00 0.0 0 7.6 17 330 M M 2 23 360
16 73 45 59 5 6 0 0.00 0.0 M 5.3 15 260 M M 2 20 260
17 74 48 61 7 4 0 0.00 0.0 0 3.6 12 190 M M 0 17 210
18 75 46 61 8 4 0 0.00 0.0 M 8.1 23 340 M M 5 31 320
19 63 37 50 -3 15 0 0.00 0.0 0 9.5 20 330 M M 2 27 330
20 58 37 48 -5 17 0 0.00 0.0 0 11.8 20 90 M M 3 26 80
21 65 44 55 3 10 0 0.00 0.0 M 6.5 14 90 M M 8 19 90
22 61 40 51 -1 14 0 0.36 0.0 0 12.7 24 320 M M 6 1 32 310
23 54 32 43 -9 22 0 0.00 0.0 0 8.5 16 320 M M 2 22 330
24 59 33 46 -6 19 0 0.00 0.0 0 4.5 10 170 M M 3 15 190
25 67 36 52 1 13 0 0.16 0.0 M 5.8 15 270 M M 7 1 20 260
26 56 38 47 -4 18 0 0.01 0.0 0 14.4 25 320 M M 4 1 33 290
27 63 35 49 -2 16 0 0.00 0.0 0 7.4 16 330 M M 3 21 340
28 57 41 49 -2 16 0 0.00 0.0 0 8.1 17 330 M M 7 23 340
29 55 37 46 -4 19 0 0.00 0.0 M 11.6 20 320 M M 2 28 340
30 66 35 51 1 14 0 0.00 0.0 M 5.6 14 290 M M 1 23 290
================================================================================
SM 1926 1246 358 0 1.32 0.0 238.1 M 115
================================================================================
AV 64.2 41.5 7.9 FASTST M M 4 MAX(MPH)
MISC ----> 25 320 33 290
================================================================================
NOTES:
# LAST OF SEVERAL OCCURRENCES
COLUMN 17 PEAK WIND IN M.P.H.
PRELIMINARY LOCAL CLIMATOLOGICAL DATA (WS FORM: F-6) , PAGE 2
STATION: ATLANTA
MONTH: NOVEMBER
YEAR: 2021
LATITUDE: 33 39 N
LONGITUDE: 84 26 W
[TEMPERATURE DATA] [PRECIPITATION DATA] SYMBOLS USED IN COLUMN 16
AVERAGE MONTHLY: 52.9 TOTAL FOR MONTH: 1.32 1 = FOG OR MIST
DPTR FM NORMAL: -1.3 DPTR FM NORMAL: -2.66 2 = FOG REDUCING VISIBILITY
HIGHEST: 78 ON 9 GRTST 24HR 0.70 ON 11-11 TO 1/4 MILE OR LESS
LOWEST: 32 ON 23 3 = THUNDER
SNOW, ICE PELLETS, HAIL 4 = ICE PELLETS
TOTAL MONTH: 0.0 INCH 5 = HAIL
GRTST 24HR 0.0 6 = FREEZING RAIN OR DRIZZLE
GRTST DEPTH: 0 7 = DUSTSTORM OR SANDSTORM:
VSBY 1/2 MILE OR LESS
8 = SMOKE OR HAZE
[NO. OF DAYS WITH] [WEATHER - DAYS WITH] 9 = BLOWING SNOW
X = TORNADO
MAX 32 OR BELOW: 0 0.01 INCH OR MORE: 5
MAX 90 OR ABOVE: 0 0.10 INCH OR MORE: 3
MIN 32 OR BELOW: 1 0.50 INCH OR MORE: 1
MIN 0 OR BELOW: 0 1.00 INCH OR MORE: 0
[HDD (BASE 65) ]
TOTAL THIS MO. 358 CLEAR (SCALE 0-3) 17
DPTR FM NORMAL 22 PTCLDY (SCALE 4-7) 10
TOTAL FM JUL 1 424 CLOUDY (SCALE 8-10) 3
DPTR FM NORMAL -16
[CDD (BASE 65) ]
TOTAL THIS MO. 0
DPTR FM NORMAL -10 [PRESSURE DATA]
TOTAL FM JAN 1 2025 HIGHEST SLP 30.48 ON 20
DPTR FM NORMAL -23 LOWEST SLP 29.91 ON 11
[REMARKS]
#FINAL-11-21#