000
CXUS54 KMAF 011210
CF6ATS
PRELIMINARY LOCAL CLIMATOLOGICAL DATA (WS FORM: F-6)
STATION: ARTESIA
MONTH: DECEMBER
YEAR: 2022
LATITUDE: 32 54 N
LONGITUDE: 104 30 W
TEMPERATURE IN F: :PCPN: SNOW: WIND :SUNSHINE: SKY :PK WND
================================================================================
1 2 3 4 5 6A 6B 7 8 9 10 11 12 13 14 15 16 17 18
12Z AVG MX 2MIN
DY MAX MIN AVG DEP HDD CDD WTR SNW DPTH SPD SPD DIR MIN PSBL S-S WX SPD DR
================================================================================
1 55 27 41 M 24 0 0.00 M M 6.9 18 170 M M 0 18 160
2 77 36 57 M 8 0 0.00 M M 15.6 31 230 M M 0 37 230
3 50 36 43 M 22 0 0.02 M M 6.9 14 30 M M 3 8 13 0
4 59 39 49 M 16 0 0.02 M M 6.9 12 210 M M 1 15 160
5 77 48 63 M 2 0 0.00 M M 14.9 29 230 M M 1 45 250
6 72 50 61 M 4 0 0.00 M M 12.4 25 230 M M 0 35 230
7 55 48 52 M 13 0 0.00 M M 5.1 13 230 M M 6 12 13 99
8 66 43 55 M 10 0 0.00 M M 8.0 14 230 M M 1 12 15 180
9 54 43 49 M 16 0 0.00 M M 6.5 13 310 M M 5 13 0
10 63 37 50 M 15 0 0.00 M M 7.0 12 300 M M 0 14 10
11 68 32 50 M 15 0 0.00 M M 7.4 18 200 M M 2 1 M M
12 70 41 56 M 9 0 0.00 M M 14.0 30 210 M M 4 12 41 210
13 54 36 45 M 20 0 0.00 M M 16.2 24 290 M M 2 36 280
14 55 30 43 M 22 0 0.00 M M 12.6 20 280 M M 0 26 240
15 54 25 40 M 25 0 0.00 M M 6.3 15 260 M M 0 13 280
16 48 25 37 M 28 0 0.00 M M 9.0 23 340 M M 0 28 350
17 50 19 35 M 30 0 0.00 M M 5.1 12 190 M M 0 13 140
18 50 25 38 M 27 0 0.00 M M 4.6 9 300 M M 3 12 350
19 59 14 37 M 28 0 0.00 M M 4.7 10 280 M M 0 16 280
20 50 25 38 M 27 0 0.00 M M 6.8 13 160 M M 0 15 150
21 54 32 43 M 22 0 0.00 M M 8.7 18 250 M M 3 1 25 250
22 68 12 40 M 25 0 0.00 M M 13.2 24 M M M 0 28 20
23 23 10 17 M 48 0 0.00 M M 4.1 8 20 M M 1 14 160
24 37 16 27 M 38 0 0.00 M M 7.4 15 150 M M 0 18 160
25 52 19 36 M 29 0 0.00 M M 4.6 14 150 M M 0 14 140
26 55 27 41 M 24 0 0.00 M M 8.0 14 360 M M 0 14 10
27 70 28 49 M 16 0 0.00 M M 12.9 25 240 M M 0 32 240
28 66 50 58 M 7 0 0.00 M M 19.8 37 230 M M 0 53 230
29 63 37 50 M 15 0 0.00 M M 6.7 20 250 M M 0 25 250
30 59 37 48 M 17 0 0.00 M M 7.5 17 240 M M 2 13 130
31 68 41 55 M 10 0 0.00 M M 16.4 24 240 M M 0 32 250
================================================================================
SM 1801 988 612 0 0.04 M 286.1 M 34
================================================================================
AV 58.1 31.9 9.2 FASTST M M 1 MAX(MPH)
MISC ----> 37 230 53 230
================================================================================
NOTES:
# LAST OF SEVERAL OCCURRENCES
COLUMN 17 PEAK WIND IN M.P.H.
PRELIMINARY LOCAL CLIMATOLOGICAL DATA (WS FORM: F-6) , PAGE 2
STATION: ARTESIA
MONTH: DECEMBER
YEAR: 2022
LATITUDE: 32 54 N
LONGITUDE: 104 30 W
[TEMPERATURE DATA] [PRECIPITATION DATA] SYMBOLS USED IN COLUMN 16
AVERAGE MONTHLY: 45.0 TOTAL FOR MONTH: 0.04 1 = FOG OR MIST
DPTR FM NORMAL: 0.0 DPTR FM NORMAL: M 2 = FOG REDUCING VISIBILITY
HIGHEST: 77 ON 5, 2 GRTST 24HR 0.02 ON 3- 3 TO 1/4 MILE OR LESS
LOWEST: 10 ON 23 3 = THUNDER
SNOW, ICE PELLETS, HAIL 4 = ICE PELLETS
TOTAL MONTH: M 5 = HAIL
GRTST 24HR M ON M 6 = FREEZING RAIN OR DRIZZLE
GRTST DEPTH: M ON M 7 = DUSTSTORM OR SANDSTORM:
VSBY 1/2 MILE OR LESS
8 = SMOKE OR HAZE
[NO. OF DAYS WITH] [WEATHER - DAYS WITH] 9 = BLOWING SNOW
X = TORNADO
MAX 32 OR BELOW: 1 0.01 INCH OR MORE: 2
MAX 90 OR ABOVE: 0 0.10 INCH OR MORE: 0
MIN 32 OR BELOW: 16 0.50 INCH OR MORE: 0
MIN 0 OR BELOW: 0 1.00 INCH OR MORE: 0
[HDD (BASE 65) ]
TOTAL THIS MO. 612 CLEAR (SCALE 0-3) 28
DPTR FM NORMAL M PTCLDY (SCALE 4-7) 3
TOTAL FM JUL 1 1278 CLOUDY (SCALE 8-10) 0
DPTR FM NORMAL M
[CDD (BASE 65) ]
TOTAL THIS MO. 0
DPTR FM NORMAL M [PRESSURE DATA]
TOTAL FM JAN 1 2372 HIGHEST SLP M ON M
DPTR FM NORMAL M LOWEST SLP M ON M
[REMARKS]
#FINAL-12-22#