289
CXUS54 KMAF 011110
CF6ATS
PRELIMINARY LOCAL CLIMATOLOGICAL DATA (WS FORM: F-6)
STATION: ARTESIA
MONTH: JULY
YEAR: 2020
LATITUDE: 32 54 N
LONGITUDE: 104 30 W
TEMPERATURE IN F: :PCPN: SNOW: WIND :SUNSHINE: SKY :PK WND
================================================================================
1 2 3 4 5 6A 6B 7 8 9 10 11 12 13 14 15 16 17 18
12Z AVG MX 2MIN
DY MAX MIN AVG DEP HDD CDD WTR SNW DPTH SPD SPD DIR MIN PSBL S-S WX SPD DR
================================================================================
1 97 66 82 M 0 17 0.00 M M 8.7 21 180 M M 0 21 200
2 99 75 87 M 0 22 0.00 M M 11.3 21 160 M M 2 28 150
3 99 72 86 M 0 21 0.00 M M 8.7 17 160 M M 0 24 160
4 97 72 85 M 0 20 0.00 M M 9.4 16 20 M M 1 3 24 320
5 97 72 85 M 0 20 0.00 M M 8.4 21 20 M M 1 31 20
6 97 68 83 M 0 18 0.00 M M 6.7 17 340 M M 1 35 110
7 97 73 85 M 0 20 0.00 M M 7.7 20 220 M M 0 22 220
8 104 70 87 M 0 22 0.00 M M 7.4 15 180 M M 0 22 220
9 108 77 93 M 0 28 0.00 M M 8.3 20 40 M M 0 30 140
10 108 77 93 M 0 28 0.00 M M 12.3 22 160 M M 0 28 160
11 108 75 92 M 0 27 0.00 M M 10.9 20 170 M M 0 27 170
12 108 73 91 M 0 26 0.00 M M 12.6 27 160 M M 0 35 160
13 109 79 94 M 0 29 0.00 M M 10.2 24 350 M M 0 8 43 210
14 106 77 92 M 0 27 0.00 M M 7.9 20 140 M M 0 27 140
15 106 75 91 M 0 26 0.14 M M 12.3 24 310 M M 1 3 35 310
16 99 68 84 M 0 19 0.00 M M 8.2 17 160 M M 0 21 150
17 102 72 87 M 0 22 0.00 M M 9.9 18 150 M M 0 27 150
18 100 72 86 M 0 21 0.09 M M 10.4 24 150 M M 1 3 36 70
19 95 70 83 M 0 18 0.00 M M 11.1 17 250 M M 0 24 130
20 95 73 84 M 0 19 0.00 M M 8.6 16 140 M M 1 20 120
21 95 72 84 M 0 19 0.00 M M 9.3 18 120 M M 1 24 120
22 93 72 83 M 0 18 0.00 M M 6.6 12 170 M M 3 22 90
23 97 72 85 M 0 20 0.00 M M 9.4 27 170 M M 2 25 120
24 97 73 85 M 0 20 0.15 M M 10.0 22 250 M M 3 3 39 130
25 97 70 84 M 0 19 0.00 M M 7.7 17 110 M M 2 30 110
26 93 75 84 M 0 19 0.00 M M 12.0 18 150 M M 1 25 160
27 93 70 82 M 0 17 0.00 M M 7.6 14 170 M M 0 22 170
28 97 72 85 M 0 20 0.00 M M 7.0 15 350 M M 1 21 200
29 102 75 89 M 0 24 0.00 M M 7.6 16 150 M M 0 25 150
30 104 75 90 M 0 25 0.00 M M 8.6 20 160 M M 0 30 160
31 91 70 81 M 0 16 0.28 M M 6.6 16 80 M M 2 3 38 70
================================================================================
SM 3090 2252 0 667 0.66 M 283.3 M 23
================================================================================
AV 99.7 72.6 9.1 FASTST M M 1 MAX(MPH)
MISC ----> # 27 160 43 210
================================================================================
NOTES:
# LAST OF SEVERAL OCCURRENCES
COLUMN 17 PEAK WIND IN M.P.H.
PRELIMINARY LOCAL CLIMATOLOGICAL DATA (WS FORM: F-6) , PAGE 2
STATION: ARTESIA
MONTH: JULY
YEAR: 2020
LATITUDE: 32 54 N
LONGITUDE: 104 30 W
[TEMPERATURE DATA] [PRECIPITATION DATA] SYMBOLS USED IN COLUMN 16
AVERAGE MONTHLY: 86.2 TOTAL FOR MONTH: 0.66 1 = FOG OR MIST
DPTR FM NORMAL: 0.0 DPTR FM NORMAL: M 2 = FOG REDUCING VISIBILITY
HIGHEST: 109 ON 13 GRTST 24HR 0.28 ON 31-31 TO 1/4 MILE OR LESS
LOWEST: 66 ON 1 3 = THUNDER
SNOW, ICE PELLETS, HAIL 4 = ICE PELLETS
TOTAL MONTH: M 5 = HAIL
GRTST 24HR M ON M 6 = FREEZING RAIN OR DRIZZLE
GRTST DEPTH: M ON M 7 = DUSTSTORM OR SANDSTORM:
VSBY 1/2 MILE OR LESS
8 = SMOKE OR HAZE
[NO. OF DAYS WITH] [WEATHER - DAYS WITH] 9 = BLOWING SNOW
X = TORNADO
MAX 32 OR BELOW: 0 0.01 INCH OR MORE: 4
MAX 90 OR ABOVE: 31 0.10 INCH OR MORE: 3
MIN 32 OR BELOW: 0 0.50 INCH OR MORE: 0
MIN 0 OR BELOW: 0 1.00 INCH OR MORE: 0
[HDD (BASE 65) ]
TOTAL THIS MO. 0 CLEAR (SCALE 0-3) 31
DPTR FM NORMAL M PTCLDY (SCALE 4-7) 0
TOTAL FM JUL 1 0 CLOUDY (SCALE 8-10) 0
DPTR FM NORMAL M
[CDD (BASE 65) ]
TOTAL THIS MO. 667
DPTR FM NORMAL M [PRESSURE DATA]
TOTAL FM JAN 1 1522 HIGHEST SLP M ON M
DPTR FM NORMAL M LOWEST SLP M ON M
[REMARKS]
#FINAL-07-20#