000
CXUS54 KMAF 011210
CF6ATS
PRELIMINARY LOCAL CLIMATOLOGICAL DATA (WS FORM: F-6)
STATION: ARTESIA
MONTH: DECEMBER
YEAR: 2023
LATITUDE: 32 54 N
LONGITUDE: 104 30 W
TEMPERATURE IN F: :PCPN: SNOW: WIND :SUNSHINE: SKY :PK WND
================================================================================
1 2 3 4 5 6A 6B 7 8 9 10 11 12 13 14 15 16 17 18
12Z AVG MX 2MIN
DY MAX MIN AVG DEP HDD CDD WTR SNW DPTH SPD SPD DIR MIN PSBL S-S WX SPD DR
================================================================================
1 63 32 48 M 17 0 0.00 M M 11.9 31 240 M M 0 39 240
2 63 34 49 M 16 0 0.00 M M 11.7 24 290 M M 1 30 290
3 68 28 48 M 17 0 0.00 M M 6.7 16 260 M M 0 23 260
4 64 34 49 M 16 0 0.00 M M 7.2 12 170 M M 0 16 170
5 61 36 49 M 16 0 0.00 M M 9.6 21 360 M M 0 28 360
6 64 30 47 M 18 0 0.00 M M 6.8 17 150 M M 0 20 140
7 77 36 57 M 8 0 0.00 M M 14.6 25 240 M M 0 31 250
8 75 36 56 M 9 0 0.00 M M 12.9 26 260 M M 0 36 260
9 57 28 43 M 22 0 0.00 M M 16.7 36 350 M M 0 8 46 350
10 59 23 41 M 24 0 0.00 M M 6.8 14 180 M M 0 17 210
11 57 28 43 M 22 0 0.00 M M 5.1 10 270 M M 0 17 20
12 54 32 43 M 22 0 0.00 M M 5.8 10 130 M M 3 M M
13 54 45 50 M 15 0 0.13 M M 6.3 17 120 M M 9 1 22 120
14 54 36 45 M 20 0 0.03 M M 15.4 25 140 M M 8 1 31 10
15 57 28 43 M 22 0 0.00 M M 4.7 9 260 M M 3 2 M M
16 61 32 47 M 18 0 0.00 M M 6.9 12 280 M M 0 M M
17 68 30 49 M 16 0 0.00 M M 4.7 13 320 M M 0 13 350
18 57 34 46 M 19 0 0.00 M M 7.8 13 320 M M 0 17 330
19 63 37 50 M 15 0 0.00 M M 6.3 9 170 M M 0 M M
20 61 39 50 M 15 0 0.07 M M 5.4 13 200 M M 3 13 200
21 63 41 52 M 13 0 0.01 M M 3.9 10 210 M M 1 12 M M
22 64 36 50 M 15 0 0.00 M M 8.6 15 140 M M 1 20 140
23 61 45 53 M 12 0 0.07 M M 11.7 18 310 M M 6 12 25 310
24 59 36 48 M 17 0 0.00 M M 9.4 17 30 M M 0 23 30
25 46 30 38 M 27 0 0.00 M M 7.7 13 130 M M 3 23 130
26 55 27 41 M 24 0 0.00 M M 7.7 20 350 M M 0 29 99
27 55 27 41 M 24 0 0.00 M M 7.6 13 180 M M 0 M M
28 54 28 41 M 24 0 0.00 M M 5.8 12 30 M M 0 18 30
29 57 23 40 M 25 0 0.00 M M 4.6 12 300 M M 0 M M
30 66 25 46 M 19 0 0.00 M M 5.7 13 170 M M 0 M M
31 59 28 44 M 21 0 0.00 M M 7.4 12 290 M M 0 M M
================================================================================
SM 1876 1004 568 0 0.31 M 253.2 M 38
================================================================================
AV 60.5 32.4 8.2 FASTST M M 1 MAX(MPH)
MISC ----> 36 350 46 350
================================================================================
NOTES:
# LAST OF SEVERAL OCCURRENCES
COLUMN 17 PEAK WIND IN M.P.H.
PRELIMINARY LOCAL CLIMATOLOGICAL DATA (WS FORM: F-6) , PAGE 2
STATION: ARTESIA
MONTH: DECEMBER
YEAR: 2023
LATITUDE: 32 54 N
LONGITUDE: 104 30 W
[TEMPERATURE DATA] [PRECIPITATION DATA] SYMBOLS USED IN COLUMN 16
AVERAGE MONTHLY: 46.5 TOTAL FOR MONTH: 0.31 1 = FOG OR MIST
DPTR FM NORMAL: 0.0 DPTR FM NORMAL: M 2 = FOG REDUCING VISIBILITY
HIGHEST: 77 ON 7 GRTST 24HR 0.13 ON 13-13 TO 1/4 MILE OR LESS
LOWEST: 23 ON 29,10 3 = THUNDER
SNOW, ICE PELLETS, HAIL 4 = ICE PELLETS
TOTAL MONTH: M 5 = HAIL
GRTST 24HR M ON M 6 = FREEZING RAIN OR DRIZZLE
GRTST DEPTH: M ON M 7 = DUSTSTORM OR SANDSTORM:
VSBY 1/2 MILE OR LESS
8 = SMOKE OR HAZE
[NO. OF DAYS WITH] [WEATHER - DAYS WITH] 9 = BLOWING SNOW
X = TORNADO
MAX 32 OR BELOW: 0 0.01 INCH OR MORE: 5
MAX 90 OR ABOVE: 0 0.10 INCH OR MORE: 1
MIN 32 OR BELOW: 17 0.50 INCH OR MORE: 0
MIN 0 OR BELOW: 0 1.00 INCH OR MORE: 0
[HDD (BASE 65) ]
TOTAL THIS MO. 568 CLEAR (SCALE 0-3) 28
DPTR FM NORMAL M PTCLDY (SCALE 4-7) 2
TOTAL FM JUL 1 1035 CLOUDY (SCALE 8-10) 1
DPTR FM NORMAL M
[CDD (BASE 65) ]
TOTAL THIS MO. 0
DPTR FM NORMAL M [PRESSURE DATA]
TOTAL FM JAN 1 2521 HIGHEST SLP M ON M
DPTR FM NORMAL M LOWEST SLP M ON M
[REMARKS]
#FINAL-12-23#