000
CXUS53 KGRB 091544
CF6ATW
PRELIMINARY LOCAL CLIMATOLOGICAL DATA (WS FORM: F-6)
STATION: APPLETON WI
MONTH: MARCH
YEAR: 2024
LATITUDE: 44 16 N
LONGITUDE: 88 31 W
TEMPERATURE IN F: :PCPN: SNOW: WIND :SUNSHINE: SKY :PK WND
================================================================================
1 2 3 4 5 6A 6B 7 8 9 10 11 12 13 14 15 16 17 18
12Z AVG MX 2MIN
DY MAX MIN AVG DEP HDD CDD WTR SNW DPTH SPD SPD DIR MIN PSBL S-S WX SPD DR
================================================================================
1 54 32 43 18 22 0 M M M 13.0 21 200 M M 0 26 180
2 59 32 46 20 19 0 M M M 9.0 15 200 M M 1 1 M M
3 63 37 50 24 15 0 0.01 M M 14.1 22 160 M M 5 1 33 140
4 57 36 47 21 18 0 0.01 M M 10.4 17 350 M M 6 1 25 340
5 46 34 40 13 25 0 M M M 11.7 16 60 M M 5 23 30
6 48 30 39 12 26 0 M M M 10.2 16 70 M M 2 18 60
7 50 34 42 15 23 0 M M M 7.7 14 160 M M 5 M M
8 45 36 41 13 24 0 M M M 9.1 17 10 M M 10 21 10
9 41 28 35 7 30 0 M M M 13.4 21 310 M M 4 28 310
10 46 28 37 8 28 0 M M M 10.0 16 340 M M 1 23 320
11 64 30 47 18 18 0 M M M 9.2 17 210 M M 2 23 210
12 72 41 57 27 8 0 M M M 10.2 18 240 M M 3 25 220
13 66 39 53 23 12 0 M M M 4.2 8 160 M M 5 16 70
14 48 37 43 13 22 0 M M M 11.4 17 30 M M 6 24 60
15 55 32 44 13 21 0 M M M 7.8 15 290 M M 2 18 290
16 54 34 44 13 21 0 M M M 16.2 32 300 M M 8 37 280
17 36 23 30 -2 35 0 M M M 14.9 22 300 M M 9 29 310
18 37 23 30 -2 35 0 M M M 11.2 14 250 M M 8 21 320
19 50 32 41 9 24 0 M M M 14.6 21 230 M M 7 29 280
20 34 23 29 -4 36 0 M M M 12.5 18 340 M M 5 29 330
21 34 19 27 -6 38 0 M M M 4.1 12 140 M M 6 17 270
22 32 27 30 -4 35 0 0.04 M M 6.4 9 20 M M 9 1 M M
23 36 18 27 -7 38 0 M M M 4.2 8 360 M M 3 M M
24 37 28 33 -2 32 0 M M M 10.1 18 120 M M 9 28 130
25 52 36 44 9 21 0 0.23 M M 9.0 13 140 M M 9 1 16 110
26 57 30 44 8 21 0 0.09 M M 17.6 23 260 M M 9 32 180
27 37 27 32 -4 33 0 M M M 17.7 28 270 M M 7 35 270
28 45 27 36 -1 29 0 M M M 12.9 21 290 M M 2 26 270
29 50 27 39 2 26 0 M M M 7.3 14 120 M M 3 M M
30 43 36 40 2 25 0 M M M 8.6 14 360 M M 10 M M
31 48 32 40 2 25 0 M M M 4.5 9 160 M M 6 M M
================================================================================
SM 1496 948 785 0 0.38 M 323.1 M 167
================================================================================
AV 48.3 30.6 10.4 FASTST M M 5 MAX(MPH)
MISC ----> 32 300 37 280
================================================================================
NOTES:
# LAST OF SEVERAL OCCURRENCES
COLUMN 17 PEAK WIND IN M.P.H.
PRELIMINARY LOCAL CLIMATOLOGICAL DATA (WS FORM: F-6) , PAGE 2
STATION: APPLETON WI
MONTH: MARCH
YEAR: 2024
LATITUDE: 44 16 N
LONGITUDE: 88 31 W
[TEMPERATURE DATA] [PRECIPITATION DATA] SYMBOLS USED IN COLUMN 16
AVERAGE MONTHLY: 39.4 TOTAL FOR MONTH: 0.38 1 = FOG OR MIST
DPTR FM NORMAL: 8.1 DPTR FM NORMAL: -1.44 2 = FOG REDUCING VISIBILITY
HIGHEST: 72 ON 12 GRTST 24HR 0.23 ON 25-25 TO 1/4 MILE OR LESS
LOWEST: 18 ON 23 3 = THUNDER
SNOW, ICE PELLETS, HAIL 4 = ICE PELLETS
TOTAL MONTH: M 5 = HAIL
GRTST 24HR M ON M 6 = FREEZING RAIN OR DRIZZLE
GRTST DEPTH: M ON M 7 = DUSTSTORM OR SANDSTORM:
VSBY 1/2 MILE OR LESS
8 = SMOKE OR HAZE
[NO. OF DAYS WITH] [WEATHER - DAYS WITH] 9 = BLOWING SNOW
X = TORNADO
MAX 32 OR BELOW: 1 0.01 INCH OR MORE: 5
MAX 90 OR ABOVE: 0 0.10 INCH OR MORE: 1
MIN 32 OR BELOW: 20 0.50 INCH OR MORE: 0
MIN 0 OR BELOW: 0 1.00 INCH OR MORE: 0
[HDD (BASE 65) ]
TOTAL THIS MO. 785 CLEAR (SCALE 0-3) 9
DPTR FM NORMAL -258 PTCLDY (SCALE 4-7) 15
TOTAL FM JUL 1 5062 CLOUDY (SCALE 8-10) 7
DPTR FM NORMAL -1645
[CDD (BASE 65) ]
TOTAL THIS MO. 0
DPTR FM NORMAL 0 [PRESSURE DATA]
TOTAL FM JAN 1 0 HIGHEST SLP M ON M
DPTR FM NORMAL 0 LOWEST SLP M ON M
[REMARKS]
#FINAL-03-24#