000
CXUS53 KGID 011550
CF6AUH
PRELIMINARY LOCAL CLIMATOLOGICAL DATA (WS FORM: F-6)
STATION: AURORA NE
MONTH: JANUARY
YEAR: 2023
LATITUDE: 40 54 N
LONGITUDE: 97 59 W
TEMPERATURE IN F: :PCPN: SNOW: WIND :SUNSHINE: SKY :PK WND
================================================================================
1 2 3 4 5 6A 6B 7 8 9 10 11 12 13 14 15 16 17 18
12Z AVG MX 2MIN
DY MAX MIN AVG DEP HDD CDD WTR SNW DPTH SPD SPD DIR MIN PSBL S-S WX SPD DR
================================================================================
1 44 28 36 M 29 0 0.00 M M 6.8 14 30 M M 3 M M
2 32 31 32 M 33 0 0.22 M M 14.0 20 40 M M 7 1 30 60
3 31 25 28 M 37 0 M M M 9.0 15 40 M M 10 1 21 40
4 32 23 28 M 37 0 0.00 M M 9.2 15 300 M M 7 18 300
5 33 21 27 M 38 0 0.00 M M 10.0 17 300 M M 1 16 300
6 39 15 27 M 38 0 0.00 M M 5.9 14 80 M M 3 M M
7 31 23 27 M 38 0 0.00 M M 4.7 10 30 M M 7 M M
8 46 18 32 M 33 0 0.00 M M 6.1 14 200 M M 0 M M
9 48 29 39 M 26 0 0.00 M M 10.4 16 300 M M 0 23 300
10 51 26 39 M 26 0 0.00 M M 5.9 13 160 M M 0 M M
11 39 28 34 M 31 0 0.00 M M 12.4 25 350 M M 3 32 350
12 29 23 26 M 39 0 0.00 M M 17.2 29 350 M M 10 35 350
13 32 M M M M M 0.00 M M 5.0 10 200 M M 6 12 M M
14 40 24 32 M 33 0 0.00 M M 9.0 17 170 M M 0 21 170
15 41 24 33 M 32 0 0.00 M M 5.8 10 140 M M 2 M M
16 39 32 36 M 29 0 0.08 M M 12.8 18 310 M M 9 23 320
17 38 31 35 M 30 0 0.00 M M 7.5 14 340 M M 10 18 340
18 31 23 27 M 38 0 M M M 15.1 24 70 M M 9 1 31 60
19 32 21 27 M 38 0 M M M 9.1 14 340 M M 9 1 M M
20 32 10 21 M 44 0 0.00 M M 3.7 8 280 M M 0 1 M M
21 29 16 23 M 42 0 T M M 3.3 7 300 M M 7 1 M M
22 27 10 19 M 46 0 0.00 M M 5.3 9 320 M M 1 1 M M
23 34 7 21 M 44 0 0.00 M M 5.3 10 290 M M 5 M M
24 33 23 28 M 37 0 0.00 M M 5.3 10 230 M M 6 12 M M
25 27 12 20 M 45 0 0.00 M M 14.2 30 340 M M 7 35 330
26 33 20 27 M 38 0 T M M 9.4 22 240 M M 8 28 240
27 37 31 34 M 31 0 0.00 M M 12.1 25 310 M M 4 33 310
28 32 4 18 M 47 0 M M M 19.9 27 30 M M 10 31 20
29 6 -1 3 M 62 0 M M M 14.2 23 10 M M 9 29 360
30 10 0 5 M 60 0 0.00 M M 4.7 12 350 M M 7 M M
31 22 6 14 M 51 0 0.00 M M 9.9 14 240 M M 3 M M
================================================================================
SM M M M 0 M M 283.2 M 163
================================================================================
AV M M 9.1 FASTST M M 5 MAX(MPH)
MISC ----> 30 340 # M M
================================================================================
NOTES:
# LAST OF SEVERAL OCCURRENCES
COLUMN 17 PEAK WIND IN M.P.H.
PRELIMINARY LOCAL CLIMATOLOGICAL DATA (WS FORM: F-6) , PAGE 2
STATION: AURORA NE
MONTH: JANUARY
YEAR: 2023
LATITUDE: 40 54 N
LONGITUDE: 97 59 W
[TEMPERATURE DATA] [PRECIPITATION DATA] SYMBOLS USED IN COLUMN 16
AVERAGE MONTHLY: M TOTAL FOR MONTH: M 1 = FOG OR MIST
DPTR FM NORMAL: M DPTR FM NORMAL: M 2 = FOG REDUCING VISIBILITY
HIGHEST: 51 ON 10 GRTST 24HR M ON M TO 1/4 MILE OR LESS
LOWEST: M ON M 3 = THUNDER
SNOW, ICE PELLETS, HAIL 4 = ICE PELLETS
TOTAL MONTH: M 5 = HAIL
GRTST 24HR M ON M 6 = FREEZING RAIN OR DRIZZLE
GRTST DEPTH: M ON M 7 = DUSTSTORM OR SANDSTORM:
VSBY 1/2 MILE OR LESS
8 = SMOKE OR HAZE
[NO. OF DAYS WITH] [WEATHER - DAYS WITH] 9 = BLOWING SNOW
X = TORNADO
MAX 32 OR BELOW: 16 0.01 INCH OR MORE: M
MAX 90 OR ABOVE: 0 0.10 INCH OR MORE: M
MIN 32 OR BELOW: M 0.50 INCH OR MORE: M
MIN 0 OR BELOW: M 1.00 INCH OR MORE: M
[HDD (BASE 65) ]
TOTAL THIS MO. M CLEAR (SCALE 0-3) 11
DPTR FM NORMAL M PTCLDY (SCALE 4-7) 12
TOTAL FM JUL 1 M CLOUDY (SCALE 8-10) 8
DPTR FM NORMAL M
[CDD (BASE 65) ]
TOTAL THIS MO. 0
DPTR FM NORMAL M [PRESSURE DATA]
TOTAL FM JAN 1 0 HIGHEST SLP M ON M
DPTR FM NORMAL M LOWEST SLP M ON M
[REMARKS]
#FINAL-01-23#