000
CXUS54 KBMX 011010
CF6AUO
PRELIMINARY LOCAL CLIMATOLOGICAL DATA (WS FORM: F-6)
STATION: AUBURN AWOS
MONTH: JUNE
YEAR: 2022
LATITUDE: 32 34 N
LONGITUDE: 85 30 W
TEMPERATURE IN F: :PCPN: SNOW: WIND :SUNSHINE: SKY :PK WND
================================================================================
1 2 3 4 5 6A 6B 7 8 9 10 11 12 13 14 15 16 17 18
12Z AVG MX 2MIN
DY MAX MIN AVG DEP HDD CDD WTR SNW DPTH SPD SPD DIR MIN PSBL S-S WX SPD DR
================================================================================
1 89 68 79 M 0 14 0.00 0.0 0 3.4 7 320 M M 1 18 M M
2 90 69 80 M 0 15 M 0.0 M 4.8 14 330 M M 2 8 31 310
3 86 67 77 M 0 12 T 0.0 0 6.0 15 350 M M 1 M M
4 84 68 76 M 0 11 T 0.0 M 6.4 10 50 M M 5 M M
5 86 66 76 M 0 11 0.01 0.0 M 6.5 10 90 M M 4 3 M M
6 87 68 78 M 0 13 T 0.0 0 6.7 13 170 M M 3 M M
7 88 68 78 M 0 13 0.00 0.0 0 5.8 9 230 M M 5 M M
8 85 72 79 M 0 14 0.60 0.0 M 5.5 10 230 M M 5 138 M M
9 85 70 78 M 0 13 T 0.0 0 7.0 13 330 M M 5 1 18 300
10 84 66 75 M 0 10 T 0.0 0 5.5 10 290 M M 1 16 250
11 88 70 79 M 0 14 0.00 0.0 0 2.2 7 290 M M 5 8 M M
12 90 71 81 M 0 16 M 0.0 0 3.8 9 260 M M 2 M M
13 95 75 85 M 0 20 0.00 0.0 0 3.6 8 260 M M 3 M M
14 93 73 83 M 0 18 0.04 0.0 0 6.3 20 90 M M 4 13 29 90
15 M M M M M M M M M M M M M M M M M
16 M M M M M M M M M M M M M M M M M
17 M M M M M M M M M M M M M M M M M
18 M M M M M M M M M M M M M M M M M
19 M M M M M M M M M M M M M M M M M
20 M M M M M M M M M M M M M M M M M
21 M M M M M M M M M M M M M M M M M
22 M M M M M M M M M M M M M M M M M
23 M M M M M M M M M M M M M M M M M
24 96 75 86 M 0 21 T 0.0 M 6.9 10 350 M M 3 17 110
25 91 74 83 M 0 18 T 0.0 M 6.9 13 200 M M 5 20 120
26 93 73 83 M 0 18 M 0.0 M 4.3 10 90 M M 3 M M
27 91 72 82 M 0 17 0.05 0.0 M 5.4 16 310 M M 6 23 310
28 91 71 81 M 0 16 0.56 0.0 M 5.0 14 120 M M 7 13 31 170
29 88 72 80 M 0 15 0.01 0.0 M 5.1 13 180 M M 4 21 140
30 86 71 79 M 0 14 M 0.0 M 4.4 12 130 M M 4 17 130
================================================================================
SM 1866 1479 0 313 1.27 0.0 111.5 M 78
================================================================================
AV 88.9 70.4 5.3 FASTST M M 4 MAX(MPH)
MISC ----> 20 90 31 170
================================================================================
NOTES:
# LAST OF SEVERAL OCCURRENCES
COLUMN 17 PEAK WIND IN M.P.H.
PRELIMINARY LOCAL CLIMATOLOGICAL DATA (WS FORM: F-6) , PAGE 2
STATION: AUBURN AWOS
MONTH: JUNE
YEAR: 2022
LATITUDE: 32 34 N
LONGITUDE: 85 30 W
[TEMPERATURE DATA] [PRECIPITATION DATA] SYMBOLS USED IN COLUMN 16
AVERAGE MONTHLY: 79.6 TOTAL FOR MONTH: 1.27 1 = FOG OR MIST
DPTR FM NORMAL: 0.0 DPTR FM NORMAL: M 2 = FOG REDUCING VISIBILITY
HIGHEST: 96 ON 24 GRTST 24HR 0.60 ON 8- 8 TO 1/4 MILE OR LESS
LOWEST: 66 ON 10, 5 3 = THUNDER
SNOW, ICE PELLETS, HAIL 4 = ICE PELLETS
TOTAL MONTH: 0.0 INCH 5 = HAIL
GRTST 24HR 0.0 6 = FREEZING RAIN OR DRIZZLE
GRTST DEPTH: 0 7 = DUSTSTORM OR SANDSTORM:
VSBY 1/2 MILE OR LESS
8 = SMOKE OR HAZE
[NO. OF DAYS WITH] [WEATHER - DAYS WITH] 9 = BLOWING SNOW
X = TORNADO
MAX 32 OR BELOW: 0 0.01 INCH OR MORE: 6
MAX 90 OR ABOVE: 9 0.10 INCH OR MORE: 2
MIN 32 OR BELOW: 0 0.50 INCH OR MORE: 2
MIN 0 OR BELOW: 0 1.00 INCH OR MORE: 0
[HDD (BASE 65) ]
TOTAL THIS MO. 0 CLEAR (SCALE 0-3) 7
DPTR FM NORMAL M PTCLDY (SCALE 4-7) 14
TOTAL FM JUL 1 1773 CLOUDY (SCALE 8-10) 9
DPTR FM NORMAL M
[CDD (BASE 65) ]
TOTAL THIS MO. 313
DPTR FM NORMAL M [PRESSURE DATA]
TOTAL FM JAN 1 672 HIGHEST SLP M ON M
DPTR FM NORMAL M LOWEST SLP M ON M
[REMARKS]
#FINAL-06-22#