000
CXUS53 KGRB 011104
CF6AUW
PRELIMINARY LOCAL CLIMATOLOGICAL DATA (WS FORM: F-6)
STATION: WAUSAU WI
MONTH: MARCH
YEAR: 2022
LATITUDE: 44 55 N
LONGITUDE: 89 37 W
TEMPERATURE IN F: :PCPN: SNOW: WIND :SUNSHINE: SKY :PK WND
================================================================================
1 2 3 4 5 6A 6B 7 8 9 10 11 12 13 14 15 16 17 18
12Z AVG MX 2MIN
DY MAX MIN AVG DEP HDD CDD WTR SNW DPTH SPD SPD DIR MIN PSBL S-S WX SPD DR
================================================================================
1 37 19 28 4 37 0 0.00 0.0 9 4.2 13 340 M M 1 8 19 340
2 35 14 25 1 40 0 0.00 0.0 9 5.7 16 340 M M 5 8 25 340
3 27 7 17 -8 48 0 0.00 0.0 9 4.0 9 260 M M 0 12 290
4 38 7 23 -2 42 0 0.00 0.0 9 5.2 16 100 M M 4 24 90
5 37 31 34 8 31 0 0.76 0.0 9 8.2 16 90 M M 9 1368 24 100
6 36 31 34 8 31 0 0.02 0.0 8 12.1 25 270 M M 10 128 35 260
7 33 19 26 0 39 0 0.00 0.0 8 10.1 18 270 M M 7 25 280
8 40 15 28 1 37 0 0.00 0.0 8 9.9 21 200 M M 2 28 180
9 30 12 21 -6 44 0 0.00 0.0 8 14.7 23 260 M M 6 31 240
10 21 5 13 -15 52 0 0.00 0.0 8 8.8 21 260 M M 1 32 260
11 20 6 13 -15 52 0 T 0.2 8 15.8 29 270 M M 4 8 39 270
12 17 -3 7 -21 58 0 T T 8 9.7 20 280 M M 2 30 290
13 41 17 29 0 36 0 0.08 2.0 8 8.6 23 260 M M 4 8 33 260
14 36 30 33 4 32 0 0.39 4.9 11 3.5 12 10 M M 10 128 17 360
15 47 24 36 6 29 0 0.00 0.0 8 2.2 13 250 M M 5 128 18 250
16 62 30 46 16 19 0 0.00 0.0 4 6.0 20 170 M M 1 18 27 170
17 53 36 45 14 20 0 0.00 0.0 2 6.6 13 350 M M 0 20 360
18 44 35 40 9 25 0 0.00 0.0 2 6.9 15 40 M M 6 21 30
19 51 34 43 12 22 0 T T 1 8.6 17 290 M M 4 23 300
20 59 26 43 11 22 0 0.00 0.0 0 2.5 12 290 M M 0 8 18 250
21 47 34 41 9 24 0 0.11 0.0 0 10.6 22 60 M M 8 1 35 90
22 39 35 37 4 28 0 0.55 0.0 0 13.7 23 70 M M 10 1 37 70
23 38 34 36 3 29 0 1.30 2.0 1 8.1 18 60 M M 10 18 26 60
24 41 31 36 2 29 0 T 0.0 0 5.6 13 10 M M 9 18 18 20
25 39 27 33 -1 32 0 0.15 0.5 0 11.5 26 290 M M 7 18 38 270
26 30 20 25 -9 40 0 T T 0 15.2 26 290 M M 7 40 320
27 30 13 22 -13 43 0 0.00 0.0 0 11.4 20 270 M M 1 27 330
28 36 13 25 -10 40 0 0.00 0.0 0 3.7 10 40 M M 0 8 14 210
29 37 26 32 -4 33 0 0.08 0.0 0 12.2 23 100 M M 9 36 35 80
30 37 32 35 -1 30 0 0.22 0.0 0 9.3 23 110 M M 10 168 34 110
31 34 28 31 -5 34 0 0.05 0.5 0 11.7 22 330 M M 10 34 320
================================================================================
SM 1172 688 1078 0 3.71 10.1 266.3 M 162
================================================================================
AV 37.8 22.2 8.6 FASTST M M 5 MAX(MPH)
MISC ----> 29 270 40 320
================================================================================
NOTES:
# LAST OF SEVERAL OCCURRENCES
COLUMN 17 PEAK WIND IN M.P.H.
PRELIMINARY LOCAL CLIMATOLOGICAL DATA (WS FORM: F-6) , PAGE 2
STATION: WAUSAU WI
MONTH: MARCH
YEAR: 2022
LATITUDE: 44 55 N
LONGITUDE: 89 37 W
[TEMPERATURE DATA] [PRECIPITATION DATA] SYMBOLS USED IN COLUMN 16
AVERAGE MONTHLY: 30.0 TOTAL FOR MONTH: 3.71 1 = FOG OR MIST
DPTR FM NORMAL: -0.1 DPTR FM NORMAL: 1.88 2 = FOG REDUCING VISIBILITY
HIGHEST: 62 ON 16 GRTST 24HR 1.30 ON 23-23 TO 1/4 MILE OR LESS
LOWEST: -3 ON 12 3 = THUNDER
SNOW, ICE PELLETS, HAIL 4 = ICE PELLETS
TOTAL MONTH: 10.1 INCHES 5 = HAIL
GRTST 24HR 4.9 ON 14-14 6 = FREEZING RAIN OR DRIZZLE
GRTST DEPTH: 11 ON 14 7 = DUSTSTORM OR SANDSTORM:
VSBY 1/2 MILE OR LESS
8 = SMOKE OR HAZE
[NO. OF DAYS WITH] [WEATHER - DAYS WITH] 9 = BLOWING SNOW
X = TORNADO
MAX 32 OR BELOW: 7 0.01 INCH OR MORE: 11
MAX 90 OR ABOVE: 0 0.10 INCH OR MORE: 7
MIN 32 OR BELOW: 25 0.50 INCH OR MORE: 3
MIN 0 OR BELOW: 1 1.00 INCH OR MORE: 1
[HDD (BASE 65) ]
TOTAL THIS MO. 1078 CLEAR (SCALE 0-3) 10
DPTR FM NORMAL -4 PTCLDY (SCALE 4-7) 12
TOTAL FM JUL 1 6622 CLOUDY (SCALE 8-10) 9
DPTR FM NORMAL -510
[CDD (BASE 65) ]
TOTAL THIS MO. 0
DPTR FM NORMAL 0 [PRESSURE DATA]
TOTAL FM JAN 1 0 HIGHEST SLP 30.52 ON 3
DPTR FM NORMAL 0 LOWEST SLP 29.29 ON 31
[REMARKS]
#FINAL-03-22#