000
CXUS53 KGRB 021935
CLSAUW
CLIMATE REPORT
NATIONAL WEATHER SERVICE GREEN BAY
135 PM CST FRI DEC 02 2022
...................................
...THE WAUSAU WI CLIMATE SUMMARY FOR THE SEASON, FROM
9/1/2022 TO 11/30/2022...
CLIMATE NORMAL PERIOD: 1991 TO 2020
CLIMATE RECORD PERIOD: 1896 TO 2022
WEATHER OBSERVED NORMAL DEPART LAST YEAR`S
VALUE DATE(S) VALUE FROM VALUE DATE(S)
NORMAL
................................................................
TEMPERATURE (F)
RECORD
HIGH 99 09/10/1931
LOW -15 11/25/1950
HIGHEST 87 09/01 84 3 87 09/19
09/07
LOWEST 6 11/20 6 0 13 11/26
AVG. MAXIMUM 58.6 55.3 3.3 61.2
AVG. MINIMUM 38.5 36.9 1.6 41.7
MEAN 48.5 46.1 2.4 51.4
DAYS MAX >= 90 0 0.1 -0.1 0
DAYS MAX <= 32 7 7.2 -0.2 2
DAYS MIN <= 32 29 32.9 -3.9 27
DAYS MIN <= 0 0 0.2 -0.2 0
PRECIPITATION (INCHES)
RECORD
MAXIMUM 19.70 1900
MINIMUM 1.40 1976
TOTALS 6.65 8.75 -2.10 4.89
DAILY AVG. 0.07 0.10 -0.02 0.05
DAYS >= .01 21 32.0 -11.0 16
DAYS >= .10 8 17.4 -9.4 8
DAYS >= .50 2 5.2 -3.2 1
DAYS >= 1.00 0 1.9 -1.9 0
SNOWFALL (INCHES)
RECORDS
TOTAL 22.6 1991
24 HR TOTAL 2.8
TOTALS 8.7 7.4 1.3 3.9
SINCE 7/1 8.7 7.4 1.3 3.9
DAYS >= TRACE 12 6.4 5.6 0
DAYS >= 1.0 5 2.1 2.9 0
GREATEST
SNOW DEPTH 4R 11/20 3 11/14
11/21
11/22
24 HR TOTAL MM
DEGREE DAYS
HEATING TOTAL 1542 1755 -213 1261
SINCE 7/1 1549 1817 -268 1264
COOLING TOTAL 63 37 26 50
SINCE 1/1 662 422 240 777
FREEZE DATES
RECORD
EARLIEST 08/30/1915
LATEST 06/12/1903
EARLIEST 10/08
LATEST 05/04
................................................................
WIND (MPH)
AVERAGE WIND SPEED 7.7
RESULTANT WIND SPEED/DIRECTION 2/240
HIGHEST WIND SPEED/DIRECTION 37/260 DATE 10/12
HIGHEST GUST SPEED/DIRECTION 49/220 DATE 11/06
SKY COVER
POSSIBLE SUNSHINE (PERCENT) MM
AVERAGE SKY COVER 0.36
NUMBER OF DAYS FAIR 47
NUMBER OF DAYS PC 24
NUMBER OF DAYS CLOUDY 14
AVERAGE RH (PERCENT) 69
WEATHER CONDITIONS. NUMBER OF DAYS WITH
THUNDERSTORM 8 MIXED PRECIP 0
HEAVY RAIN 4 RAIN 9
LIGHT RAIN 28 FREEZING RAIN 0
LT FREEZING RAIN 0 HAIL 0
HEAVY SNOW 1 SNOW 2
LIGHT SNOW 12 SLEET 0
FOG 33 FOG W/VIS <= 1/4 MILE 1
HAZE 20
- INDICATES NEGATIVE NUMBERS.
R INDICATES RECORD WAS SET OR TIED.
MM INDICATES DATA IS MISSING.
T INDICATES TRACE AMOUNT.
$$