000
CXUS52 KGSP 011912
CF6AVL
PRELIMINARY LOCAL CLIMATOLOGICAL DATA (WS FORM: F-6)
STATION: ASHEVILLE NC
MONTH: DECEMBER
YEAR: 2021
LATITUDE: 35 25 N
LONGITUDE: 82 33 W
TEMPERATURE IN F: :PCPN: SNOW: WIND :SUNSHINE: SKY :PK WND
================================================================================
1 2 3 4 5 6A 6B 7 8 9 10 11 12 13 14 15 16 17 18
12Z AVG MX 2MIN
DY MAX MIN AVG DEP HDD CDD WTR SNW DPTH SPD SPD DIR MIN PSBL S-S WX SPD DR
================================================================================
1 63 27 45 1 20 0 0.00 0.0 0 3.4 13 170 M M 0 19 130
2 71 33 52 8 13 0 0.00 0.0 0 3.8 14 270 M M 0 1 20 290
3 76 41 59 15 6 0 0.00 0.0 0 4.2 15 330 M M 0 19 330
4 67 39 53 10 12 0 0.00 0.0 0 4.7 14 350 M M 0 19 350
5 56 37 47 4 18 0 0.00 0.0 0 3.1 13 170 M M 7 12 17 180
6 64 38 51 8 14 0 T 0.0 0 10.5 28 340 M M 8 1 37 330
7 50 30 40 -3 25 0 0.00 0.0 0 8.1 21 340 M M 3 28 350
8 50 34 42 -1 23 0 T 0.0 0 8.7 18 330 M M 3 24 330
9 44 25 35 -7 30 0 0.00 0.0 0 5.2 13 140 M M 0 19 160
10 62 32 47 5 18 0 T 0.0 0 4.4 10 170 M M 7 1 15 220
11 67 41 54 12 11 0 0.26 0.0 0 10.8 25 200 M M 8 1 35 210
12 51 28 40 -2 25 0 0.00 0.0 0 8.6 26 330 M M 1 35 330
13 59 24 42 0 23 0 0.00 0.0 0 2.5 10 330 M M 0 13 340
14 64 23 44 2 21 0 0.00 0.0 0 2.4 10 170 M M 0 13 160
15 58 27 43 1 22 0 0.00 0.0 0 3.9 12 140 M M 0 17 150
16 66 36 51 10 14 0 0.00 0.0 0 6.1 18 180 M M 2 1 24 190
17 70 43 57 16 8 0 0.00 0.0 0 2.8 10 160 M M 4 1 14 150
18 61 45 53 12 12 0 0.22 0.0 0 3.8 18 180 M M 9 12 26 200
19 56 32 44 3 21 0 0.09 0.0 0 13.5 25 330 M M 8 1 34 340
20 44 25 35 -6 30 0 0.00 0.0 0 3.4 10 160 M M 0 1 13 120
21 46 30 38 -2 27 0 0.12 T 0 4.4 15 340 M M 5 14 19 340
22 47 30 39 -1 26 0 0.00 0.0 0 13.2 30 340 M M 1 37 350
23 56 24 40 0 25 0 0.00 0.0 0 3.9 12 140 M M 0 18 140
24 60 27 44 4 21 0 0.00 0.0 0 5.1 17 190 M M 0 25 200
25 71 37 54 14 11 0 0.00 0.0 0 4.9 17 190 M M 0 24 200
26 69 42 56 16 9 0 0.00 0.0 0 1.4 10 340 M M 2 14 10
27 71 36 54 14 11 0 0.00 0.0 0 1.8 13 340 M M 0 13 340
28 68 41 55 15 10 0 T 0.0 0 7.2 22 210 M M 5 31 220
29 67 59 63 23 2 0 0.11 0.0 0 10.3 23 330 M M 8 1 34 330
30 64 50 57 18 8 0 0.13 0.0 0 4.3 13 190 M M 4 12 19 360
31 66 46 56 17 9 0 0.00 0.0 0 4.4 21 190 M M 8 12 26 190
================================================================================
SM 1884 1082 525 0 0.93 T 174.8 M 93
================================================================================
AV 60.8 34.9 5.6 FASTST M M 3 MAX(MPH)
MISC ----> 30 340 # 37 330
================================================================================
NOTES:
# LAST OF SEVERAL OCCURRENCES
COLUMN 17 PEAK WIND IN M.P.H.
PRELIMINARY LOCAL CLIMATOLOGICAL DATA (WS FORM: F-6) , PAGE 2
STATION: ASHEVILLE NC
MONTH: DECEMBER
YEAR: 2021
LATITUDE: 35 25 N
LONGITUDE: 82 33 W
[TEMPERATURE DATA] [PRECIPITATION DATA] SYMBOLS USED IN COLUMN 16
AVERAGE MONTHLY: 47.8 TOTAL FOR MONTH: 0.93 1 = FOG OR MIST
DPTR FM NORMAL: 6.4 DPTR FM NORMAL: -3.25 2 = FOG REDUCING VISIBILITY
HIGHEST: 76 ON 3 GRTST 24HR 0.29 ON 18-19 TO 1/4 MILE OR LESS
LOWEST: 23 ON 14 3 = THUNDER
SNOW, ICE PELLETS, HAIL 4 = ICE PELLETS
TOTAL MONTH: T 5 = HAIL
GRTST 24HR T ON 21-21 6 = FREEZING RAIN OR DRIZZLE
GRTST DEPTH: 0 7 = DUSTSTORM OR SANDSTORM:
VSBY 1/2 MILE OR LESS
8 = SMOKE OR HAZE
[NO. OF DAYS WITH] [WEATHER - DAYS WITH] 9 = BLOWING SNOW
X = TORNADO
MAX 32 OR BELOW: 0 0.01 INCH OR MORE: 6
MAX 90 OR ABOVE: 0 0.10 INCH OR MORE: 5
MIN 32 OR BELOW: 14 0.50 INCH OR MORE: 0
MIN 0 OR BELOW: 0 1.00 INCH OR MORE: 0
[HDD (BASE 65) ]
TOTAL THIS MO. 525 CLEAR (SCALE 0-3) 18
DPTR FM NORMAL -207 PTCLDY (SCALE 4-7) 10
TOTAL FM JUL 1 1311 CLOUDY (SCALE 8-10) 3
DPTR FM NORMAL -210
[CDD (BASE 65) ]
TOTAL THIS MO. 0
DPTR FM NORMAL 0 [PRESSURE DATA]
TOTAL FM JAN 1 1004 HIGHEST SLP 30.56 ON 15
DPTR FM NORMAL -44 LOWEST SLP 29.73 ON 25
[REMARKS]
#FINAL-12-21#