000
CXUS51 KBGM 011502 CCB
CF6AVP
PRELIMINARY LOCAL CLIMATOLOGICAL DATA (WS FORM: F-6)
STATION: AVOCA PA
MONTH: JANUARY
YEAR: 2022
LATITUDE: 41 19 N
LONGITUDE: 75 44 W
TEMPERATURE IN F: :PCPN: SNOW: WIND :SUNSHINE: SKY :PK WND
================================================================================
1 2 3 4 5 6A 6B 7 8 9 10 11 12 13 14 15 16 17 18
12Z AVG MX 2MIN
DY MAX MIN AVG DEP HDD CDD WTR SNW DPTH SPD SPD DIR MIN PSBL S-S WX SPD DR
================================================================================
1 55 47 51 21 14 0 0.33 0.0 M 2.5 12 190 M M M 1 21 170
2 52 27 40 11 25 0 0.07 T M 7.6 20 340 M M 10 1 25 330
3 28 15 22 -7 43 0 0.00 0.0 M 10.7 17 20 M M 4 23 20
4 35 13 24 -5 41 0 0.00 0.0 M 4.6 13 240 M M 1 16 260
5 42 26 34 5 31 0 T T M 5.0 15 250 M M 1 20 230
6 35 25 30 1 35 0 0.05 0.4 M 7.7 18 250 M M 4 1 25 260
7 29 19 24 -5 41 0 0.16 2.1 M 9.4 22 290 M M 10 18 29 290
8 28 11 20 -8 45 0 0.00 0.0 M 4.7 20 300 M M 1 26 330
9 35 25 30 2 35 0 0.14 T M 6.3 14 320 M M 10 168 22 210
10 35 17 26 -2 39 0 T 0.5 M 13.9 25 310 M M 6 18 33 330
11 17 8 13 -15 52 0 T T M 7.4 21 330 M M 2 8 28 310
12 35 15 25 -3 40 0 0.00 0.0 M 4.7 17 210 M M 2 25 200
13 46 28 37 9 28 0 T T M 2.2 7 110 M M 6 8 12 190
14 37 11 24 -4 41 0 0.00 0.0 M 11.4 24 340 M M 8 31 340
15 14 2 8 -20 57 0 0.00 0.0 M 8.8 21 340 M M 0 28 340
16 30 -3 14 -14 51 0 0.35 3.0 M 5.7 16 50 M M 4 14 26 60
17 38 27 33 5 32 0 0.34 1.0 M 14.0 25 280 M M 10 18 42 120
18 32 18 25 -3 40 0 T T M 10.4 24 290 M M 8 38 310
19 47 14 31 3 34 0 0.00 0.0 M 7.6 22 230 M M 3 30 240
20 40 11 26 -1 39 0 0.02 0.1 M 11.5 20 330 M M 6 8 26 320
21 22 4 13 -14 52 0 0.00 0.0 M 7.1 16 10 M M 3 8 20 350
22 24 -3 11 -16 54 0 0.00 0.0 M 4.7 10 230 M M 2 13 250
23 29 17 23 -4 42 0 0.02 0.6 M 5.5 16 220 M M 6 18 21 230
24 30 12 21 -6 44 0 T T M 4.1 15 350 M M 7 8 21 330
25 32 18 25 -3 40 0 0.01 T M 4.6 17 350 M M 9 8 22 330
26 24 7 16 -12 49 0 T T M 5.6 15 340 M M 2 19 340
27 29 1 15 -13 50 0 0.00 0.0 M 5.1 14 240 M M 1 8 20 220
28 30 17 24 -4 41 0 0.10 1.2 M 3.8 15 350 M M 10 18 19 350
29 17 7 12 -16 53 0 0.03 0.5 M 11.9 25 330 M M 7 8 33 360
30 23 2 13 -15 52 0 0.00 0.0 M 3.7 13 340 M M 2 17 290
31 32 4 18 -10 47 0 0.00 0.0 M 3.9 9 90 M M 0 8 11 100
================================================================================
SM 1002 442 1287 0 1.62 9.4 216.1 M 145
================================================================================
AV 32.3 14.3 7.0 FASTST M M 5 MAX(MPH)
MISC ----> # 25 310 42 120
================================================================================
NOTES:
# LAST OF SEVERAL OCCURRENCES
COLUMN 17 PEAK WIND IN M.P.H.
PRELIMINARY LOCAL CLIMATOLOGICAL DATA (WS FORM: F-6) , PAGE 2
STATION: AVOCA PA
MONTH: JANUARY
YEAR: 2022
LATITUDE: 41 19 N
LONGITUDE: 75 44 W
[TEMPERATURE DATA] [PRECIPITATION DATA] SYMBOLS USED IN COLUMN 16
AVERAGE MONTHLY: 23.3 TOTAL FOR MONTH: 1.62 1 = FOG OR MIST
DPTR FM NORMAL: -4.7 DPTR FM NORMAL: -0.97 2 = FOG REDUCING VISIBILITY
HIGHEST: 55 ON 1 GRTST 24HR 0.69 ON 16-17 TO 1/4 MILE OR LESS
LOWEST: -3 ON 22,16 3 = THUNDER
SNOW, ICE PELLETS, HAIL 4 = ICE PELLETS
TOTAL MONTH: 9.4 INCHES 5 = HAIL
GRTST 24HR 3.0 ON 16-16 6 = FREEZING RAIN OR DRIZZLE
GRTST DEPTH: M ON M 7 = DUSTSTORM OR SANDSTORM:
VSBY 1/2 MILE OR LESS
8 = SMOKE OR HAZE
[NO. OF DAYS WITH] [WEATHER - DAYS WITH] 9 = BLOWING SNOW
X = TORNADO
MAX 32 OR BELOW: 18 0.01 INCH OR MORE: 12
MAX 90 OR ABOVE: 0 0.10 INCH OR MORE: 6
MIN 32 OR BELOW: 30 0.50 INCH OR MORE: 0
MIN 0 OR BELOW: 2 1.00 INCH OR MORE: 0
[HDD (BASE 65) ]
TOTAL THIS MO. 1287 CLEAR (SCALE 0-3) 12
DPTR FM NORMAL 140 PTCLDY (SCALE 4-7) 12
TOTAL FM JUL 1 3032 CLOUDY (SCALE 8-10) 7
DPTR FM NORMAL -251
[CDD (BASE 65) ]
TOTAL THIS MO. 0
DPTR FM NORMAL 0 [PRESSURE DATA]
TOTAL FM JAN 1 0 HIGHEST SLP 30.63 ON 8
DPTR FM NORMAL 0 LOWEST SLP 28.99 ON 17
[REMARKS]
#FINAL-01-22#
CORRECTED GREATEST 24 HOUR PRECIPITATION
CORRECTED SNOWFALL ON DAY 28 AND MONTHLY SNOWFALL