000
CXUS51 KBGM 010810
CF6AVP
PRELIMINARY LOCAL CLIMATOLOGICAL DATA (WS FORM: F-6)
STATION: AVOCA PA
MONTH: APRIL
YEAR: 2021
LATITUDE: 41 19 N
LONGITUDE: 75 44 W
TEMPERATURE IN F: :PCPN: SNOW: WIND :SUNSHINE: SKY :PK WND
================================================================================
1 2 3 4 5 6A 6B 7 8 9 10 11 12 13 14 15 16 17 18
12Z AVG MX 2MIN
DY MAX MIN AVG DEP HDD CDD WTR SNW DPTH SPD SPD DIR MIN PSBL S-S WX SPD DR
================================================================================
1 44 29 37 -6 28 0 0.13 0.3 M 12.5 26 340 M M 8 1 35 320
2 40 23 32 -11 33 0 0.00 0.0 M 13.6 25 340 M M 4 36 360
3 52 21 37 -7 28 0 T 0.0 M 4.3 17 270 M M 1 21 270
4 64 39 52 8 13 0 0.00 0.0 M 7.8 23 340 M M 4 35 330
5 65 42 54 10 11 0 0.00 0.0 M 8.9 24 330 M M 0 30 310
6 69 35 52 7 13 0 0.00 0.0 M 6.5 17 340 M M 0 22 290
7 74 43 59 14 6 0 0.07 0.0 M 3.6 12 30 M M 4 17 110
8 74 47 61 15 4 0 0.00 0.0 M 5.0 14 190 M M 0 20 200
9 61 50 56 10 9 0 0.01 0.0 M 3.0 9 200 M M 6 14 190
10 73 52 63 16 2 0 0.00 0.0 M 3.8 14 230 M M 5 18 20 240
11 64 53 59 12 6 0 0.20 0.0 M 5.9 18 130 M M 9 18 31 140
12 53 45 49 2 16 0 0.04 0.0 M 4.0 13 100 M M 10 1 21 110
13 67 40 54 6 11 0 T 0.0 M 4.7 10 330 M M 3 16 330
14 67 42 55 7 10 0 T 0.0 M 4.6 14 240 M M 5 20 240
15 54 35 45 -4 20 0 0.09 0.0 M 5.2 17 350 M M 7 24 350
16 46 35 41 -8 24 0 0.30 0.0 M 7.8 15 320 M M 10 1 19 320
17 51 40 46 -3 19 0 0.01 0.0 M 7.0 17 340 M M 10 18 22 330
18 61 42 52 2 13 0 T 0.0 M 4.2 16 280 M M 9 19 270
19 64 41 53 3 12 0 T 0.0 M 4.3 22 320 M M 5 27 310
20 71 39 55 5 10 0 0.01 0.0 M 8.2 28 260 M M 3 35 260
21 50 33 42 -9 23 0 0.11 T M 8.7 24 320 M M 7 1 29 310
22 45 30 38 -13 27 0 T T M 14.9 26 290 M M 9 35 290
23 64 33 49 -3 16 0 0.00 0.0 M 9.2 20 300 M M 1 28 270
24 67 38 53 1 12 0 T 0.0 M 5.7 15 230 M M 2 22 240
25 63 44 54 2 11 0 0.19 0.0 M 7.2 22 310 M M 8 18 29 300
26 57 36 47 -6 18 0 0.00 0.0 M 12.3 22 310 M M 3 28 320
27 77 40 59 6 6 0 T 0.0 M 4.9 15 240 M M 3 19 240
28 85 54 70 17 0 5 0.31 0.0 M 6.7 35 330 M M 4 13 44 330
29 72 57 65 11 0 0 0.56 0.0 M 7.8 22 320 M M 10 12 33 230
30 65 38 52 -2 13 0 0.02 0.0 M 16.5 35 310 M M 9 47 310
================================================================================
SM 1859 1196 414 5 2.05 0.3 218.8 M 159
================================================================================
AV 62.0 39.9 7.3 FASTST M M 5 MAX(MPH)
MISC ----> # 35 330 47 310
================================================================================
NOTES:
# LAST OF SEVERAL OCCURRENCES
COLUMN 17 PEAK WIND IN M.P.H.
PRELIMINARY LOCAL CLIMATOLOGICAL DATA (WS FORM: F-6) , PAGE 2
STATION: AVOCA PA
MONTH: APRIL
YEAR: 2021
LATITUDE: 41 19 N
LONGITUDE: 75 44 W
[TEMPERATURE DATA] [PRECIPITATION DATA] SYMBOLS USED IN COLUMN 16
AVERAGE MONTHLY: 50.9 TOTAL FOR MONTH: 2.05 1 = FOG OR MIST
DPTR FM NORMAL: 2.3 DPTR FM NORMAL: -1.28 2 = FOG REDUCING VISIBILITY
HIGHEST: 85 ON 28 GRTST 24HR 0.76 ON 28-29 TO 1/4 MILE OR LESS
LOWEST: 21 ON 3 3 = THUNDER
SNOW, ICE PELLETS, HAIL 4 = ICE PELLETS
TOTAL MONTH: 0.3 INCH 5 = HAIL
GRTST 24HR 0.3 ON 1- 1 6 = FREEZING RAIN OR DRIZZLE
GRTST DEPTH: M ON M 7 = DUSTSTORM OR SANDSTORM:
VSBY 1/2 MILE OR LESS
8 = SMOKE OR HAZE
[NO. OF DAYS WITH] [WEATHER - DAYS WITH] 9 = BLOWING SNOW
X = TORNADO
MAX 32 OR BELOW: 0 0.01 INCH OR MORE: 14
MAX 90 OR ABOVE: 0 0.10 INCH OR MORE: 7
MIN 32 OR BELOW: 4 0.50 INCH OR MORE: 1
MIN 0 OR BELOW: 0 1.00 INCH OR MORE: 0
[HDD (BASE 65) ]
TOTAL THIS MO. 414 CLEAR (SCALE 0-3) 9
DPTR FM NORMAL -82 PTCLDY (SCALE 4-7) 12
TOTAL FM JUL 1 5053 CLOUDY (SCALE 8-10) 9
DPTR FM NORMAL -920
[CDD (BASE 65) ]
TOTAL THIS MO. 5
DPTR FM NORMAL -1 [PRESSURE DATA]
TOTAL FM JAN 1 5 HIGHEST SLP 30.40 ON 3
DPTR FM NORMAL -1 LOWEST SLP 29.42 ON 29
[REMARKS]
#FINAL-04-21#