000
CXUS51 KBGM 010810
CF6AVP
PRELIMINARY LOCAL CLIMATOLOGICAL DATA (WS FORM: F-6)
STATION: AVOCA PA
MONTH: OCTOBER
YEAR: 2023
LATITUDE: 41 19 N
LONGITUDE: 75 44 W
TEMPERATURE IN F: :PCPN: SNOW: WIND :SUNSHINE: SKY :PK WND
================================================================================
1 2 3 4 5 6A 6B 7 8 9 10 11 12 13 14 15 16 17 18
12Z AVG MX 2MIN
DY MAX MIN AVG DEP HDD CDD WTR SNW DPTH SPD SPD DIR MIN PSBL S-S WX SPD DR
================================================================================
1 79 52 66 7 0 1 0.00 0.0 M 3.4 14 340 M M 0 1 20 350
2 77 54 66 8 0 1 0.00 0.0 M 3.3 8 290 M M 2 1 12 310
3 82 54 68 10 0 3 0.00 0.0 M 2.3 7 110 M M 2 128 10 100
4 84 58 71 13 0 6 0.00 0.0 M 2.1 8 180 M M 1 18 13 200
5 79 56 68 11 0 3 0.00 0.0 M 3.6 12 220 M M 2 1 20 180
6 74 66 70 13 0 5 0.42 0.0 M 1.6 12 280 M M 6 1 17 160
7 66 47 57 1 8 0 1.21 0.0 M 6.4 14 320 M M 8 1 23 340
8 58 45 52 -4 13 0 T 0.0 M 11.0 23 240 M M 9 33 250
9 57 41 49 -7 16 0 0.00 0.0 M 7.1 21 250 M M 7 31 240
10 61 43 52 -3 13 0 0.00 0.0 M 5.4 18 250 M M 7 24 250
11 66 47 57 2 8 0 T 0.0 M 4.7 16 240 M M 5 20 240
12 67 41 54 0 11 0 0.00 0.0 M 4.5 15 250 M M 4 21 250
13 60 40 50 -4 15 0 0.00 0.0 M 5.1 15 340 M M 3 21 350
14 49 47 48 -6 17 0 0.91 0.0 M 4.0 12 40 M M 10 1 16 40
15 56 46 51 -2 14 0 T 0.0 M 7.9 18 320 M M 10 28 310
16 58 45 52 -1 13 0 0.06 0.0 M 4.6 12 310 M M 10 18 18 320
17 61 50 56 3 9 0 T 0.0 M 3.8 13 350 M M 10 16 360
18 61 46 54 2 11 0 0.00 0.0 M 1.6 6 240 M M 8 12 250
19 63 40 52 0 13 0 0.00 0.0 M 4.1 13 210 M M 4 12 25 210
20 67 54 61 9 4 0 0.70 0.0 M 5.8 17 320 M M 7 1 26 240
21 58 51 55 4 10 0 0.05 0.0 M 9.0 20 260 M M 10 18 28 260
22 52 44 48 -3 17 0 T 0.0 M 10.6 22 330 M M 10 32 300
23 58 39 49 -2 16 0 0.00 0.0 M 6.7 18 340 M M 4 28 320
24 68 36 52 2 13 0 0.00 0.0 M 3.6 12 260 M M 0 15 250
25 72 42 57 7 8 0 0.00 0.0 M 3.0 13 230 M M 0 19 220
26 78 50 64 14 1 0 0.00 0.0 M 3.4 13 230 M M 0 20 220
27 77 55 66 17 0 1 0.00 0.0 M 4.6 17 220 M M 0 26 220
28 75 51 63 14 2 0 0.06 0.0 M 7.0 20 240 M M 6 1 28 250
29 52 47 50 1 15 0 0.42 0.0 M 4.2 9 350 M M 9 1 13 350
30 53 43 48 0 17 0 0.54 0.0 M 5.2 15 310 M M 9 1 22 300
31 47 34 41 -7 24 0 T 0.0 M 3.2 16 340 M M 8 22 350
================================================================================
SM 2015 1464 288 20 4.37 0.0 152.8 M 171
================================================================================
AV 65.0 47.2 4.9 FASTST M M 6 MAX(MPH)
MISC ----> 23 240 33 250
================================================================================
NOTES:
# LAST OF SEVERAL OCCURRENCES
COLUMN 17 PEAK WIND IN M.P.H.
PRELIMINARY LOCAL CLIMATOLOGICAL DATA (WS FORM: F-6) , PAGE 2
STATION: AVOCA PA
MONTH: OCTOBER
YEAR: 2023
LATITUDE: 41 19 N
LONGITUDE: 75 44 W
[TEMPERATURE DATA] [PRECIPITATION DATA] SYMBOLS USED IN COLUMN 16
AVERAGE MONTHLY: 56.1 TOTAL FOR MONTH: 4.37 1 = FOG OR MIST
DPTR FM NORMAL: 2.9 DPTR FM NORMAL: 0.66 2 = FOG REDUCING VISIBILITY
HIGHEST: 84 ON 4 GRTST 24HR 1.37 ON 6- 7 TO 1/4 MILE OR LESS
LOWEST: 34 ON 31 3 = THUNDER
SNOW, ICE PELLETS, HAIL 4 = ICE PELLETS
TOTAL MONTH: 0.0 INCH 5 = HAIL
GRTST 24HR 0.0 6 = FREEZING RAIN OR DRIZZLE
GRTST DEPTH: M ON M 7 = DUSTSTORM OR SANDSTORM:
VSBY 1/2 MILE OR LESS
8 = SMOKE OR HAZE
[NO. OF DAYS WITH] [WEATHER - DAYS WITH] 9 = BLOWING SNOW
X = TORNADO
MAX 32 OR BELOW: 0 0.01 INCH OR MORE: 9
MAX 90 OR ABOVE: 0 0.10 INCH OR MORE: 6
MIN 32 OR BELOW: 0 0.50 INCH OR MORE: 4
MIN 0 OR BELOW: 0 1.00 INCH OR MORE: 1
[HDD (BASE 65) ]
TOTAL THIS MO. 288 CLEAR (SCALE 0-3) 10
DPTR FM NORMAL -87 PTCLDY (SCALE 4-7) 11
TOTAL FM JUL 1 382 CLOUDY (SCALE 8-10) 10
DPTR FM NORMAL -99
[CDD (BASE 65) ]
TOTAL THIS MO. 20
DPTR FM NORMAL 11 [PRESSURE DATA]
TOTAL FM JAN 1 760 HIGHEST SLP 30.38 ON 24
DPTR FM NORMAL -30 LOWEST SLP 29.34 ON 21
[REMARKS]
#FINAL-10-23#