000
CXUS51 KBOX 010810
CF6BDL
PRELIMINARY LOCAL CLIMATOLOGICAL DATA (WS FORM: F-6)
STATION: HARTFORD CT
MONTH: OCTOBER
YEAR: 2023
LATITUDE: 41 55 N
LONGITUDE: 72 41 W
TEMPERATURE IN F: :PCPN: SNOW: WIND :SUNSHINE: SKY :PK WND
================================================================================
1 2 3 4 5 6A 6B 7 8 9 10 11 12 13 14 15 16 17 18
12Z AVG MX 2MIN
DY MAX MIN AVG DEP HDD CDD WTR SNW DPTH SPD SPD DIR MIN PSBL S-S WX SPD DR
================================================================================
1 78 50 64 5 1 0 0.00 0.0 0 7.0 20 20 M M 2 1 23 20
2 77 54 66 8 0 1 0.00 0.0 0 5.6 14 20 M M 3 16 20
3 83 48 66 8 0 1 0.00 0.0 0 2.6 9 210 M M 1 1 11 220
4 86 57 72 15 0 7 0.00 0.0 0 2.9 8 40 M M 1 1 10 30
5 80 59 70 13 0 5 0.00 0.0 0 6.4 14 150 M M 6 12 17 150
6 69 60 65 8 0 0 0.02 0.0 0 3.3 8 120 M M 10 12 10 140
7 72 53 63 7 2 0 0.84 0.0 0 6.9 24 300 M M 10 1 30 290
8 65 47 56 0 9 0 0.00 0.0 0 10.6 21 230 M M 4 27 210
9 64 43 54 -2 11 0 0.00 0.0 0 7.4 17 200 M M 5 22 220
10 64 44 54 -1 11 0 0.00 0.0 0 3.0 15 230 M M 7 23 240
11 70 44 57 2 8 0 T 0.0 0 3.6 17 220 M M 7 25 210
12 72 45 59 5 6 0 0.00 0.0 0 2.9 12 260 M M 6 1 17 270
13 66 42 54 0 11 0 0.00 0.0 0 7.3 17 350 M M 2 23 360
14 57 43 50 -4 15 0 0.00 0.0 0 2.3 9 220 M M 9 11 220
15 63 46 55 2 10 0 0.00 0.0 0 8.3 20 330 M M 7 25 310
16 62 47 55 2 10 0 0.01 0.0 0 7.7 15 320 M M 7 22 310
17 64 43 54 2 11 0 0.00 0.0 0 3.2 14 350 M M 7 1 17 350
18 64 51 58 6 7 0 0.00 0.0 0 2.1 8 170 M M 9 10 180
19 67 44 56 4 9 0 0.00 0.0 0 6.6 20 170 M M 6 128 25 160
20 63 48 56 5 9 0 0.76 0.0 0 3.2 15 160 M M 9 1 19 150
21 61 56 59 8 6 0 0.53 0.0 0 9.2 28 320 M M 9 1 39 330
22 58 43 51 0 14 0 0.00 0.0 0 12.3 24 290 M M 7 33 280
23 61 38 50 0 15 0 0.00 0.0 0 6.6 16 330 M M 2 20 300
24 62 34 48 -2 17 0 0.00 0.0 0 5.5 14 230 M M 4 18 220
25 75 43 59 9 6 0 0.00 0.0 0 5.6 13 170 M M 5 1 15 180
26 80 51 66 17 0 1 0.00 0.0 0 3.5 12 160 M M 7 15 160
27 80 58 69 20 0 4 0.00 0.0 0 4.9 14 150 M M 5 17 140
28 84 51 68 19 0 3 0.00 0.0 0 6.3 18 320 M M 3 1 24 310
29 54 44 49 1 16 0 0.56 0.0 0 7.4 15 20 M M 10 1 18 10
30 51 45 48 0 17 0 0.27 0.0 0 5.9 15 330 M M 10 1 21 340
31 52 33 43 -5 22 0 0.00 0.0 0 4.6 12 20 M M 6 17 350
================================================================================
SM 2104 1464 243 22 2.99 0.0 174.7 M 186
================================================================================
AV 67.9 47.2 5.6 FASTST M M 6 MAX(MPH)
MISC ----> 28 320 39 330
================================================================================
NOTES:
# LAST OF SEVERAL OCCURRENCES
COLUMN 17 PEAK WIND IN M.P.H.
PRELIMINARY LOCAL CLIMATOLOGICAL DATA (WS FORM: F-6) , PAGE 2
STATION: HARTFORD CT
MONTH: OCTOBER
YEAR: 2023
LATITUDE: 41 55 N
LONGITUDE: 72 41 W
[TEMPERATURE DATA] [PRECIPITATION DATA] SYMBOLS USED IN COLUMN 16
AVERAGE MONTHLY: 57.5 TOTAL FOR MONTH: 2.99 1 = FOG OR MIST
DPTR FM NORMAL: 4.5 DPTR FM NORMAL: -1.53 2 = FOG REDUCING VISIBILITY
HIGHEST: 86 ON 4 GRTST 24HR 1.24 ON 20-21 TO 1/4 MILE OR LESS
LOWEST: 33 ON 31 3 = THUNDER
SNOW, ICE PELLETS, HAIL 4 = ICE PELLETS
TOTAL MONTH: 0.0 INCH 5 = HAIL
GRTST 24HR 0.0 6 = FREEZING RAIN OR DRIZZLE
GRTST DEPTH: 0 7 = DUSTSTORM OR SANDSTORM:
VSBY 1/2 MILE OR LESS
8 = SMOKE OR HAZE
[NO. OF DAYS WITH] [WEATHER - DAYS WITH] 9 = BLOWING SNOW
X = TORNADO
MAX 32 OR BELOW: 0 0.01 INCH OR MORE: 7
MAX 90 OR ABOVE: 0 0.10 INCH OR MORE: 5
MIN 32 OR BELOW: 0 0.50 INCH OR MORE: 4
MIN 0 OR BELOW: 0 1.00 INCH OR MORE: 0
[HDD (BASE 65) ]
TOTAL THIS MO. 243 CLEAR (SCALE 0-3) 7
DPTR FM NORMAL -139 PTCLDY (SCALE 4-7) 16
TOTAL FM JUL 1 321 CLOUDY (SCALE 8-10) 8
DPTR FM NORMAL -161
[CDD (BASE 65) ]
TOTAL THIS MO. 22
DPTR FM NORMAL 14 [PRESSURE DATA]
TOTAL FM JAN 1 931 HIGHEST SLP 30.40 ON 24
DPTR FM NORMAL 112 LOWEST SLP 29.14 ON 21
[REMARKS]
#FINAL-10-23#