000
CXUS51 KBOX 011232
CLMBDL
CLIMATE REPORT
NATIONAL WEATHER SERVICE BOSTON/NORTON MA
832 AM EDT FRI SEP 01 2023
...................................
...THE HARTFORD CT CLIMATE SUMMARY FOR THE MONTH OF AUGUST 2023...
CLIMATE NORMAL PERIOD 1991 TO 2020
CLIMATE RECORD PERIOD 1904 TO 2023
WEATHER OBSERVED NORMAL DEPART LAST YEAR`S
VALUE DATE(S) VALUE FROM VALUE
NORMAL
..............................................................
TEMPERATURE (F)
RECORD
HIGH 102 08/09/2001
LOW 36 08/31/1965
HIGHEST 88 08/13 96
LOWEST 52 08/02 54
AVG. MAXIMUM 81.1 83.3 -2.2
AVG. MINIMUM 62.0 61.7 0.3
MEAN 71.5 72.5 -1.0
DAYS MAX >= 90 0 5.1 -5.1
DAYS MAX <= 32 0 0.0 0.0
DAYS MIN <= 32 0 0.0 0.0
DAYS MIN <= 0 0 0.0 0.0
PRECIPITATION (INCHES)
RECORD
MAXIMUM 21.87 1955
MINIMUM 0.54 1981
TOTALS 3.88 4.21 -0.33
DAILY AVG. 0.13 0.14 -0.01
DAYS >= .01 11 10.4 0.6
DAYS >= .10 7 6.5 0.5
DAYS >= .50 4 2.7 1.3
DAYS >= 1.00 1 1.3 -0.3
GREATEST
24 HR. TOTAL 1.06 08/18 TO 08/18
SNOWFALL (INCHES)
RECORDS
TOTAL 0.0 MM
SNOW DEPTH 0 MM
TOTALS 0.0 0.0 0.0
LIQUID EQUIV 0.00
SINCE 7/1 0.0 0.0 0.0
SNOWDEPTH AVG. 0
DAYS >= TRACE 0 0.0 0.0
DAYS >= 1.0 0 0.0 0.0
GREATEST
SNOW DEPTH 0
24 HR TOTAL MM
DEGREE DAYS
HEATING TOTAL 1 6 -5
SINCE 7/1 1 3 -2
COOLING TOTAL 213 238 -25
SINCE 1/1 768 725 43
..............................................................
WIND (MPH)
AVERAGE WIND SPEED 6.6
RESULTANT WIND SPEED/DIRECTION 1/240
HIGHEST WIND SPEED/DIRECTION 23/310 DATE 08/09
HIGHEST GUST SPEED/DIRECTION 32/310 DATE 08/09
SKY COVER
POSSIBLE SUNSHINE (PERCENT) MM
AVERAGE SKY COVER 0.63
NUMBER OF DAYS FAIR 6
NUMBER OF DAYS PC 12
NUMBER OF DAYS CLOUDY 13
AVERAGE RH (PERCENT) 71
WEATHER CONDITIONS. NUMBER OF DAYS WITH
THUNDERSTORM 3 MIXED PRECIP 0
HEAVY RAIN 4 RAIN 6
LIGHT RAIN 16 FREEZING RAIN 0
LT FREEZING RAIN 0 HAIL 0
HEAVY SNOW 0 SNOW 0
LIGHT SNOW 0 SLEET 0
FOG 16 FOG W/VIS <= 1/4 MILE 0
HAZE 0
- INDICATES NEGATIVE NUMBERS.
R INDICATES RECORD WAS SET OR TIED.
MM INDICATES DATA IS MISSING.
T INDICATES TRACE AMOUNT.
$$