000
CXUS51 KOKX 011427
CLMBDR
CLIMATE REPORT
NATIONAL WEATHER SERVICE NEW YORK, NY
1027 AM EDT SAT JUL 01 2023
...................................
...THE BRIDGEPORT CT CLIMATE SUMMARY FOR THE MONTH OF JUNE 2023...
CLIMATE NORMAL PERIOD 1991 TO 2020
CLIMATE RECORD PERIOD 1948 TO 2023
WEATHER OBSERVED NORMAL DEPART LAST YEAR`S
VALUE DATE(S) VALUE FROM VALUE DATE(S)
NORMAL
................................................................
TEMPERATURE (F)
RECORD
HIGH 97 06/09/2008
LOW 41 06/01/1967
HIGHEST 81 06/02 MM MM 90 06/17
06/28
LOWEST 46 06/04 MM MM 52 06/05
AVG. MAXIMUM 74.6 77.7 -3.1 77.0
AVG. MINIMUM 59.3 61.5 -2.2 60.6
MEAN 66.9 69.6 -2.7 68.8
DAYS MAX >= 90 0 2.0 -2.0 1
DAYS MAX <= 32 0 0.0 0.0 0
DAYS MIN <= 32 0 0.0 0.0 0
DAYS MIN <= 0 0 0.0 0.0 0
PRECIPITATION (INCHES)
RECORD
MAXIMUM 17.70 1972
MINIMUM 0.07 1949
TOTALS 1.53 3.77 -2.24 3.09
DAILY AVG. 0.05 0.13 -0.08 0.10
DAYS >= .01 11 11.2 -0.2 13
DAYS >= .10 6 6.7 -0.7 8
DAYS >= .50 0 2.6 -2.6 1
DAYS >= 1.00 0 0.8 -0.8 0
GREATEST
24 HR. TOTAL 0.30 06/14 TO 06/14 0.91 06/27 TO 06/27
STORM TOTAL 0.30 0.91
(MM/DD(HH)) MM
DEGREE DAYS
HEATING TOTAL 31 25 6 12
SINCE 7/1 4607 5137 -530 MM
COOLING TOTAL 98 163 -65 136
SINCE 1/1 120 193 -73 MM
................................................................
WIND (MPH)
AVERAGE WIND SPEED 7.3
HIGHEST WIND SPEED/DIRECTION 26/320 DATE 06/17
HIGHEST GUST SPEED/DIRECTION 37/340 DATE 06/17
WEATHER CONDITIONS. NUMBER OF DAYS WITH
THUNDERSTORM 7 MIXED PRECIP 0
HEAVY RAIN 4 RAIN 5
LIGHT RAIN 12 FREEZING RAIN 0
LT FREEZING RAIN 0 HAIL 0
HEAVY SNOW 0 SNOW 0
LIGHT SNOW 0 SLEET 0
FOG 11 FOG W/VIS <= 1/4 MILE 3
HAZE 6
- INDICATES NEGATIVE NUMBERS.
R INDICATES RECORD WAS SET OR TIED.
MM INDICATES DATA IS MISSING.
T INDICATES TRACE AMOUNT.
$$