000
CXAK56 PAFC 021015
CF6BET
PRELIMINARY LOCAL CLIMATOLOGICAL DATA (WS FORM: F-6)
STATION: BETHEL
MONTH: JUNE
YEAR: 2022
LATITUDE: 60 46 N
LONGITUDE: 161 48 W
TEMPERATURE IN F: :PCPN: SNOW: WIND :SUNSHINE: SKY :PK WND
================================================================================
1 2 3 4 5 6A 6B 7 8 9 10 11 12 13 14 15 16 17 18
12Z AVG MX 2MIN
DY MAX MIN AVG DEP HDD CDD WTR SNW DPTH SPD SPD DIR MIN PSBL S-S WX SPD DR
================================================================================
1 73 47 60 12 5 0 0.00 M M 9.1 16 350 M M 0 1 20 360
2 78 45 62 13 3 0 0.01 M M 7.9 18 150 M M 2 24 150
3 79 48 64 15 1 0 0.00 M M 8.8 21 360 M M 1 26 10
4 74 45 60 11 5 0 0.00 M M 9.2 15 340 M M 0 8 21 300
5 80 45 63 13 2 0 T M M 8.4 29 350 M M 1 42 330
6 79 49 64 14 1 0 T M M 7.7 21 10 M M 1 128 28 30
7 79 53 66 15 0 1 0.08 M M 6.5 22 220 M M 4 28 340
8 78 51 65 14 0 0 T M M 8.1 18 10 M M 2 12 26 20
9 75 51 63 12 2 0 0.00 M M 10.4 22 30 M M 1 27 10
10 73 51 62 10 3 0 0.00 M M 12.2 23 340 M M 0 29 340
11 62 42 52 0 13 0 0.00 M M 10.8 20 320 M M 0 8 23 310
12 51 40 46 -6 19 0 0.01 M M 9.3 16 330 M M 8 19 320
13 52 34 43 -10 22 0 0.01 M M 9.2 17 270 M M 6 21 270
14 59 35 47 -6 18 0 0.00 M M 7.6 17 230 M M 2 21 230
15 68 40 54 0 11 0 T M M 4.7 10 300 M M 3 17 170
16 66 43 55 1 10 0 0.03 M M 5.9 10 230 M M 5 12 M M
17 60 50 55 1 10 0 0.01 M M 7.5 16 160 M M 8 20 160
18 64 48 56 2 9 0 0.06 M M 5.9 14 180 M M 9 1 20 80
19 72 40 56 1 9 0 T M M 6.5 17 250 M M 5 12 21 140
20 69 50 60 5 5 0 0.00 M M 11.1 16 240 M M 3 12 25 240
21 61 47 54 -1 11 0 0.00 M M 11.0 17 240 M M 5 23 220
22 55 46 51 -5 14 0 T M M 10.7 15 230 M M 10 18 18 220
23 60 45 53 -3 12 0 0.00 M M 6.1 14 290 M M 8 18 310
24 73 45 59 3 6 0 0.00 M M 9.2 21 230 M M 1 12 25 230
25 73 46 60 4 5 0 0.01 M M 8.7 22 160 M M 6 1 26 150
26 59 51 55 -1 10 0 0.09 M M 16.9 29 160 M M 10 1 37 170
27 63 50 57 1 8 0 0.02 M M 9.1 20 180 M M 10 18 25 190
28 62 51 57 0 8 0 0.00 M M 5.0 12 320 M M 10 13 310
29 72 54 63 6 2 0 0.00 M M 7.9 16 220 M M 8 19 220
30 79 50 65 8 0 0 T M M 10.4 23 130 M M 4 30 160
================================================================================
SM 2048 1392 224 1 0.33 M 261.8 M 133
================================================================================
AV 68.3 46.4 8.7 FASTST M M 4 MAX(MPH)
MISC ----> # 29 350 42 330
================================================================================
NOTES:
# LAST OF SEVERAL OCCURRENCES
COLUMN 17 PEAK WIND IN M.P.H.
PRELIMINARY LOCAL CLIMATOLOGICAL DATA (WS FORM: F-6) , PAGE 2
STATION: BETHEL
MONTH: JUNE
YEAR: 2022
LATITUDE: 60 46 N
LONGITUDE: 161 48 W
[TEMPERATURE DATA] [PRECIPITATION DATA] SYMBOLS USED IN COLUMN 16
AVERAGE MONTHLY: 57.3 TOTAL FOR MONTH: 0.33 1 = FOG OR MIST
DPTR FM NORMAL: 4.0 DPTR FM NORMAL: -1.44 2 = FOG REDUCING VISIBILITY
HIGHEST: 80 ON 5 GRTST 24HR 0.10 ON 25-26 TO 1/4 MILE OR LESS
LOWEST: 34 ON 13 3 = THUNDER
SNOW, ICE PELLETS, HAIL 4 = ICE PELLETS
TOTAL MONTH: M 5 = HAIL
GRTST 24HR M ON M 6 = FREEZING RAIN OR DRIZZLE
GRTST DEPTH: M ON M 7 = DUSTSTORM OR SANDSTORM:
VSBY 1/2 MILE OR LESS
8 = SMOKE OR HAZE
[NO. OF DAYS WITH] [WEATHER - DAYS WITH] 9 = BLOWING SNOW
X = TORNADO
MAX 32 OR BELOW: 0 0.01 INCH OR MORE: 10
MAX 90 OR ABOVE: 0 0.10 INCH OR MORE: 0
MIN 32 OR BELOW: 0 0.50 INCH OR MORE: 0
MIN 0 OR BELOW: 0 1.00 INCH OR MORE: 0
[HDD (BASE 65) ]
TOTAL THIS MO. 224 CLEAR (SCALE 0-3) 14
DPTR FM NORMAL -129 PTCLDY (SCALE 4-7) 10
TOTAL FM JUL 1 12207 CLOUDY (SCALE 8-10) 6
DPTR FM NORMAL -17
[CDD (BASE 65) ]
TOTAL THIS MO. 1
DPTR FM NORMAL -1 [PRESSURE DATA]
TOTAL FM JAN 1 1 HIGHEST SLP 30.47 ON 23
DPTR FM NORMAL -1 LOWEST SLP 29.49 ON 10
[REMARKS]
#FINAL-06-22#