000
CXUS55 KCYS 070544 CCA
CF6BFF
PRELIMINARY LOCAL CLIMATOLOGICAL DATA (WS FORM: F-6)...CORRECTED
STATION: SCOTTSBLUFF NE AIRPORT
MONTH: MARCH
YEAR: 2023
LATITUDE: 41 52 N
LONGITUDE: 103 36 W
TEMPERATURE IN F: :PCPN: SNOW: WIND :SUNSHINE: SKY :PK WND
================================================================================
1 2 3 4 5 6A 6B 7 8 9 10 11 12 13 14 15 16 17 18
12Z AVG MX 2MIN
DY MAX MIN AVG DEP HDD CDD WTR SNW DPTH SPD SPD DIR MIN PSBL S-S WX SPD DR
================================================================================
1 39 20 30 -4 35 0 0.00 0.0 T 9.1 20 110 M M 4 27 270
2 48 23 36 1 29 0 0.00 0.0 T 12.0 29 280 M M 2 1 39 270
3 45 29 37 2 28 0 0.05 0.1 T 9.4 25 280 M M 5 18 37 270
4 43 22 33 -3 32 0 0.00 0.0 0 9.8 24 130 M M 3 31 130
5 53 27 40 4 25 0 0.00 0.0 0 11.4 30 290 M M 1 40 300
6 34 26 30 -6 35 0 0.00 0.0 0 11.4 22 90 M M 10 28 90
7 38 25 32 -5 33 0 T T 0 10.5 17 100 M M 9 1 23 100
8 34 26 30 -7 35 0 0.00 0.0 0 13.7 22 110 M M 10 18 28 110
9 43 25 34 -4 31 0 0.01 T T 11.5 21 340 M M 5 1 28 310
10 46 24 35 -3 30 0 0.00 0.0 0 15.9 24 110 M M 2 31 160
11 52 25 39 1 26 0 0.00 0.0 0 14.5 28 300 M M 1 41 300
12 41 19 30 -9 35 0 0.00 0.0 0 10.6 23 330 M M 1 32 330
13 56 22 39 0 26 0 0.00 0.0 0 11.7 21 100 M M 4 27 90
14 67 27 47 7 18 0 0.00 0.0 0 11.9 32 260 M M 0 45 280
15 70 31 51 11 14 0 T 0.0 0 10.6 28 290 M M 5 36 290
16 41 20 31 -9 34 0 T T 0 18.1 33 330 M M 7 46 320
17 42 16 29 -12 36 0 0.00 0.0 0 17.4 40 320 M M 2 57 300
18 43 11 27 -14 38 0 0.00 0.0 0 8.7 20 350 M M 0 29 320
19 59 14 37 -4 28 0 0.00 0.0 0 10.4 26 290 M M 0 39 290
20 55 20 38 -4 27 0 0.00 0.0 0 7.6 18 130 M M 2 23 110
21 57 28 43 1 22 0 0.04 0.3 T 13.0 33 280 M M 3 1 45 290
22 40 25 33 -9 32 0 0.16 1.0 1 9.7 22 100 M M 8 128 27 90
23 53 22 38 -4 27 0 0.00 0.0 0 6.8 17 220 M M 5 12 24 240
24 58 25 42 -1 23 0 T T 0 6.9 28 340 M M 3 37 350
25 35 28 32 -11 33 0 0.07 1.2 1 15.6 32 280 M M 9 1 44 310
26 43 21 32 -11 33 0 0.00 0.0 0 6.5 16 130 M M 3 21 130
27 36 15 26 -18 39 0 0.02 0.2 T 8.1 21 350 M M 8 1 29 350
28 54 10 32 -12 33 0 0.00 0.0 0 8.4 23 200 M M 1 12 30 220
29 39 23 31 -13 34 0 0.00 0.0 0 13.4 24 30 M M 5 18 33 20
30 68 23 46 2 19 0 0.05 0.0 0 12.7 32 310 M M 2 18 44 320
31 43 27 35 -9 30 0 0.02 T 0 18.4 45 310 M M 8 18 63 310
================================================================================
SM 1475 699 920 0 0.42 2.8 355.7 M 128
================================================================================
AV 47.6 22.5 11.5 FASTST M M 4 MAX(MPH)
MISC ----> 45 310 63 310
================================================================================
NOTES:
# LAST OF SEVERAL OCCURRENCES
COLUMN 17 PEAK WIND IN M.P.H.
PRELIMINARY LOCAL CLIMATOLOGICAL DATA (WS FORM: F-6) , PAGE 2
STATION: SCOTTSBLUFF NE AIRPORT
MONTH: MARCH
YEAR: 2023
LATITUDE: 41 52 N
LONGITUDE: 103 36 W
[TEMPERATURE DATA] [PRECIPITATION DATA] SYMBOLS USED IN COLUMN 16
AVERAGE MONTHLY: 35.1 TOTAL FOR MONTH: 0.42 1 = FOG OR MIST
DPTR FM NORMAL: -4.8 DPTR FM NORMAL: -0.58 2 = FOG REDUCING VISIBILITY
HIGHEST: 70 ON 15 GRTST 24HR 0.16 ON 22-22 TO 1/4 MILE OR LESS
LOWEST: 10 ON 28 3 = THUNDER
SNOW, ICE PELLETS, HAIL 4 = ICE PELLETS
TOTAL MONTH: 2.8 INCHES 5 = HAIL
GRTST 24HR 1.2 ON 25-25 6 = FREEZING RAIN OR DRIZZLE
GRTST DEPTH: 1 ON 25,22 7 = DUSTSTORM OR SANDSTORM:
VSBY 1/2 MILE OR LESS
8 = SMOKE OR HAZE
[NO. OF DAYS WITH] [WEATHER - DAYS WITH] 9 = BLOWING SNOW
X = TORNADO
MAX 32 OR BELOW: 0 0.01 INCH OR MORE: 8
MAX 90 OR ABOVE: 0 0.10 INCH OR MORE: 1
MIN 32 OR BELOW: 31 0.50 INCH OR MORE: 0
MIN 0 OR BELOW: 0 1.00 INCH OR MORE: 0
[HDD (BASE 65) ]
TOTAL THIS MO. 920 CLEAR (SCALE 0-3) 15
DPTR FM NORMAL 143 PTCLDY (SCALE 4-7) 11
TOTAL FM JUL 1 5885 CLOUDY (SCALE 8-10) 5
DPTR FM NORMAL 400
[CDD (BASE 65) ]
TOTAL THIS MO. 0
DPTR FM NORMAL 0 [PRESSURE DATA]
TOTAL FM JAN 1 0 HIGHEST SLP 30.49 ON 18
DPTR FM NORMAL 0 LOWEST SLP 29.36 ON 30
[REMARKS]
MARCH 21...USED COOP BACKUP FOR PRECIPITATION AND SNOWFALL
MARCH 22...USED COOP BACKUP FOR PRECIPITATION AND SNOWFALL
MARCH 25...USED COOP BACKUP FOR SNOWFALL
MARCH 27...USED COOP BACKUP FOR PRECIPITATION AND SNOWFALL
*ALL DATES...USED COOP BACKUP FOR SNOW DEPTH.
#FINAL-03-23#