000
CXUS55 KCYS 031152 CCA
CF6BFF
PRELIMINARY LOCAL CLIMATOLOGICAL DATA (WS FORM: F-6)...CORRECTED
STATION: SCOTTSBLUFF NE AIRPORT
MONTH: MAY
YEAR: 2022
LATITUDE: 41 52 N
LONGITUDE: 103 36 W
TEMPERATURE IN F: :PCPN: SNOW: WIND :SUNSHINE: SKY :PK WND
================================================================================
1 2 3 4 5 6A 6B 7 8 9 10 11 12 13 14 15 16 17 18
12Z AVG MX 2MIN
DY MAX MIN AVG DEP HDD CDD WTR SNW DPTH SPD SPD DIR MIN PSBL S-S WX SPD DR
================================================================================
1 65 28 47 -5 18 0 0.01 0.0 0 12.1 31 120 M M 2 41 120
2 44 31 38 -14 27 0 1.10 0.8 1 5.9 23 90 M M 7 168 29 110
3 51 30 41 -11 24 0 0.02 0.2 T 14.0 24 130 M M 7 1 34 140
4 54 41 48 -5 17 0 0.02 0.0 0 8.6 18 120 M M 10 1 23 120
5 71 37 54 1 11 0 0.00 0.0 0 6.2 14 300 M M 5 12 18 290
6 83 45 64 10 1 0 0.00 0.0 0 10.0 30 290 M M 1 44 290
7 89 49 69 15 0 4 T 0.0 0 12.0 37 320 M M 3 48 320
8 73 47 60 6 5 0 0.09 0.0 0 12.9 35 320 M M 6 138 49 310
9 65 46 56 1 9 0 0.00 0.0 0 13.5 33 290 M M 5 47 270
10 73 40 57 2 8 0 0.00 0.0 0 9.3 22 150 M M 1 28 140
11 83 49 66 10 0 1 0.00 0.0 0 11.8 39 30 M M 0 52 30
12 66 45 56 0 9 0 T 0.0 0 16.1 49 280 M M 6 18 73 300
13 74 43 59 3 6 0 0.00 0.0 0 14.2 32 260 M M 0 46 280
14 74 43 59 2 6 0 T 0.0 0 6.9 20 160 M M 3 27 280
15 75 45 60 3 5 0 0.00 0.0 0 9.3 21 320 M M 0 36 300
16 90 43 67 9 0 2 0.00 0.0 0 7.8 23 350 M M 1 3 32 350
17 82 49 66 8 0 1 T 0.0 0 7.8 36 360 M M 1 3 46 10
18 84 46 65 6 0 0 0.00 0.0 0 7.6 20 320 M M 0 29 310
19 86 38 62 3 3 0 0.06 0.0 0 18.5 35 270 M M 2 1 49 270
20 50 32 41 -18 24 0 0.06 0.0 0 14.6 28 310 M M 7 1 39 340
21 58 27 43 -17 22 0 T 0.0 0 7.7 18 290 M M 3 26 300
22 63 30 47 -13 18 0 0.00 0.0 0 12.9 28 180 M M 3 39 170
23 54 41 48 -13 17 0 0.08 0.0 0 12.0 31 170 M M 7 1 43 130
24 59 41 50 -11 15 0 0.00 0.0 0 6.1 20 140 M M 5 12 28 120
25 77 35 56 -6 9 0 0.00 0.0 0 9.2 21 350 M M 2 8 35 360
26 87 36 62 0 3 0 0.00 0.0 0 6.6 18 320 M M 0 26 340
27 96 46 71 9 0 6 0.01 0.0 0 6.7 30 280 M M 1 3 52 260
28 87 47 67 4 0 2 0.00 0.0 0 8.3 28 260 M M 0 36 250
29 80 50 65 2 0 0 0.31 0.0 0 6.7 40 260 M M 3 138 55 270
30 56 47 52 -11 13 0 1.13 0.0 0 14.4 30 300 M M 7 1 44 300
31 62 47 55 -9 10 0 0.04 0.0 0 12.6 22 360 M M 9 29 310
================================================================================
SM 2211 1274 280 16 2.93 1.0 322.3 M 107
================================================================================
AV 71.3 41.1 10.4 FASTST M M 3 MAX(MPH)
MISC ----> 49 280 73 300
================================================================================
NOTES:
# LAST OF SEVERAL OCCURRENCES
COLUMN 17 PEAK WIND IN M.P.H.
PRELIMINARY LOCAL CLIMATOLOGICAL DATA (WS FORM: F-6) , PAGE 2
STATION: SCOTTSBLUFF NE AIRPORT
MONTH: MAY
YEAR: 2022
LATITUDE: 41 52 N
LONGITUDE: 103 36 W
[TEMPERATURE DATA] [PRECIPITATION DATA] SYMBOLS USED IN COLUMN 16
AVERAGE MONTHLY: 56.2 TOTAL FOR MONTH: 2.93 1 = FOG OR MIST
DPTR FM NORMAL: -1.5 DPTR FM NORMAL: 0.15 2 = FOG REDUCING VISIBILITY
HIGHEST: 96 ON 27 GRTST 24HR 1.40 ON 29-30 TO 1/4 MILE OR LESS
LOWEST: 27 ON 21 3 = THUNDER
SNOW, ICE PELLETS, HAIL 4 = ICE PELLETS
TOTAL MONTH: 1.0 INCH 5 = HAIL
GRTST 24HR 0.8 ON 2- 2 6 = FREEZING RAIN OR DRIZZLE
GRTST DEPTH: 1 ON 2 7 = DUSTSTORM OR SANDSTORM:
VSBY 1/2 MILE OR LESS
8 = SMOKE OR HAZE
[NO. OF DAYS WITH] [WEATHER - DAYS WITH] 9 = BLOWING SNOW
X = TORNADO
MAX 32 OR BELOW: 0 0.01 INCH OR MORE: 12
MAX 90 OR ABOVE: 2 0.10 INCH OR MORE: 3
MIN 32 OR BELOW: 6 0.50 INCH OR MORE: 2
MIN 0 OR BELOW: 0 1.00 INCH OR MORE: 2
[HDD (BASE 65) ]
TOTAL THIS MO. 280 CLEAR (SCALE 0-3) 18
DPTR FM NORMAL 25 PTCLDY (SCALE 4-7) 11
TOTAL FM JUL 1 5810 CLOUDY (SCALE 8-10) 2
DPTR FM NORMAL -459
[CDD (BASE 65) ]
TOTAL THIS MO. 16
DPTR FM NORMAL -12 [PRESSURE DATA]
TOTAL FM JAN 1 22 HIGHEST SLP 30.37 ON 22
DPTR FM NORMAL -7 LOWEST SLP 29.28 ON 29
[REMARKS]
MAY 2...RECORD PRECIPITATION 1.10" (PREVIOUS 0.89" IN 1987)
MAY 27...TIED RECORD HIGH 96 DEGREES PREVIOUSLY SET IN 2006
#FINAL-05-22#