000
CXUS55 KCYS 020323
CF6BFF
PRELIMINARY LOCAL CLIMATOLOGICAL DATA (WS FORM: F-6) ..CORRECTED...
STATION: SCOTTSBLUFF NE AIRPORT
MONTH: APRIL
YEAR: 2021
LATITUDE: 41 52 N
LONGITUDE: 103 36 W
TEMPERATURE IN F: :PCPN: SNOW: WIND :SUNSHINE: SKY :PK WND
================================================================================
1 2 3 4 5 6A 6B 7 8 9 10 11 12 13 14 15 16 17 18
12Z AVG MX 2MIN
DY MAX MIN AVG DEP HDD CDD WTR SNW DPTH SPD SPD DIR MIN PSBL S-S WX SPD DR
================================================================================
1 74 23 49 7 16 0 0.00 0.0 0 9.1 21 260 M M 0 35 250
2 78 25 52 9 13 0 0.00 0.0 0 8.2 24 300 M M 0 31 300
3 82 32 57 14 8 0 0.00 0.0 0 7.0 17 290 M M 0 26 300
4 86 30 58 15 7 0 0.00 0.0 0 7.2 29 280 M M 0 43 310
5 84 35 60 17 5 0 0.00 0.0 0 13.4 39 50 M M 0 50 50
6 51 34 43 -1 22 0 0.02 T 0 16.3 37 40 M M 8 1 52 40
7 60 33 47 3 18 0 0.04 T 0 13.8 25 360 M M 5 1 42 340
8 78 25 52 8 13 0 0.00 0.0 0 12.6 30 340 M M 0 46 340
9 54 23 39 -5 26 0 0.01 T 0 19.0 37 320 M M 3 1 50 320
10 71 19 45 0 20 0 0.00 0.0 0 6.3 15 320 M M 0 8 23 300
11 54 35 45 0 20 0 0.00 0.0 0 20.7 40 340 M M 2 52 330
12 50 22 36 -9 29 0 0.00 0.0 0 14.6 26 320 M M 6 37 320
13 48 21 35 -11 30 0 0.00 0.0 0 12.7 25 320 M M 4 8 33 300
14 36 26 31 -15 34 0 0.13 3.0 3 3.5 10 50 M M 10 18 14 50
15 35 31 33 -13 32 0 0.38 3.4 6 11.8 22 120 M M 10 1 27 110
16 39 30 35 -12 30 0 0.17 2.0 5 8.3 14 330 M M 10 1 19 310
17 53 29 41 -6 24 0 0.00 0.0 T 8.2 17 350 M M 5 25 330
18 66 27 47 0 18 0 0.00 0.0 0 11.1 25 310 M M 3 34 350
19 36 21 29 -19 36 0 0.13 1.1 T 12.2 25 60 M M 9 18 34 50
20 41 17 29 -19 36 0 T T 0 13.2 28 330 M M 4 38 320
21 48 19 34 -14 31 0 0.00 0.0 0 5.6 14 190 M M 5 23 240
22 63 29 46 -3 19 0 0.00 0.0 0 9.0 17 280 M M 4 25 310
23 60 27 44 -5 21 0 T 0.0 0 9.0 21 290 M M 3 29 280
24 62 34 48 -1 17 0 0.00 0.0 0 11.9 21 140 M M 4 29 160
25 78 36 57 7 8 0 0.00 0.0 0 7.3 22 60 M M 2 1 27 70
26 78 39 59 9 6 0 T 0.0 0 8.8 26 30 M M 1 32 30
27 61 46 54 4 11 0 0.08 0.0 0 11.7 22 30 M M 9 1 28 40
28 70 37 54 3 11 0 T 0.0 0 8.1 20 350 M M 4 27 350
29 76 37 57 6 8 0 0.00 0.0 0 8.0 16 260 M M 0 24 240
30 85 38 62 10 3 0 0.00 0.0 0 6.9 15 210 M M 0 21 200
================================================================================
SM 1857 880 572 0 0.96 9.5 315.5 M 111
================================================================================
AV 61.9 29.3 10.5 FASTST M M 4 MAX(MPH)
MISC ----> 40 340 # 52 40
================================================================================
NOTES:
# LAST OF SEVERAL OCCURRENCES
COLUMN 17 PEAK WIND IN M.P.H.
PRELIMINARY LOCAL CLIMATOLOGICAL DATA (WS FORM: F-6) , PAGE 2
STATION: SCOTTSBLUFF NE AIRPORT
MONTH: APRIL
YEAR: 2021
LATITUDE: 41 52 N
LONGITUDE: 103 36 W
[TEMPERATURE DATA] [PRECIPITATION DATA] SYMBOLS USED IN COLUMN 16
AVERAGE MONTHLY: 45.6 TOTAL FOR MONTH: 0.96 1 = FOG OR MIST
DPTR FM NORMAL: -1.1 DPTR FM NORMAL: -0.87 2 = FOG REDUCING VISIBILITY
HIGHEST: 86 ON 4 GRTST 24HR 0.38 ON 15-15 TO 1/4 MILE OR LESS
LOWEST: 17 ON 20 3 = THUNDER
SNOW, ICE PELLETS, HAIL 4 = ICE PELLETS
TOTAL MONTH: 9.5 INCHES 5 = HAIL
GRTST 24HR 3.4 ON 15-15 6 = FREEZING RAIN OR DRIZZLE
GRTST DEPTH: 6 ON 15 7 = DUSTSTORM OR SANDSTORM:
VSBY 1/2 MILE OR LESS
8 = SMOKE OR HAZE
[NO. OF DAYS WITH] [WEATHER - DAYS WITH] 9 = BLOWING SNOW
X = TORNADO
MAX 32 OR BELOW: 0 0.01 INCH OR MORE: 8
MAX 90 OR ABOVE: 0 0.10 INCH OR MORE: 4
MIN 32 OR BELOW: 19 0.50 INCH OR MORE: 0
MIN 0 OR BELOW: 0 1.00 INCH OR MORE: 0
[HDD (BASE 65) ]
TOTAL THIS MO. 572 CLEAR (SCALE 0-3) 15
DPTR FM NORMAL 20 PTCLDY (SCALE 4-7) 10
TOTAL FM JUL 1 6113 CLOUDY (SCALE 8-10) 5
DPTR FM NORMAL -180
[CDD (BASE 65) ]
TOTAL THIS MO. 0
DPTR FM NORMAL -2 [PRESSURE DATA]
TOTAL FM JAN 1 0 HIGHEST SLP 30.44 ON 1
DPTR FM NORMAL -2 LOWEST SLP 29.40 ON 26
[REMARKS]
APRIL 3RD...RECORD HIGH 82 DEGREES (PREVIOUS 81 DEGREES IN 1921)
APRIL 4TH...RECORD HIGH 86 DEGREES (PREVIOUS 81 DEGREES IN 1942)
APRIL 5TH...RECORD HIGH 84 DEGREES (PREVIOUS 83 DEGREES IN 1991)
#FINAL-04-21#