000
CXUS55 KCYS 050214
CF6BFF
PRELIMINARY LOCAL CLIMATOLOGICAL DATA (WS FORM: F-6)
STATION: SCOTTSBLUFF NE AIRPORT
MONTH: AUGUST
YEAR: 2023
LATITUDE: 41 52 N
LONGITUDE: 103 36 W
TEMPERATURE IN F: :PCPN: SNOW: WIND :SUNSHINE: SKY :PK WND
================================================================================
1 2 3 4 5 6A 6B 7 8 9 10 11 12 13 14 15 16 17 18
12Z AVG MX 2MIN
DY MAX MIN AVG DEP HDD CDD WTR SNW DPTH SPD SPD DIR MIN PSBL S-S WX SPD DR
================================================================================
1 89 66 78 2 0 13 0.51 0.0 0 5.9 22 210 M M 2 13 28 210
2 91 66 79 3 0 14 0.03 0.0 0 7.2 32 330 M M 2 3 44 330
3 86 64 75 0 0 10 T 0.0 0 7.5 22 280 M M 2 31 250
4 87 61 74 -1 0 9 0.11 0.0 0 7.3 20 280 M M 1 3 27 280
5 82 56 69 -6 0 4 0.00 0.0 0 13.5 29 330 M M 1 39 320
6 81 54 68 -7 0 3 T 0.0 0 6.5 25 330 M M 3 3 35 330
7 78 55 67 -8 0 2 0.01 0.0 0 5.9 25 100 M M 1 32 100
8 82 52 67 -8 0 2 T 0.0 0 4.9 30 230 M M 2 123 40 240
9 85 52 69 -6 0 4 0.00 0.0 0 6.7 16 290 M M 0 24 330
10 90 59 75 1 0 10 0.45 0.0 0 7.9 22 330 M M 0 3 34 330
11 90 55 73 -1 0 8 0.00 0.0 0 6.9 14 290 M M 0 20 310
12 92 60 76 2 0 11 0.00 0.0 0 6.3 12 90 M M 0 16 120
13 75 51 63 -11 2 0 T 0.0 0 12.4 26 360 M M 3 38 360
14 82 46 64 -10 1 0 0.00 0.0 0 7.3 14 280 M M 0 23 300
15 93 50 72 -2 0 7 0.00 0.0 0 5.7 10 90 M M 0 12 90
16 102 51 77 4 0 12 0.00 0.0 0 8.2 17 360 M M 0 25 300
17 94 56 75 2 0 10 0.00 0.0 0 8.7 18 150 M M 0 25 160
18 102 64 83 10 0 18 0.00 0.0 0 9.6 24 200 M M 1 34 300
19 96 63 80 7 0 15 0.17 0.0 0 9.2 30 100 M M 1 13 40 100
20 92 63 78 6 0 13 0.00 0.0 0 10.4 21 150 M M 2 3 28 140
21 102 60 81 9 0 16 0.00 0.0 0 8.0 17 150 M M 0 27 180
22 103 62 83 11 0 18 0.08 0.0 0 7.9 26 250 M M 0 3 36 250
23 97 60 79 7 0 14 0.01 0.0 0 7.6 26 300 M M 1 3 38 300
24 95 67 81 9 0 16 T 0.0 0 5.0 20 20 M M 2 3 27 30
25 73 62 68 -3 0 3 0.02 0.0 0 5.8 16 20 M M 7 22 10
26 84 58 71 0 0 6 0.00 0.0 0 6.9 16 120 M M 2 22 180
27 89 55 72 1 0 7 0.18 0.0 0 5.5 30 340 M M 2 13 44 320
28 84 59 72 2 0 7 0.01 0.0 0 4.7 14 290 M M 4 17 290
29 88 54 71 1 0 6 0.00 0.0 0 5.5 12 300 M M 0 15 300
30 98 55 77 7 0 12 0.00 0.0 0 10.8 20 170 M M 0 3 29 160
31 95 52 74 4 0 9 0.00 0.0 0 7.5 16 120 M M 0 20 110
================================================================================
SM 2777 1788 3 279 1.58 0.0 233.2 M 39
================================================================================
AV 89.6 57.7 7.5 FASTST M M 1 MAX(MPH)
MISC ----> 32 330 # 44 330
================================================================================
NOTES:
# LAST OF SEVERAL OCCURRENCES
COLUMN 17 PEAK WIND IN M.P.H.
PRELIMINARY LOCAL CLIMATOLOGICAL DATA (WS FORM: F-6) , PAGE 2
STATION: SCOTTSBLUFF NE AIRPORT
MONTH: AUGUST
YEAR: 2023
LATITUDE: 41 52 N
LONGITUDE: 103 36 W
[TEMPERATURE DATA] [PRECIPITATION DATA] SYMBOLS USED IN COLUMN 16
AVERAGE MONTHLY: 73.6 TOTAL FOR MONTH: 1.58 1 = FOG OR MIST
DPTR FM NORMAL: 0.6 DPTR FM NORMAL: 0.34 2 = FOG REDUCING VISIBILITY
HIGHEST: 103 ON 22 GRTST 24HR 1.00 ON 31- 1 TO 1/4 MILE OR LESS
LOWEST: 46 ON 14 3 = THUNDER
SNOW, ICE PELLETS, HAIL 4 = ICE PELLETS
TOTAL MONTH: 0.0 INCH 5 = HAIL
GRTST 24HR 0.0 6 = FREEZING RAIN OR DRIZZLE
GRTST DEPTH: 0 7 = DUSTSTORM OR SANDSTORM:
VSBY 1/2 MILE OR LESS
8 = SMOKE OR HAZE
[NO. OF DAYS WITH] [WEATHER - DAYS WITH] 9 = BLOWING SNOW
X = TORNADO
MAX 32 OR BELOW: 0 0.01 INCH OR MORE: 11
MAX 90 OR ABOVE: 16 0.10 INCH OR MORE: 5
MIN 32 OR BELOW: 0 0.50 INCH OR MORE: 1
MIN 0 OR BELOW: 0 1.00 INCH OR MORE: 0
[HDD (BASE 65) ]
TOTAL THIS MO. 3 CLEAR (SCALE 0-3) 28
DPTR FM NORMAL -9 PTCLDY (SCALE 4-7) 3
TOTAL FM JUL 1 15 CLOUDY (SCALE 8-10) 0
DPTR FM NORMAL 2
[CDD (BASE 65) ]
TOTAL THIS MO. 279
DPTR FM NORMAL 17 [PRESSURE DATA]
TOTAL FM JAN 1 692 HIGHEST SLP 30.30 ON 14
DPTR FM NORMAL -78 LOWEST SLP 29.64 ON 18
[REMARKS]
#FINAL-08-23#
AUGUST 14... RECORD LOW TEMPERATURE: 46F (PREVIOUS: 47F IN 1942, 1992, 2002)
AUGUST 18... RECORD HIGH TEMPERATURE: 102F (PREVIOUS: 100F IN 1921, 2010)
AUGUST 21... RECORD HIGH TEMPERATURE: 102F (PREVIOUS: 101F IN 1960)
AUGUST 22... RECORD HIGH TEMPERATURE: 103F (PREVIOUS: 101F IN 2003