000
CXUS55 KCYS 011826
CLMBFF
CLIMATE REPORT
NATIONAL WEATHER SERVICE CHEYENNE WY
1126 AM MST FRI DEC 01 2023
...................................
...THE SCOTTSBLUFF NE AIRPORT CLIMATE SUMMARY FOR THE MONTH OF NOVEMBER 2023...
CLIMATE NORMAL PERIOD 1991 TO 2020
CLIMATE RECORD PERIOD 1871 TO 2023
WEATHER OBSERVED NORMAL DEPART LAST YEAR`S
VALUE DATE(S) VALUE FROM VALUE DATE(S)
NORMAL
................................................................
TEMPERATURE (F)
RECORD
HIGH 81 11/05/2020
LOW -21 11/13/1916
11/27/1896
HIGHEST 77 11/05 49 28 76
LOWEST 7 11/25 22 -15 -8
AVG. MAXIMUM 56.5 51.7 4.8 47.9
AVG. MINIMUM 23.5 22.7 0.8 17.7
MEAN 40.0 37.2 2.8 32.8
DAYS MAX >= 90 0 0.0 0.0 0
DAYS MAX <= 32 2 2.9 -0.9 4
DAYS MIN <= 32 25 27.2 -2.2 28
DAYS MIN <= 0 0 0.8 -0.8 2
PRECIPITATION (INCHES)
RECORD
MAXIMUM 2.86 1922
TOTALS 0.54 0.59 -0.05 0.55
DAYS >= .01 4 5.3 -1.3 5
DAYS >= .10 3 2.0 1.0 3
DAYS >= .50 0 0.2 -0.2 0
DAYS >= 1.00 0 0.0 0.0 0
GREATEST
24 HR. TOTAL 0.36 11/23 TO 11/24 0.25 11/28 TO 11/29
SNOWFALL (INCHES)
RECORDS
TOTAL MM 2022
24 HR TOTAL 1.5 11/01/2021 TO 11/01/2021
TOTALS 8.6 5.2 3.4 7.4
SINCE 7/1 10.3 9.0 1.3 MM
DAYS >= 1.0 2 1.7 0.3 3
GREATEST
SNOW DEPTH 9R 11/25 3
24 HR TOTAL 4.7R 11/24 TO 11/24 MM
DEGREE DAYS
HEATING TOTAL 741 834 -93 962
SINCE 7/1 1299 1467 -168 MM
COOLING TOTAL 0 0 0 0
SINCE 1/1 790 853 -63 MM
................................................................
WIND (MPH)
AVERAGE WIND SPEED 7.2
HIGHEST WIND SPEED/DIRECTION 32/280 DATE 11/05
HIGHEST GUST SPEED/DIRECTION 49/300 DATE 11/05
SKY COVER
POSSIBLE SUNSHINE (PERCENT) MM
AVERAGE SKY COVER 0.18
NUMBER OF DAYS FAIR 23
NUMBER OF DAYS PC 5
NUMBER OF DAYS CLOUDY 2
AVERAGE RH (PERCENT) 59
WEATHER CONDITIONS. NUMBER OF DAYS WITH
THUNDERSTORM 0 MIXED PRECIP 0
HEAVY RAIN 0 RAIN 1
LIGHT RAIN 3 FREEZING RAIN 0
LT FREEZING RAIN 0 HAIL 0
HEAVY SNOW 0 SNOW 0
LIGHT SNOW 3 SLEET 0
FOG 4 FOG W/VIS <= 1/4 MILE 0
HAZE 1
- INDICATES NEGATIVE NUMBERS.
R INDICATES RECORD WAS SET OR TIED.
MM INDICATES DATA IS MISSING.
T INDICATES TRACE AMOUNT.
$$