000
CXUS54 KAMA 051457
CF6BGD
PRELIMINARY LOCAL CLIMATOLOGICAL DATA (WS FORM: F-6)
STATION: BORGER
MONTH: AUGUST
YEAR: 2020
LATITUDE: 35 42 N
LONGITUDE: 101 24 W
TEMPERATURE IN F: :PCPN: SNOW: WIND :SUNSHINE: SKY :PK WND
================================================================================
1 2 3 4 5 6A 6B 7 8 9 10 11 12 13 14 15 16 17 18
12Z AVG MX 2MIN
DY MAX MIN AVG DEP HDD CDD WTR SNW DPTH SPD SPD DIR MIN PSBL S-S WX SPD DR
================================================================================
1 94 67 81 -1 0 16 0.06 M M 6.0 17 150 M M 1 3 25 140
2 97 67 82 0 0 17 0.00 M M 6.3 21 120 M M 1 27 60
3 93 69 81 -1 0 16 0.00 M M 9.8 18 120 M M 1 25 120
4 98 69 84 2 0 19 0.39 M M 14.7 29 180 M M 0 3 42 160
5 93 67 80 -2 0 15 0.26 M M 10.6 25 20 M M 3 3 38 340
6 99 73 86 4 0 21 0.03 M M 10.3 37 340 M M 1 3 50 350
7 104 76 90 8 0 25 T M M 14.7 37 230 M M 1 3 45 240
8 103 73 88 6 0 23 0.16 M M 12.6 30 290 M M 0 3 39 280
9 103 74 89 8 0 24 0.03 M M 14.6 29 260 M M 1 3 43 250
10 104 72 88 7 0 23 0.50 M M 11.6 23 330 M M 1 3 46 340
11 100 71 86 5 0 21 0.00 M M 9.4 21 140 M M 0 27 140
12 103 75 89 8 0 24 0.00 M M 7.5 20 140 M M 0 26 150
13 100 71 86 5 0 21 0.00 M M 8.8 20 180 M M 1 26 170
14 107 73 90 9 0 25 T M M 7.5 29 60 M M 2 1238 40 50
15 99 70 85 5 0 20 0.00 M M 8.9 18 120 M M 0 27 130
16 101 74 88 8 0 23 0.00 M M 8.0 30 80 M M 0 3 40 80
17 94 67 81 1 0 16 0.08 M M 6.4 29 20 M M 2 3 36 10
18 97 69 83 3 0 18 0.00 M M 5.9 16 170 M M 0 21 140
19 94 71 83 3 0 18 0.00 M M 12.5 24 140 M M 0 8 30 190
20 95 67 81 1 0 16 0.15 M M 12.1 23 170 M M 1 3 32 160
21 99 69 84 5 0 19 0.00 M M 10.9 18 150 M M 0 25 130
22 98 69 84 5 0 19 0.00 M M 9.3 16 150 M M 0 23 160
23 100 73 87 8 0 22 0.00 M M 13.2 21 160 M M 0 30 150
24 98 70 84 5 0 19 0.00 M M 10.5 21 170 M M 0 28 170
25 82 72 77 -2 0 12 0.00 M M 11.2 15 170 M M 0 21 160
26 101 73 87 9 0 22 0.00 M M 13.1 21 160 M M 0 28 160
27 104 70 87 9 0 22 0.00 M M 9.6 18 240 M M 0 26 150
28 109 75 92 14 0 27 0.02 M M 11.1 25 290 M M 0 36 320
29 93 68 81 3 0 16 0.30 M M 8.3 33 300 M M 3 3 52 300
30 98 66 82 5 0 17 T M M 7.3 17 240 M M 0 138 22 280
31 84 68 76 -1 0 11 T M M 8.5 24 10 M M 1 3 33 10
================================================================================
SM 3044 2188 0 607 1.98 M 311.2 M 20
================================================================================
AV 98.2 70.6 10.0 FASTST M M 1 MAX(MPH)
MISC ----> # 37 340 52 300
================================================================================
NOTES:
# LAST OF SEVERAL OCCURRENCES
COLUMN 17 PEAK WIND IN M.P.H.
PRELIMINARY LOCAL CLIMATOLOGICAL DATA (WS FORM: F-6) , PAGE 2
STATION: BORGER
MONTH: AUGUST
YEAR: 2020
LATITUDE: 35 42 N
LONGITUDE: 101 24 W
[TEMPERATURE DATA] [PRECIPITATION DATA] SYMBOLS USED IN COLUMN 16
AVERAGE MONTHLY: 84.4 TOTAL FOR MONTH: 1.98 1 = FOG OR MIST
DPTR FM NORMAL: 4.3 DPTR FM NORMAL: -1.19 2 = FOG REDUCING VISIBILITY
HIGHEST: 109 ON 28 GRTST 24HR 0.65 ON 4- 5 TO 1/4 MILE OR LESS
LOWEST: 66 ON 30 3 = THUNDER
SNOW, ICE PELLETS, HAIL 4 = ICE PELLETS
TOTAL MONTH: M 5 = HAIL
GRTST 24HR M ON M 6 = FREEZING RAIN OR DRIZZLE
GRTST DEPTH: M ON M 7 = DUSTSTORM OR SANDSTORM:
VSBY 1/2 MILE OR LESS
8 = SMOKE OR HAZE
[NO. OF DAYS WITH] [WEATHER - DAYS WITH] 9 = BLOWING SNOW
X = TORNADO
MAX 32 OR BELOW: 0 0.01 INCH OR MORE: 11
MAX 90 OR ABOVE: 29 0.10 INCH OR MORE: 6
MIN 32 OR BELOW: 0 0.50 INCH OR MORE: 1
MIN 0 OR BELOW: 0 1.00 INCH OR MORE: 0
[HDD (BASE 65) ]
TOTAL THIS MO. 0 CLEAR (SCALE 0-3) 31
DPTR FM NORMAL -1 PTCLDY (SCALE 4-7) 0
TOTAL FM JUL 1 0 CLOUDY (SCALE 8-10) 0
DPTR FM NORMAL 0
[CDD (BASE 65) ]
TOTAL THIS MO. 607
DPTR FM NORMAL 138 [PRESSURE DATA]
TOTAL FM JAN 1 2252 HIGHEST SLP 30.24 ON 17
DPTR FM NORMAL 702 LOWEST SLP 29.58 ON 30
[REMARKS]
#FINAL-08-20#