000
CXUS51 KCAR 010700
CF6BGR
PRELIMINARY LOCAL CLIMATOLOGICAL DATA (WS FORM: F-6)
STATION: BANGOR ME
MONTH: JULY
YEAR: 2022
LATITUDE: 44 47 N
LONGITUDE: 68 49 W
TEMPERATURE IN F: :PCPN: SNOW: WIND :SUNSHINE: SKY :PK WND
================================================================================
1 2 3 4 5 6A 6B 7 8 9 10 11 12 13 14 15 16 17 18
12Z AVG MX 2MIN
DY MAX MIN AVG DEP HDD CDD WTR SNW DPTH SPD SPD DIR MIN PSBL S-S WX SPD DR
================================================================================
1 82 54 68 0 0 3 0.00 0.0 0 8.3 18 180 M M 7 22 180
2 82 57 70 2 0 5 0.36 0.0 0 6.4 16 190 M M 7 13 28 220
3 82 55 69 1 0 4 0.00 0.0 0 5.2 18 330 M M 4 21 330
4 79 51 65 -3 0 0 0.00 0.0 0 8.5 21 320 M M 3 28 310
5 81 54 68 0 0 3 0.15 0.0 0 6.6 17 180 M M 8 1 22 170
6 78 55 67 -2 0 2 0.07 0.0 0 11.0 28 320 M M 7 1 35 350
7 78 48 63 -6 2 0 0.00 0.0 0 6.3 17 190 M M 3 1 22 170
8 83 61 72 3 0 7 0.14 0.0 0 6.4 25 330 M M 7 1 30 320
9 77 51 64 -5 1 0 T 0.0 0 6.6 16 330 M M 1 1 20 340
10 81 48 65 -4 0 0 0.00 0.0 0 4.8 15 180 M M 2 18 170
11 83 57 70 1 0 5 0.00 0.0 0 9.9 20 190 M M 4 24 170
12 80 63 72 2 0 7 T 0.0 0 12.6 23 170 M M 5 31 170
13 85 61 73 3 0 8 T 0.0 0 5.4 15 330 M M 3 1 17 320
14 85 61 73 3 0 8 0.28 0.0 0 4.5 15 320 M M 7 13 17 320
15 84 56 70 0 0 5 0.00 0.0 0 5.6 18 330 M M 2 25 340
16 85 54 70 0 0 5 0.00 0.0 0 6.8 17 180 M M 7 23 170
17 89 65 77 7 0 12 0.00 0.0 0 7.6 17 180 M M 7 21 180
18 86 62 74 4 0 9 1.19 0.0 0 9.3 20 150 M M 6 1 23 150
19 88 69 79 9 0 14 0.15 0.0 0 11.2 24 320 M M 8 1 34 320
20 89 62 76 6 0 11 0.00 0.0 0 6.4 16 310 M M 1 23 310
21 88 68 78 8 0 13 T 0.0 0 10.9 24 180 M M 6 1 31 190
22 90 64 77 7 0 12 0.00 0.0 0 6.9 14 300 M M 4 1 20 270
23 92 62 77 7 0 12 0.00 0.0 0 5.7 16 240 M M 3 1 22 240
24 91 66 79 9 0 14 0.00 0.0 0 8.5 18 180 M M 7 24 190
25 78 66 72 2 0 7 0.07 0.0 0 7.7 17 190 M M 8 25 260
26 83 58 71 1 0 6 0.00 0.0 0 5.7 14 290 M M 2 19 230
27 85 57 71 1 0 6 0.00 0.0 0 5.9 14 170 M M 3 26 10
28 87 59 73 3 0 8 0.03 0.0 0 7.9 20 170 M M 5 1 26 170
29 87 62 75 5 0 10 T 0.0 0 6.0 18 180 M M 5 1 27 310
30 84 59 72 2 0 7 T 0.0 0 7.7 21 310 M M 4 28 320
31 86 61 74 4 0 9 0.00 0.0 0 7.2 14 220 M M 3 21 290
================================================================================
SM 2608 1826 3 212 2.44 0.0 229.5 M 149
================================================================================
AV 84.1 58.9 7.4 FASTST M M 5 MAX(MPH)
MISC ----> 28 320 35 350
================================================================================
NOTES:
# LAST OF SEVERAL OCCURRENCES
COLUMN 17 PEAK WIND IN M.P.H.
PRELIMINARY LOCAL CLIMATOLOGICAL DATA (WS FORM: F-6) , PAGE 2
STATION: BANGOR ME
MONTH: JULY
YEAR: 2022
LATITUDE: 44 47 N
LONGITUDE: 68 49 W
[TEMPERATURE DATA] [PRECIPITATION DATA] SYMBOLS USED IN COLUMN 16
AVERAGE MONTHLY: 71.5 TOTAL FOR MONTH: 2.44 1 = FOG OR MIST
DPTR FM NORMAL: 2.0 DPTR FM NORMAL: -0.72 2 = FOG REDUCING VISIBILITY
HIGHEST: 92 ON 23 GRTST 24HR 1.34 ON 18-19 TO 1/4 MILE OR LESS
LOWEST: 48 ON 10, 7 3 = THUNDER
SNOW, ICE PELLETS, HAIL 4 = ICE PELLETS
TOTAL MONTH: 0.0 INCH 5 = HAIL
GRTST 24HR 0.0 6 = FREEZING RAIN OR DRIZZLE
GRTST DEPTH: 0 7 = DUSTSTORM OR SANDSTORM:
VSBY 1/2 MILE OR LESS
8 = SMOKE OR HAZE
[NO. OF DAYS WITH] [WEATHER - DAYS WITH] 9 = BLOWING SNOW
X = TORNADO
MAX 32 OR BELOW: 0 0.01 INCH OR MORE: 9
MAX 90 OR ABOVE: 3 0.10 INCH OR MORE: 6
MIN 32 OR BELOW: 0 0.50 INCH OR MORE: 1
MIN 0 OR BELOW: 0 1.00 INCH OR MORE: 1
[HDD (BASE 65) ]
TOTAL THIS MO. 3 CLEAR (SCALE 0-3) 8
DPTR FM NORMAL -13 PTCLDY (SCALE 4-7) 22
TOTAL FM JUL 1 3 CLOUDY (SCALE 8-10) 1
DPTR FM NORMAL -8
[CDD (BASE 65) ]
TOTAL THIS MO. 212
DPTR FM NORMAL 56 [PRESSURE DATA]
TOTAL FM JAN 1 263 HIGHEST SLP 30.11 ON 31
DPTR FM NORMAL 42 LOWEST SLP 29.42 ON 19
[REMARKS]
#FINAL-07-22#