000
CXUS51 KCAR 011021
CLMBGR
CLIMATE REPORT
NATIONAL WEATHER SERVICE CARIBOU ME
521 AM EST THU FEB 01 2024
...................................
...THE BANGOR ME CLIMATE SUMMARY FOR THE MONTH OF JANUARY 2024...
CLIMATE NORMAL PERIOD: 1991 TO 2020
CLIMATE RECORD PERIOD: 1925 TO 2024
WEATHER OBSERVED NORMAL DEPART LAST YEAR`S
VALUE DATE(S) VALUE FROM VALUE DATE(S)
NORMAL
................................................................
TEMPERATURE (F)
RECORD
HIGH 63 10/07/5881
LOW -29 10/07/5881
HIGHEST 49 01/10 MM MM 52 01/13
01/13
LOWEST -5 01/31 MM MM -2 01/22
AVG. MAXIMUM 31.3 28.1 3.2 35.3
AVG. MINIMUM 15.3 9.0 6.3 19.5
MEAN 23.3 18.5 4.8 27.4
DAYS MAX >= 90 0 0.0 0.0 0
DAYS MAX <= 32 15 19.8 -4.8 13
DAYS MIN <= 32 31 30.1 0.9 28
DAYS MIN <= 0 3 9.0 -6.0 1
PRECIPITATION (INCHES)
RECORD
MAXIMUM 7.64 1979
MINIMUM 0.52 1985
TOTALS 3.05 -0.12
DAILY AVG. 0.10 0.10 -0.00 0.19
DAYS >= .01 10 11.2 -1.2 18
DAYS >= .10 6 6.5 -0.5 11
DAYS >= .50 2 2.0 0.0 4
DAYS >= 1.00 1 0.6 0.4 2
GREATEST
24 HR. TOTAL 1.40 01/09 TO 01/10 1.49 01/16 TO 01/16
SNOWFALL (INCHES)
RECORDS
TOTAL 48.4 1966
TOTALS 17.5 18.6 -1.1 29.3
SINCE 7/1 25.8 38.2 -12.4 MM
SNOWDEPTH AVG. 2 5
DAYS >= 1.0 7 4.8 2.2 8
GREATEST
SNOW DEPTH 6 01/27 19 01/24
24 HR TOTAL MM MM
DEGREE DAYS
HEATING TOTAL 1284 1440 -156 1158
SINCE 7/1 3663 4230 -567 MM
COOLING TOTAL 0 0 0 0
SINCE 1/1 0 0 0 MM
................................................................
WIND (MPH)
AVERAGE WIND SPEED 7.6
HIGHEST WIND SPEED/DIRECTION 40/120 DATE 01/10
HIGHEST GUST SPEED/DIRECTION 59/140 DATE 01/10
SKY COVER
POSSIBLE SUNSHINE (PERCENT) MM
AVERAGE SKY COVER 0.66
NUMBER OF DAYS FAIR 8
NUMBER OF DAYS PC 7
NUMBER OF DAYS CLOUDY 16
AVERAGE RH (PERCENT) 69
WEATHER CONDITIONS. NUMBER OF DAYS WITH
THUNDERSTORM 0 MIXED PRECIP 0
HEAVY RAIN 0 RAIN 1
LIGHT RAIN 3 FREEZING RAIN 0
LT FREEZING RAIN 3 HAIL 0
HEAVY SNOW 2 SNOW 6
LIGHT SNOW 19 SLEET 3
FOG 12 FOG W/VIS <= 1/4 MILE 2
HAZE 1
- INDICATES NEGATIVE NUMBERS.
* INDICATES RECORD WAS SET OR TIED.
MM INDICATES DATA IS MISSING.
T INDICATES TRACE AMOUNT.
$$