000
CXUS55 KBYZ 011100
CF6BHK
PRELIMINARY LOCAL CLIMATOLOGICAL DATA (WS FORM: F-6)
STATION: BAKER MT
MONTH: JANUARY
YEAR: 2023
LATITUDE: 46 20 N
LONGITUDE: 104 15 W
TEMPERATURE IN F: :PCPN: SNOW: WIND :SUNSHINE: SKY :PK WND
================================================================================
1 2 3 4 5 6A 6B 7 8 9 10 11 12 13 14 15 16 17 18
12Z AVG MX 2MIN
DY MAX MIN AVG DEP HDD CDD WTR SNW DPTH SPD SPD DIR MIN PSBL S-S WX SPD DR
================================================================================
1 30 10 20 2 45 0 0.00 M M 5.3 15 250 M M 1 1 17 250
2 35 8 22 4 43 0 0.00 M M 1.5 8 160 M M 1 12 9 150
3 27 4 16 -2 49 0 0.00 M M 3.5 8 120 M M 5 12 8 120
4 29 3 16 -2 49 0 0.00 M M 2.8 10 260 M M 3 12 12 280
5 32 2 17 -1 48 0 0.00 M M 2.5 13 260 M M 0 15 260
6 29 7 18 0 47 0 0.00 M M 5.5 10 110 M M 0 11 110
7 38 6 22 4 43 0 0.00 M M 5.9 15 260 M M 0 17 240
8 36 12 24 6 41 0 0.00 M M 4.4 18 220 M M 0 25 230
9 40 18 29 11 36 0 0.00 M M 8.6 17 250 M M 1 19 250
10 38 14 26 8 39 0 0.00 M M 6.6 16 270 M M 2 1 17 260
11 26 9 18 0 47 0 T M M 4.6 10 320 M M 10 128 13 310
12 34 5 20 2 45 0 0.00 M M 5.1 18 200 M M 2 12 22 200
13 46 20 33 15 32 0 0.00 M M 4.8 17 200 M M 0 20 200
14 45 22 34 16 31 0 T M M 7.2 20 250 M M 1 24 250
15 39 20 30 12 35 0 0.00 M M 5.2 16 220 M M 1 1 20 220
16 28 22 25 7 40 0 T M M 4.3 13 90 M M 10 12 15 80
17 30 23 27 9 38 0 T M M 3.7 8 90 M M 10 12 9 110
18 32 17 25 7 40 0 0.01 M M 2.9 10 250 M M 10 12 12 260
19 34 10 22 4 43 0 0.00 M M 6.2 15 250 M M 4 128 17 260
20 30 16 23 5 42 0 0.00 M M 10.2 18 270 M M 5 1 21 270
21 33 19 26 8 39 0 0.00 M M 8.5 16 290 M M 3 19 250
22 38 12 25 7 40 0 0.01 M M 8.2 23 320 M M 6 1 30 290
23 33 19 26 8 39 0 T M M 14.3 25 310 M M 4 1 35 300
24 33 24 29 11 36 0 T M M 15.8 26 290 M M 8 1 33 310
25 31 21 26 8 39 0 0.02 M M 13.8 25 300 M M 10 1 33 300
26 38 19 29 11 36 0 0.04 M M 20.9 38 320 M M 10 12 50 320
27 32 14 23 5 42 0 0.01 M M 9.9 31 320 M M 10 168 38 320
28 14 -6 4 -14 61 0 T M M 11.5 20 10 M M 8 23 10
29 3 -11 -4 -22 69 0 T M M 13.6 28 310 M M 6 18 33 300
30 9 -11 -1 -19 66 0 T M M 14.1 24 260 M M 4 18 27 260
31 22 3 13 -5 52 0 0.00 M M 14.5 21 270 M M 6 25 260
================================================================================
SM 964 351 1352 0 0.09 M 245.9 M 141
================================================================================
AV 31.1 11.3 7.9 FASTST M M 5 MAX(MPH)
MISC ----> 38 320 50 320
================================================================================
NOTES:
# LAST OF SEVERAL OCCURRENCES
COLUMN 17 PEAK WIND IN M.P.H.
PRELIMINARY LOCAL CLIMATOLOGICAL DATA (WS FORM: F-6) , PAGE 2
STATION: BAKER MT
MONTH: JANUARY
YEAR: 2023
LATITUDE: 46 20 N
LONGITUDE: 104 15 W
[TEMPERATURE DATA] [PRECIPITATION DATA] SYMBOLS USED IN COLUMN 16
AVERAGE MONTHLY: 21.2 TOTAL FOR MONTH: 0.09 1 = FOG OR MIST
DPTR FM NORMAL: 3.5 DPTR FM NORMAL: -0.13 2 = FOG REDUCING VISIBILITY
HIGHEST: 46 ON 13 GRTST 24HR 0.20 ON 26-27 TO 1/4 MILE OR LESS
LOWEST: -11 ON 30,29 3 = THUNDER
SNOW, ICE PELLETS, HAIL 4 = ICE PELLETS
TOTAL MONTH: M 5 = HAIL
GRTST 24HR M ON M 6 = FREEZING RAIN OR DRIZZLE
GRTST DEPTH: M ON M 7 = DUSTSTORM OR SANDSTORM:
VSBY 1/2 MILE OR LESS
8 = SMOKE OR HAZE
[NO. OF DAYS WITH] [WEATHER - DAYS WITH] 9 = BLOWING SNOW
X = TORNADO
MAX 32 OR BELOW: 16 0.01 INCH OR MORE: 5
MAX 90 OR ABOVE: 0 0.10 INCH OR MORE: 0
MIN 32 OR BELOW: 31 0.50 INCH OR MORE: 0
MIN 0 OR BELOW: 3 1.00 INCH OR MORE: 0
[HDD (BASE 65) ]
TOTAL THIS MO. 1352 CLEAR (SCALE 0-3) 13
DPTR FM NORMAL -116 PTCLDY (SCALE 4-7) 10
TOTAL FM JUL 1 4970 CLOUDY (SCALE 8-10) 8
DPTR FM NORMAL 153
[CDD (BASE 65) ]
TOTAL THIS MO. 0
DPTR FM NORMAL 0 [PRESSURE DATA]
TOTAL FM JAN 1 0 HIGHEST SLP 30.55 ON 28
DPTR FM NORMAL 0 LOWEST SLP 29.49 ON 15
[REMARKS]
#FINAL-01-23#