000
CXUS54 KBMX 011110
CF6BHM
PRELIMINARY LOCAL CLIMATOLOGICAL DATA (WS FORM: F-6)
STATION: BIRMINGHAM
MONTH: MARCH
YEAR: 2020
LATITUDE: 33 34 N
LONGITUDE: 86 45 W
TEMPERATURE IN F: :PCPN: SNOW: WIND :SUNSHINE: SKY :PK WND
================================================================================
1 2 3 4 5 6A 6B 7 8 9 10 11 12 13 14 15 16 17 18
12Z AVG MX 2MIN
DY MAX MIN AVG DEP HDD CDD WTR SNW DPTH SPD SPD DIR MIN PSBL S-S WX SPD DR
================================================================================
1 67 40 54 3 11 0 0.00 0.0 0 7.9 20 200 M M 5 24 220
2 64 53 59 7 6 0 1.62 0.0 0 6.0 23 180 M M 9 13 30 190
3 73 59 66 14 0 1 0.33 0.0 0 9.0 21 210 M M 9 13 27 210
4 60 52 56 4 9 0 1.52 0.0 0 3.8 17 110 M M 10 13 25 120
5 56 44 50 -2 15 0 1.09 0.0 0 5.0 17 360 M M 8 123 20 360
6 60 38 49 -4 16 0 0.00 0.0 0 10.8 26 330 M M 1 12 33 320
7 61 30 46 -7 19 0 0.00 0.0 0 4.9 13 340 M M 2 18 10
8 67 41 54 1 11 0 0.00 0.0 0 6.0 17 180 M M 5 22 170
9 70 47 59 5 6 0 0.00 0.0 0 9.9 23 190 M M 8 28 190
10 70 56 63 9 2 0 0.24 0.0 0 9.7 18 190 M M 8 1 22 210
11 72 62 67 13 0 2 0.19 0.0 0 6.8 22 190 M M 9 13 26 190
12 81 63 72 18 0 7 T 0.0 0 11.9 24 200 M M 7 32 210
13 70 58 64 9 1 0 0.23 0.0 0 5.4 16 200 M M 10 1 20 210
14 80 57 69 14 0 4 0.00 0.0 0 5.5 16 10 M M 8 20 360
15 67 51 59 4 6 0 0.18 0.0 0 6.1 16 360 M M 10 1 22 20
16 76 51 64 9 1 0 0.00 0.0 0 4.0 10 60 M M 10 1 13 60
17 77 61 69 13 0 4 0.00 0.0 0 3.5 10 320 M M 7 18 13 140
18 78 60 69 13 0 4 0.00 0.0 0 8.5 23 210 M M 5 28 210
19 80 66 73 17 0 8 0.02 0.0 0 10.4 23 190 M M 7 28 190
20 82 63 73 17 0 8 0.09 0.0 0 10.0 28 320 M M 8 1 36 310
21 63 48 56 0 9 0 0.06 M 0 7.8 16 350 M M 9 1 18 10
22 68 46 57 0 8 0 0.04 0.0 0 5.6 17 340 M M 7 1 19 350
23 70 62 66 9 0 1 1.89 0.0 0 7.0 17 200 M M 10 138 22 200
24 80 62 71 14 0 6 0.84 0.0 0 10.8 23 210 M M 9 13 29 200
25 73 53 63 6 2 0 0.04 0.0 0 5.1 14 330 M M 4 1 20 310
26 84 53 69 11 0 4 0.00 0.0 0 5.9 17 200 M M 3 22 210
27 84 67 76 18 0 11 0.00 0.0 0 8.4 20 200 M M 6 26 200
28 84 68 76 18 0 11 0.00 0.0 0 13.1 21 200 M M 8 30 190
29 77 63 70 12 0 5 0.20 0.0 0 8.5 24 270 M M 8 1 30 260
30 74 55 65 7 0 0 T 0.0 0 5.5 15 40 M M 9 19 30
31 62 45 54 -5 11 0 0.62 0.0 0 9.0 33 300 M M 8 1 45 290
================================================================================
SM 2230 1674 133 76 9.20 0.0 231.8 M 227
================================================================================
AV 71.9 54.0 7.5 FASTST M M 7 MAX(MPH)
MISC ----> # 33 300 # 45 290
================================================================================
NOTES:
# LAST OF SEVERAL OCCURRENCES
COLUMN 17 PEAK WIND IN M.P.H.
PRELIMINARY LOCAL CLIMATOLOGICAL DATA (WS FORM: F-6) , PAGE 2
STATION: BIRMINGHAM
MONTH: MARCH
YEAR: 2020
LATITUDE: 33 34 N
LONGITUDE: 86 45 W
[TEMPERATURE DATA] [PRECIPITATION DATA] SYMBOLS USED IN COLUMN 16
AVERAGE MONTHLY: 63.0 TOTAL FOR MONTH: 9.20 1 = FOG OR MIST
DPTR FM NORMAL: 7.8 DPTR FM NORMAL: 3.97 2 = FOG REDUCING VISIBILITY
HIGHEST: 84 ON 28,27 GRTST 24HR 1.89 ON 23-23 TO 1/4 MILE OR LESS
LOWEST: 30 ON 7 3 = THUNDER
SNOW, ICE PELLETS, HAIL 4 = ICE PELLETS
TOTAL MONTH: 0.0 INCH 5 = HAIL
GRTST 24HR 0.0 6 = FREEZING RAIN OR DRIZZLE
GRTST DEPTH: 0 7 = DUSTSTORM OR SANDSTORM:
VSBY 1/2 MILE OR LESS
8 = SMOKE OR HAZE
[NO. OF DAYS WITH] [WEATHER - DAYS WITH] 9 = BLOWING SNOW
X = TORNADO
MAX 32 OR BELOW: 0 0.01 INCH OR MORE: 17
MAX 90 OR ABOVE: 0 0.10 INCH OR MORE: 12
MIN 32 OR BELOW: 1 0.50 INCH OR MORE: 6
MIN 0 OR BELOW: 0 1.00 INCH OR MORE: 4
[HDD (BASE 65) ]
TOTAL THIS MO. 133 CLEAR (SCALE 0-3) 3
DPTR FM NORMAL -189 PTCLDY (SCALE 4-7) 14
TOTAL FM JUL 1 1935 CLOUDY (SCALE 8-10) 14
DPTR FM NORMAL -577
[CDD (BASE 65) ]
TOTAL THIS MO. 76
DPTR FM NORMAL 58 [PRESSURE DATA]
TOTAL FM JAN 1 80 HIGHEST SLP 30.58 ON 8
DPTR FM NORMAL 58 LOWEST SLP 29.68 ON 31
[REMARKS]
#FINAL-03-20#