000
CXUS54 KBMX 281010
CF6BHM
PRELIMINARY LOCAL CLIMATOLOGICAL DATA (WS FORM: F-6)
STATION: BIRMINGHAM
MONTH: MARCH
YEAR: 2024
LATITUDE: 33 34 N
LONGITUDE: 86 45 W
TEMPERATURE IN F: :PCPN: SNOW: WIND :SUNSHINE: SKY :PK WND
================================================================================
1 2 3 4 5 6A 6B 7 8 9 10 11 12 13 14 15 16 17 18
12Z AVG MX 2MIN
DY MAX MIN AVG DEP HDD CDD WTR SNW DPTH SPD SPD DIR MIN PSBL S-S WX SPD DR
================================================================================
1 51 45 48 -4 17 0 0.85 0.0 0 7.2 21 90 M M 10 13 36 110
2 68 47 58 5 7 0 0.00 0.0 0 1.7 7 50 M M 6 18 8 40
3 71 51 61 8 4 0 0.00 0.0 0 3.9 12 200 M M 7 1 17 210
4 78 61 70 17 0 5 0.00 0.0 M 7.9 15 170 M M 8 18 22 140
5 69 62 66 13 0 1 0.13 0.0 0 6.1 13 100 M M 10 18 21 100
6 71 52 62 8 3 0 0.01 0.0 0 5.0 17 310 M M 7 1 25 320
7 77 46 62 8 3 0 0.00 0.0 0 1.8 9 80 M M 5 16 60
8 68 59 64 10 1 0 1.77 0.0 0 9.6 23 130 M M 10 13 37 120
9 68 49 59 5 6 0 T 0.0 M 10.5 22 340 M M 9 1 32 270
10 62 40 51 -4 14 0 0.00 0.0 0 8.9 18 320 M M 2 26 340
11 67 34 51 -4 14 0 0.00 0.0 0 2.2 10 350 M M 5 14 60
12 73 38 56 1 9 0 0.00 0.0 0 2.5 13 230 M M 5 16 220
13 75 46 61 6 4 0 0.00 0.0 0 2.5 13 210 M M 6 15 230
14 82 55 69 13 0 4 T 0.0 0 7.2 18 200 M M 4 18 25 190
15 72 59 66 10 0 1 0.61 0.0 0 6.5 30 320 M M 9 13 37 320
16 65 54 60 4 5 0 0.00 0.0 0 6.1 12 260 M M 8 1 16 250
17 65 52 59 3 6 0 0.03 0.0 0 4.2 10 290 M M 8 1 14 260
18 57 37 47 -10 18 0 0.00 0.0 0 10.4 25 320 M M 4 39 340
19 60 28 44 -13 21 0 0.00 0.0 0 4.7 14 270 M M 0 20 200
20 74 37 56 -1 9 0 0.00 0.0 0 3.5 15 260 M M 3 20 220
21 77 44 61 4 4 0 0.00 0.0 0 2.3 13 180 M M 6 8 21 90
22 66 56 61 3 4 0 0.03 0.0 0 7.0 17 90 M M 10 18 31 70
23 67 47 57 -1 8 0 T 0.0 0 12.3 24 350 M M 5 1 38 10
24 71 38 55 -3 10 0 0.00 0.0 0 8.2 18 110 M M 5 29 120
25 70 54 62 4 3 0 0.00 0.0 M 15.0 26 150 M M 9 43 150
26 72 49 61 3 4 0 1.62 M M 5.2 28 140 M M 7 138 42 120
27 69 47 58 -1 7 0 0.00 0.0 0 7.3 15 360 M M 5 21 360
================================================================================
SM 1865 1287 181 11 5.05 0.0 169.7 M 173
================================================================================
AV 69.1 47.7 6.3 FASTST M M 6 MAX(MPH)
MISC ----> 30 320 43 150
================================================================================
NOTES:
# LAST OF SEVERAL OCCURRENCES
COLUMN 17 PEAK WIND IN M.P.H.
PRELIMINARY LOCAL CLIMATOLOGICAL DATA (WS FORM: F-6) , PAGE 2
STATION: BIRMINGHAM
MONTH: MARCH
YEAR: 2024
LATITUDE: 33 34 N
LONGITUDE: 86 45 W
[TEMPERATURE DATA] [PRECIPITATION DATA] SYMBOLS USED IN COLUMN 16
AVERAGE MONTHLY: 58.4 TOTAL FOR MONTH: 5.05 1 = FOG OR MIST
DPTR FM NORMAL: 2.8 DPTR FM NORMAL: 0.07 2 = FOG REDUCING VISIBILITY
HIGHEST: 82 ON 14 GRTST 24HR 1.77 ON 8- 8 TO 1/4 MILE OR LESS
LOWEST: 28 ON 19 3 = THUNDER
SNOW, ICE PELLETS, HAIL 4 = ICE PELLETS
TOTAL MONTH: 0.0 INCH 5 = HAIL
GRTST 24HR 0.0 6 = FREEZING RAIN OR DRIZZLE
GRTST DEPTH: 0 7 = DUSTSTORM OR SANDSTORM:
VSBY 1/2 MILE OR LESS
8 = SMOKE OR HAZE
[NO. OF DAYS WITH] [WEATHER - DAYS WITH] 9 = BLOWING SNOW
X = TORNADO
MAX 32 OR BELOW: 0 0.01 INCH OR MORE: 8
MAX 90 OR ABOVE: 0 0.10 INCH OR MORE: 5
MIN 32 OR BELOW: 1 0.50 INCH OR MORE: 4
MIN 0 OR BELOW: 0 1.00 INCH OR MORE: 2
[HDD (BASE 65) ]
TOTAL THIS MO. 181 CLEAR (SCALE 0-3) 2
DPTR FM NORMAL -92 PTCLDY (SCALE 4-7) 18
TOTAL FM JUL 1 2038 CLOUDY (SCALE 8-10) 7
DPTR FM NORMAL -330
[CDD (BASE 65) ]
TOTAL THIS MO. 11
DPTR FM NORMAL -8 [PRESSURE DATA]
TOTAL FM JAN 1 17 HIGHEST SLP M ON M
DPTR FM NORMAL -8 LOWEST SLP 29.73 ON 8
[REMARKS]