000
CXUS55 KVEF 040736
CF6BIH
PRELIMINARY LOCAL CLIMATOLOGICAL DATA (WS FORM: F-6)
STATION: BISHOP CA
MONTH: DECEMBER
YEAR: 2021
LATITUDE: 37 22 N
LONGITUDE: 118 22 W
TEMPERATURE IN F: :PCPN: SNOW: WIND :SUNSHINE: SKY :PK WND
================================================================================
1 2 3 4 5 6A 6B 7 8 9 10 11 12 13 14 15 16 17 18
12Z AVG MX 2MIN
DY MAX MIN AVG DEP HDD CDD WTR SNW DPTH SPD SPD DIR MIN PSBL S-S WX SPD DR
================================================================================
1 74 29 52 12 13 0 0.00 0.0 0 5.3 13 280 M M 0 14 290
2 71 27 49 9 16 0 0.00 0.0 0 5.2 12 320 M M 0 12 320
3 72 30 51 11 14 0 0.00 0.0 0 4.7 12 300 M M 0 13 310
4 71 26 49 10 16 0 0.00 0.0 0 4.6 12 300 M M 0 13 330
5 73 36 55 16 10 0 0.00 0.0 0 10.4 21 10 M M 0 27 350
6 62 32 47 8 18 0 0.00 0.0 0 4.2 13 330 M M 3 14 330
7 62 36 49 10 16 0 T 0.0 0 7.0 21 340 M M 8 28 350
8 59 27 43 5 22 0 0.00 0.0 0 4.5 13 160 M M 0 16 170
9 56 35 46 8 19 0 T 0.0 0 11.7 33 350 M M 6 41 350
10 52 18 35 -3 30 0 0.00 0.0 0 5.3 17 320 M M 0 21 310
11 48 15 32 -6 33 0 0.00 0.0 0 4.0 12 160 M M 0 18 150
12 48 14 31 -7 34 0 0.00 0.0 0 5.3 10 280 M M 2 13 150
13 51 23 37 -1 28 0 0.49 0.0 0 16.3 36 150 M M 6 46 170
14 46 31 39 1 26 0 1.35 0.0 0 19.1 37 170 M M 7 1 47 170
15 43 23 33 -5 32 0 0.00 0.0 0 4.8 20 300 M M 1 24 300
16 49 22 36 -2 29 0 0.05 1.5 2 6.3 15 340 M M 4 12 19 340
17 53 23 38 0 27 0 0.00 0.0 T 6.6 13 290 M M 0 15 310
18 51 19 35 -3 30 0 0.00 0.0 0 4.6 9 330 M M 0 10 330
19 49 21 35 -3 30 0 0.00 0.0 0 4.0 10 330 M M 0 12 330
20 46 19 33 -5 32 0 0.00 0.0 0 4.3 10 300 M M 0 11 320
21 52 20 36 -2 29 0 0.00 0.0 0 3.5 9 270 M M 0 11 340
22 49 21 35 -3 30 0 0.01 0.0 0 4.4 10 160 M M 2 14 160
23 41 32 37 -1 28 0 1.46 0.0 0 4.6 13 290 M M 7 1 15 290
24 53 31 42 4 23 0 0.00 0.0 0 4.7 16 10 M M 4 1 20 360
25 53 24 39 1 26 0 0.33 0.5 1 10.9 24 170 M M 2 1 31 190
26 40 20 30 -8 35 0 0.01 T 1 5.8 22 250 M M 2 1 33 250
27 38 19 29 -9 36 0 T T 1 4.4 14 10 M M 5 16 10
28 41 20 31 -7 34 0 0.00 0.0 1 3.3 8 290 M M 4 9 200
29 32 22 27 -11 38 0 0.02 0.5 1 4.4 12 150 M M 7 1 15 170
30 36 24 30 -8 35 0 0.00 0.0 1 2.7 8 150 M M 9 10 160
31 43 27 35 -3 30 0 0.00 0.0 1 10.5 32 340 M M 3 40 340
================================================================================
SM 1614 766 819 0 3.72 2.5 197.4 M 82
================================================================================
AV 52.1 24.7 6.4 FASTST M M 3 MAX(MPH)
MISC ----> 37 170 47 170
================================================================================
NOTES:
# LAST OF SEVERAL OCCURRENCES
COLUMN 17 PEAK WIND IN M.P.H.
PRELIMINARY LOCAL CLIMATOLOGICAL DATA (WS FORM: F-6) , PAGE 2
STATION: BISHOP CA
MONTH: DECEMBER
YEAR: 2021
LATITUDE: 37 22 N
LONGITUDE: 118 22 W
[TEMPERATURE DATA] [PRECIPITATION DATA] SYMBOLS USED IN COLUMN 16
AVERAGE MONTHLY: 38.4 TOTAL FOR MONTH: 3.72 1 = FOG OR MIST
DPTR FM NORMAL: 0.1 DPTR FM NORMAL: 3.06 2 = FOG REDUCING VISIBILITY
HIGHEST: 74 ON 1 GRTST 24HR 1.84 ON 13-14 TO 1/4 MILE OR LESS
LOWEST: 14 ON 12 3 = THUNDER
SNOW, ICE PELLETS, HAIL 4 = ICE PELLETS
TOTAL MONTH: 2.5 INCHES 5 = HAIL
GRTST 24HR 1.5 ON 16-16 6 = FREEZING RAIN OR DRIZZLE
GRTST DEPTH: 1 ON 31 7 = DUSTSTORM OR SANDSTORM:
VSBY 1/2 MILE OR LESS
8 = SMOKE OR HAZE
[NO. OF DAYS WITH] [WEATHER - DAYS WITH] 9 = BLOWING SNOW
X = TORNADO
MAX 32 OR BELOW: 1 0.01 INCH OR MORE: 8
MAX 90 OR ABOVE: 0 0.10 INCH OR MORE: 4
MIN 32 OR BELOW: 28 0.50 INCH OR MORE: 2
MIN 0 OR BELOW: 0 1.00 INCH OR MORE: 2
[HDD (BASE 65) ]
TOTAL THIS MO. 819 CLEAR (SCALE 0-3) 20
DPTR FM NORMAL -8 PTCLDY (SCALE 4-7) 9
TOTAL FM JUL 1 1468 CLOUDY (SCALE 8-10) 2
DPTR FM NORMAL -216
[CDD (BASE 65) ]
TOTAL THIS MO. 0
DPTR FM NORMAL 0 [PRESSURE DATA]
TOTAL FM JAN 1 1597 HIGHEST SLP 30.37 ON 18
DPTR FM NORMAL 386 LOWEST SLP 29.49 ON 14
[REMARKS]
#FINAL-12-21#