151
CXUS55 KVEF 030117
CLABIH
CLIMATE REPORT
NATIONAL WEATHER SERVICE LAS VEGAS, NV
516 PM PST SAT JAN 2 2021
...................................
...THE BISHOP CA CLIMATE SUMMARY FOR THE YEAR OF 2020...
CLIMATE NORMAL PERIOD 1981 TO 2010
CLIMATE RECORD PERIOD 1943 TO 2020
WEATHER OBSERVED NORMAL DEPART LAST YEAR`S
VALUE DATE(S) VALUE FROM VALUE DATE(S)
NORMAL
................................................................
TEMPERATURE (F)
RECORD
HIGH 110 07/10/2002
LOW -8 12/22/1990
12/27/1988
HIGHEST 108 08/01 74 34 104 07/22
08/02
08/16
LOWEST 7 02/04 38 -31 8 11/30
AVG. MAXIMUM 79.1 75.0 4.1 73.5
AVG. MINIMUM 39.1 38.1 1.0 38.0
MEAN 59.1 56.6 2.5 55.7
DAYS MAX >= 90 134 99.9 34.1 99
DAYS MAX <= 32 0 0.4 -0.4 3
DAYS MIN <= 32 144 133.7 10.3 145
DAYS MIN <= 0 0 0.2 -0.2 0
PRECIPITATION (INCHES)
RECORD
MAXIMUM 17.09 1969
MINIMUM 0.80 1947
TOTALS 1.36 5.17 -3.81 8.26
DAILY AVG. T 0.01 -0.01 T
DAYS >= .01 13 27.6 -14.6 37
DAYS >= .10 7 12.3 -5.3 15
DAYS >= .50 0 2.7 -2.7 6
DAYS >= 1.00 0 0.6 -0.6 2
GREATEST
24 HR. TOTAL 0.20 12/28 TO 12/28 1.49 01/17 TO 01/17
03/16 TO 03/16
STORM TOTAL 0.20 MM
(MM/DD(HH)) 12/28(0) TO 2/28(13)
03/16(15) TO 03/16(21)
SNOWFALL (INCHES)
RECORDS
TOTAL 57.1 1969
24 HR TOTAL 18.0 01/24/1969 TO 01/25/1969
SNOW DEPTH 22 01/25/1969
TOTALS 1.5 8.0 -6.5 7.8
LIQUID EQUIV 0.20 MM MM 0.78
SINCE 7/1 1.5 1.5 0.0 MM
LIQUID 7/1 0.15 0.10 0.05 MM
SNOWDEPTH AVG. 0 0
DAYS >= TRACE 2 3.0 -1.0 11
DAYS >= 1.0 1 1.9 -0.9 2
GREATEST
SNOW DEPTH 2 12/28 5 11/27
24 HR TOTAL 1.5 12/28 TO 12/28 5.2 11/27 TO 11/27
STORM TOTAL 1.5 MM
(MM/DD(HH)) 12/28(0) TO 2/28(13)
DEGREE DAYS
HEATING TOTAL 3662 4178 -516 4313
SINCE 7/1 1440 1750 -310 MM
COOLING TOTAL 1598 1104 494 1078
SINCE 1/1 1598 1104 494 1078
FREEZE DATES
RECORD
EARLIEST 09/11/1952
LATEST 06/16/1944
EARLIEST 10/25
LATEST 05/20
................................................................
WIND (MPH)
AVERAGE WIND SPEED 8.2
RESULTANT WIND SPEED/DIRECTION 2/320
HIGHEST WIND SPEED/DIRECTION 44/200 DATE 08/18
HIGHEST GUST SPEED/DIRECTION 62/200 DATE 08/18
SKY COVER
POSSIBLE SUNSHINE (PERCENT) MM
AVERAGE SKY COVER 0.10
NUMBER OF DAYS FAIR 328
NUMBER OF DAYS PC 29
NUMBER OF DAYS CLOUDY 9
AVERAGE RH (PERCENT) 32
WEATHER CONDITIONS. NUMBER OF DAYS WITH
THUNDERSTORM 9 MIXED PRECIP 0
HEAVY RAIN 0 RAIN 3
LIGHT RAIN 24 FREEZING RAIN 0
LT FREEZING RAIN 0 HAIL 0
HEAVY SNOW 0 SNOW 0
LIGHT SNOW 4 SLEET 0
FOG 10 FOG W/VIS <= 1/4 MILE 0
HAZE 60
- INDICATES NEGATIVE NUMBERS.
R INDICATES RECORD WAS SET OR TIED.
MM INDICATES DATA IS MISSING.
T INDICATES TRACE AMOUNT.
$$