000
CXUS53 KBIS 101924
CF6BIS
PRELIMINARY LOCAL CLIMATOLOGICAL DATA (WS FORM: F-6)
STATION: BISMARCK ND
MONTH: JANUARY
YEAR: 2021
LATITUDE: 46 46 N
LONGITUDE: 100 45 W
TEMPERATURE IN F: :PCPN: SNOW: WIND :SUNSHINE: SKY :PK WND
================================================================================
1 2 3 4 5 6A 6B 7 8 9 10 11 12 13 14 15 16 17 18
12Z AVG MX 2MIN
DY MAX MIN AVG DEP HDD CDD WTR SNW DPTH SPD SPD DIR MIN PSBL S-S WX SPD DR
================================================================================
1 33 7 20 7 45 0 0.00 0.0 2 2.7 9 140 M M 3 12 10 140
2 42 8 25 12 40 0 0.00 0.0 2 3.7 10 190 M M 0 1 13 180
3 46 12 29 16 36 0 0.00 0.0 1 4.8 23 290 M M 1 1 33 280
4 45 19 32 19 33 0 0.00 0.0 1 9.8 24 290 M M 1 36 290
5 40 18 29 17 36 0 0.01 0.1 T 7.1 14 60 M M 5 4 18 50
6 35 28 32 20 33 0 0.02 0.2 T 5.1 12 360 M M 10 1 14 360
7 36 31 34 22 31 0 T 0.0 T 6.9 14 160 M M 10 1 17 170
8 34 32 33 21 32 0 T 0.0 T 1.5 6 110 M M 10 1 7 150
9 34 30 32 20 33 0 T 0.0 T 2.3 7 310 M M 10 1 9 360
10 41 24 33 21 32 0 0.00 0.0 T 8.8 18 220 M M 6 1 24 220
11 43 25 34 22 31 0 0.00 0.0 T 6.3 17 290 M M 0 24 310
12 52 24 38 26 27 0 0.00 0.0 T 5.3 18 290 M M 1 25 280
13 49 31 40 28 25 0 0.10 0.0 0 7.8 30 290 M M 4 1 43 310
14 40 29 35 23 30 0 0.01 0.1 0 30.8 48 310 M M 7 1 71 310
15 29 21 25 13 40 0 T T T 16.4 35 330 M M 10 1 49 320
16 43 20 32 20 33 0 0.00 0.0 T 10.4 25 310 M M 5 1 36 310
17 35 24 30 18 35 0 T T 0 8.4 21 310 M M 5 29 320
18 30 23 27 15 38 0 0.08 1.0 1 7.1 21 340 M M 10 1 28 330
19 33 14 24 11 41 0 0.02 0.5 2 12.8 36 320 M M 7 1 50 320
20 42 29 36 23 29 0 0.00 0.0 2 19.3 36 290 M M 0 53 290
21 33 16 25 12 40 0 T T T 13.1 26 330 M M 7 38 320
22 30 15 23 10 42 0 T T T 6.2 15 280 M M 8 19 310
23 35 9 22 9 43 0 T T T 5.8 18 340 M M 5 25 10
24 23 -1 11 -2 54 0 T T T 9.5 18 120 M M 6 24 130
25 17 6 12 -1 53 0 0.03 0.8 T 10.5 15 80 M M 10 1 19 80
26 6 2 4 -9 61 0 T 0.3 1 8.5 15 90 M M 10 19 90
27 19 4 12 -2 53 0 0.02 1.2 1 11.5 16 70 M M 10 1 20 100
28 22 5 14 0 51 0 T T 2 7.4 15 80 M M 3 18 80
29 26 11 19 5 46 0 T 0.0 1 11.0 20 150 M M 9 1 25 130
30 26 22 24 10 41 0 T 0.0 1 8.1 16 340 M M 10 1 23 320
31 23 18 21 7 44 0 0.00 0.0 1 5.8 12 310 M M 10 18 15 310
================================================================================
SM 1042 556 1208 0 0.29 4.2 274.7 M 193
================================================================================
AV 33.6 17.9 8.9 FASTST M M 6 MAX(MPH)
MISC ----> 48 310 71 310
================================================================================
NOTES:
# LAST OF SEVERAL OCCURRENCES
COLUMN 17 PEAK WIND IN M.P.H.
PRELIMINARY LOCAL CLIMATOLOGICAL DATA (WS FORM: F-6) , PAGE 2
STATION: BISMARCK ND
MONTH: JANUARY
YEAR: 2021
LATITUDE: 46 46 N
LONGITUDE: 100 45 W
[TEMPERATURE DATA] [PRECIPITATION DATA] SYMBOLS USED IN COLUMN 16
AVERAGE MONTHLY: 25.8 TOTAL FOR MONTH: 0.29 1 = FOG OR MIST
DPTR FM NORMAL: 13.0 DPTR FM NORMAL: -0.14 2 = FOG REDUCING VISIBILITY
HIGHEST: 52 ON 12 GRTST 24HR 0.10 ON 13-13 TO 1/4 MILE OR LESS
LOWEST: -1 ON 24 3 = THUNDER
SNOW, ICE PELLETS, HAIL 4 = ICE PELLETS
TOTAL MONTH: 4.2 INCHES 5 = HAIL
GRTST 24HR 1.2 ON 27-27 6 = FREEZING RAIN OR DRIZZLE
GRTST DEPTH: 2 ON 28,20 7 = DUSTSTORM OR SANDSTORM:
VSBY 1/2 MILE OR LESS
8 = SMOKE OR HAZE
[NO. OF DAYS WITH] [WEATHER - DAYS WITH] 9 = BLOWING SNOW
X = TORNADO
MAX 32 OR BELOW: 11 0.01 INCH OR MORE: 8
MAX 90 OR ABOVE: 0 0.10 INCH OR MORE: 1
MIN 32 OR BELOW: 31 0.50 INCH OR MORE: 0
MIN 0 OR BELOW: 1 1.00 INCH OR MORE: 0
[HDD (BASE 65) ]
TOTAL THIS MO. 1208 CLEAR (SCALE 0-3) 7
DPTR FM NORMAL -410 PTCLDY (SCALE 4-7) 12
TOTAL FM JUL 1 4229 CLOUDY (SCALE 8-10) 12
DPTR FM NORMAL -891
[CDD (BASE 65) ]
TOTAL THIS MO. 0
DPTR FM NORMAL 0 [PRESSURE DATA]
TOTAL FM JAN 1 0 HIGHEST SLP 30.48 ON 9
DPTR FM NORMAL 0 LOWEST SLP 29.45 ON 13
[REMARKS]
#FINAL-01-21#