000
CXUS53 KGRR 011010
CF6BIV
PRELIMINARY LOCAL CLIMATOLOGICAL DATA (WS FORM: F-6)
STATION: HOLLAND
MONTH: NOVEMBER
YEAR: 2020
LATITUDE: 42 49 N
LONGITUDE: 86 10 W
TEMPERATURE IN F: :PCPN: SNOW: WIND :SUNSHINE: SKY :PK WND
================================================================================
1 2 3 4 5 6A 6B 7 8 9 10 11 12 13 14 15 16 17 18
12Z AVG MX 2MIN
DY MAX MIN AVG DEP HDD CDD WTR SNW DPTH SPD SPD DIR MIN PSBL S-S WX SPD DR
================================================================================
1 53 33 43 -4 22 0 0.08 M M 18.1 29 310 M M 10 51 300
2 48 32 40 -7 25 0 0.00 M M 15.0 25 250 M M 2 38 250
3 62 37 50 3 15 0 0.00 M M 10.5 25 220 M M 0 40 210
4 73 50 62 16 3 0 0.00 M M 15.0 25 210 M M 0 38 210
5 63 54 59 13 6 0 0.00 M M 14.4 23 230 M M 0 34 230
6 68 52 60 14 5 0 0.00 M M 10.4 21 220 M M 0 34 220
7 70 51 61 16 4 0 0.00 M M 11.8 23 220 M M 0 30 210
8 75 49 62 17 3 0 0.00 M M 7.0 14 200 M M 3 19 190
9 77 60 69 25 0 4 0.00 M M 10.5 24 220 M M 2 31 210
10 73 55 64 20 1 0 0.70 M M 18.3 33 270 M M 9 138 46 270
11 54 33 44 0 21 0 T M M 11.5 33 260 M M 8 45 250
12 53 29 41 -2 24 0 0.00 M M 5.1 10 190 M M 1 1 15 180
13 44 27 36 -7 29 0 0.08 M M 7.6 18 330 M M 9 1 28 280
14 45 25 35 -7 30 0 0.28 M M 12.4 24 150 M M 4 1 34 140
15 54 38 46 4 19 0 0.38 M M 22.9 39 260 M M 10 138 56 260
16 41 35 38 -4 27 0 T M M 11.7 24 280 M M 9 36 280
17 39 26 33 -8 32 0 T M M 10.4 21 310 M M 8 37 320
18 49 26 38 -3 27 0 0.00 M M 8.8 20 170 M M 3 29 160
19 63 41 52 12 13 0 0.00 M M 22.6 33 220 M M 0 49 220
20 59 40 50 10 15 0 0.00 M M 13.6 30 230 M M 1 48 230
21 46 35 41 1 24 0 0.00 M M 2.9 10 280 M M 2 13 270
22 43 34 39 0 26 0 0.02 M M 4.5 12 280 M M 7 1 18 290
23 45 26 36 -3 29 0 0.00 M M 7.9 22 310 M M 7 32 340
24 39 24 32 -6 33 0 0.26 M M 8.1 12 130 M M 8 1 17 120
25 45 39 42 4 23 0 0.30 M M 6.4 12 100 M M 10 1 16 100
26 46 42 44 6 21 0 T M M 10.6 20 250 M M 10 1 28 250
27 46 37 42 5 23 0 0.00 M M 7.5 15 300 M M 10 23 290
28 46 30 38 1 27 0 0.00 M M 11.1 23 240 M M 0 30 210
29 48 40 44 8 21 0 0.00 M M 13.6 22 240 M M 2 30 220
30 40 32 36 0 29 0 T M M 10.7 20 350 M M 10 32 360
================================================================================
SM 1607 1132 577 4 2.10 M 340.9 M 145
================================================================================
AV 53.6 37.7 11.4 FASTST M M 5 MAX(MPH)
MISC ----> 39 260 56 260
================================================================================
NOTES:
# LAST OF SEVERAL OCCURRENCES
COLUMN 17 PEAK WIND IN M.P.H.
PRELIMINARY LOCAL CLIMATOLOGICAL DATA (WS FORM: F-6) , PAGE 2
STATION: HOLLAND
MONTH: NOVEMBER
YEAR: 2020
LATITUDE: 42 49 N
LONGITUDE: 86 10 W
[TEMPERATURE DATA] [PRECIPITATION DATA] SYMBOLS USED IN COLUMN 16
AVERAGE MONTHLY: 45.7 TOTAL FOR MONTH: 2.10 1 = FOG OR MIST
DPTR FM NORMAL: 4.0 DPTR FM NORMAL: -1.36 2 = FOG REDUCING VISIBILITY
HIGHEST: 77 ON 9 GRTST 24HR 0.70 ON 10-10 TO 1/4 MILE OR LESS
LOWEST: 24 ON 24 3 = THUNDER
SNOW, ICE PELLETS, HAIL 4 = ICE PELLETS
TOTAL MONTH: M 5 = HAIL
GRTST 24HR M ON M 6 = FREEZING RAIN OR DRIZZLE
GRTST DEPTH: M ON M 7 = DUSTSTORM OR SANDSTORM:
VSBY 1/2 MILE OR LESS
8 = SMOKE OR HAZE
[NO. OF DAYS WITH] [WEATHER - DAYS WITH] 9 = BLOWING SNOW
X = TORNADO
MAX 32 OR BELOW: 0 0.01 INCH OR MORE: 8
MAX 90 OR ABOVE: 0 0.10 INCH OR MORE: 5
MIN 32 OR BELOW: 10 0.50 INCH OR MORE: 1
MIN 0 OR BELOW: 0 1.00 INCH OR MORE: 0
[HDD (BASE 65) ]
TOTAL THIS MO. 577 CLEAR (SCALE 0-3) 14
DPTR FM NORMAL -121 PTCLDY (SCALE 4-7) 7
TOTAL FM JUL 1 1192 CLOUDY (SCALE 8-10) 9
DPTR FM NORMAL -30
[CDD (BASE 65) ]
TOTAL THIS MO. 4
DPTR FM NORMAL 4 [PRESSURE DATA]
TOTAL FM JAN 1 796 HIGHEST SLP 30.57 ON 21
DPTR FM NORMAL 103 LOWEST SLP 29.23 ON 15
[REMARKS]
#FINAL-11-20#