000
CDUS43 KGRR 270519
CLIBIV


CLIMATE REPORT
NATIONAL WEATHER SERVICE GRAND RAPIDS, MI
119 AM EDT SUN MAY 27 2018


...................................

...THE HOLLAND/TULIP CITY MI CLIMATE SUMMARY FOR MAY 26 2018...

CLIMATE NORMAL PERIOD 1981 TO 2010
CLIMATE RECORD PERIOD 1996 TO 2018


WEATHER ITEM   OBSERVED TIME   NORMAL DEPARTURE LAST
                VALUE   (LST)  VALUE  FROM      YEAR
                                      NORMAL
......................................................
TEMPERATURE (F)
 YESTERDAY
  MAXIMUM         80    549 PM  72      8       71
  MINIMUM         63   1146 PM  52     11       47
  AVERAGE         72            62     10       59

PRECIPITATION (IN)
  YESTERDAY        0.05          0.09  -0.04     0.04
  MONTH TO DATE    5.37          2.76   2.61     1.59
  SINCE MAR 1      8.95          8.28   0.67    10.47
  SINCE JAN 1     14.57         12.17   2.40    15.13

DEGREE DAYS
 HEATING
  YESTERDAY        0             5     -5        6
  MONTH TO DATE  118           210    -92      256
  SINCE MAR 1   1807          1589    218     1551
  SINCE JUL 1   6314          6089    225     5413

 COOLING
  YESTERDAY        7             2      5        0
  MONTH TO DATE   30            26      4       21
  SINCE MAR 1     30            30      0       29
  SINCE JAN 1     30            30      0       29
......................................................


WIND (MPH)
  RESULTANT WIND SPEED   7   RESULTANT WIND DIRECTION   W (250)
  HIGHEST WIND SPEED    21   HIGHEST WIND DIRECTION    SW (240)
  HIGHEST GUST SPEED    26   HIGHEST GUST DIRECTION     W (250)
  AVERAGE WIND SPEED     6.9


SKY COVER
  AVERAGE SKY COVER 0.2


WEATHER CONDITIONS
 THE FOLLOWING WEATHER WAS RECORDED YESTERDAY.
  LIGHT RAIN
  FOG


RELATIVE HUMIDITY (PERCENT)
 HIGHEST    93          1100 PM
 LOWEST     51           500 PM
 AVERAGE    72

..........................................................


THE HOLLAND/TULIP CITY MI CLIMATE NORMALS FOR TODAY
                         NORMAL
 MAXIMUM TEMPERATURE (F)   72
 MINIMUM TEMPERATURE (F)   52


SUNRISE AND SUNSET
MAY 27 2018...........SUNRISE   612 AM EDT   SUNSET   912 PM EDT
MAY 28 2018...........SUNRISE   611 AM EDT   SUNSET   913 PM EDT


-  INDICATES NEGATIVE NUMBERS.
R  INDICATES RECORD WAS SET OR TIED.
MM INDICATES DATA IS MISSING.
T  INDICATES TRACE AMOUNT.




$$
